000
CDUS43 KTOP 060634
CLICNK


CLIMATE REPORT
NATIONAL WEATHER SERVICE TOPEKA KS
133 AM CDT SUN JUL 6 2014


...................................

...THE CONCORDIA KS CLIMATE SUMMARY FOR JULY 5 2014...

CLIMATE NORMAL PERIOD 1981 TO 2010
CLIMATE RECORD PERIOD 1885 TO 2014


WEATHER ITEM   OBSERVED TIME   RECORD YEAR NORMAL DEPARTURE LAST
                VALUE   (LST)  VALUE       VALUE  FROM      YEAR
                                                  NORMAL
..................................................................
TEMPERATURE (F)
 YESTERDAY
  MAXIMUM         96    454 PM 108    1937  90      6       92
  MINIMUM         73    151 AM  48    1972  67      6       69
  AVERAGE         85                        79      6       81

PRECIPITATION (IN)
  YESTERDAY        0.00          2.20 1993   0.14  -0.14     0.00
  MONTH TO DATE    0.00                      0.70  -0.70      T
  SINCE JUN 1      6.70                      4.75   1.95     1.28
  SINCE JAN 1     12.53                     14.74  -2.21    12.67

SNOWFALL (IN)
  YESTERDAY        0.0           0.0    MM   0.0    0.0      0.0
  MONTH TO DATE    0.0                       0.0    0.0      0.0
  SINCE JAN 1     16.9                      13.7    3.2     20.3
  SINCE JUL 1      0.0                       0.0    0.0      0.0
  SNOW DEPTH       0

DEGREE DAYS
 HEATING
  YESTERDAY        0                         0      0        0
  MONTH TO DATE    0                         0      0        0
  SINCE JUN 1      1                        13    -12       15
  SINCE JUL 1      0                         0      0        0

 COOLING
  YESTERDAY       20                        14      6       16
  MONTH TO DATE   47                        66    -19       39
  SINCE JUN 1    334                       331      3      335
  SINCE JAN 1    509                       420     89      438
..................................................................


WIND (MPH)
  HIGHEST WIND SPEED    25   HIGHEST WIND DIRECTION     S (190)
  HIGHEST GUST SPEED    33   HIGHEST GUST DIRECTION     S (200)
  AVERAGE WIND SPEED    14.8


SKY COVER
  AVERAGE SKY COVER 0.1


WEATHER CONDITIONS
 THE FOLLOWING WEATHER WAS RECORDED YESTERDAY.
  NO SIGNIFICANT WEATHER WAS OBSERVED.


RELATIVE HUMIDITY (PERCENT)
 HIGHEST    87           600 AM
 LOWEST     31           500 PM
 AVERAGE    59

..........................................................


THE CONCORDIA KS CLIMATE NORMALS FOR TODAY
                         NORMAL    RECORD    YEAR
 MAXIMUM TEMPERATURE (F)   91       108      1991
                                             1964
 MINIMUM TEMPERATURE (F)   67        50      1908


SUNRISE AND SUNSET
JULY  6 2014..........SUNRISE   610 AM CDT   SUNSET   901 PM CDT
JULY  7 2014..........SUNRISE   610 AM CDT   SUNSET   901 PM CDT


-  INDICATES NEGATIVE NUMBERS.
R  INDICATES RECORD WAS SET OR TIED.
MM INDICATES DATA IS MISSING.
T  INDICATES TRACE AMOUNT.




$$
