000
CDUS43 KTOP 120631
CLICNK


CLIMATE REPORT
NATIONAL WEATHER SERVICE TOPEKA KS
131 AM CDT SAT APR 12 2014


...................................

...THE CONCORDIA KS CLIMATE SUMMARY FOR APRIL 11 2014...

CLIMATE NORMAL PERIOD 1981 TO 2010
CLIMATE RECORD PERIOD 1885 TO 2014


WEATHER ITEM   OBSERVED TIME   RECORD YEAR NORMAL DEPARTURE LAST
                VALUE   (LST)  VALUE       VALUE  FROM      YEAR
                                                  NORMAL
..................................................................
TEMPERATURE (F)
 YESTERDAY
  MAXIMUM         78    443 PM  92    1890  64     14       41
  MINIMUM         44    614 AM  22    1997  40      4       25
  AVERAGE         61                        52      9       33

PRECIPITATION (IN)
  YESTERDAY        0.00          1.28 1889   0.08  -0.08     0.00
  MONTH TO DATE    0.53                      0.83  -0.30     0.63
  SINCE MAR 1      0.76                      2.84  -2.08     1.52
  SINCE JAN 1      1.95                      4.21  -2.26     3.00

SNOWFALL (IN)
  YESTERDAY        0.0           7.8  1997   0.0    0.0      0.0
  MONTH TO DATE    T                         0.4   -0.4       T
  SINCE JAN 1     16.9                      13.6    3.3     17.9
  SINCE JUL 1     23.2                      20.1    3.1     26.4
  SNOW DEPTH       0

DEGREE DAYS
 HEATING
  YESTERDAY        4                        14    -10       32
  MONTH TO DATE  169                       168      1      196
  SINCE MAR 1    965                       852    113     1013
  SINCE JUL 1   5447                      5059    388     5032

 COOLING
  YESTERDAY        0                         0      0        0
  MONTH TO DATE    1                         0      1        0
  SINCE MAR 1      1                         1      0        0
  SINCE JAN 1      1                         1      0        0
..................................................................


WIND (MPH)
  HIGHEST WIND SPEED    21   HIGHEST WIND DIRECTION     S (180)
  HIGHEST GUST SPEED    26   HIGHEST GUST DIRECTION     S (170)
  AVERAGE WIND SPEED     9.1


SKY COVER
  AVERAGE SKY COVER 0.1


WEATHER CONDITIONS
 THE FOLLOWING WEATHER WAS RECORDED YESTERDAY.
  HAZE


RELATIVE HUMIDITY (PERCENT)
 HIGHEST    53           200 AM
 LOWEST     18           200 PM
 AVERAGE    36

..........................................................


THE CONCORDIA KS CLIMATE NORMALS FOR TODAY
                         NORMAL    RECORD    YEAR
 MAXIMUM TEMPERATURE (F)   64        87      1899
 MINIMUM TEMPERATURE (F)   40        19      1940


SUNRISE AND SUNSET
APRIL 12 2014.........SUNRISE   658 AM CDT   SUNSET   806 PM CDT
APRIL 13 2014.........SUNRISE   656 AM CDT   SUNSET   807 PM CDT


-  INDICATES NEGATIVE NUMBERS.
R  INDICATES RECORD WAS SET OR TIED.
MM INDICATES DATA IS MISSING.
T  INDICATES TRACE AMOUNT.




$$
