000
CDUS43 KTOP 200633
CLICNK


CLIMATE REPORT
NATIONAL WEATHER SERVICE TOPEKA KS
133 AM CDT TUE JUN 20 2017


...................................

...THE CONCORDIA KS CLIMATE SUMMARY FOR JUNE 19 2017...

CLIMATE NORMAL PERIOD 1981 TO 2010
CLIMATE RECORD PERIOD 1885 TO 2017


WEATHER ITEM   OBSERVED TIME   RECORD YEAR NORMAL DEPARTURE LAST
                VALUE   (LST)  VALUE       VALUE  FROM      YEAR
                                                  NORMAL
..................................................................
TEMPERATURE (F)
 YESTERDAY
  MAXIMUM         92    446 PM 108    1936  86      6       95
  MINIMUM         65    231 AM  47    1976  63      2       66
  AVERAGE         79                        75      4       81

PRECIPITATION (IN)
  YESTERDAY        0.00          2.46 2010   0.13  -0.13     0.00
  MONTH TO DATE    0.68                      2.52  -1.84     0.06
  SINCE JUN 1      0.68                      2.52  -1.84     0.06
  SINCE JAN 1     19.06                     12.51   6.55    12.23

SNOWFALL (IN)
  YESTERDAY        0.0           T    1979   0.0    0.0      0.0
  MONTH TO DATE    0.0                       0.0    0.0      0.0
  SINCE JAN 1      2.1                      13.7  -11.6     12.3
  SINCE JUL 1      4.3                      20.2  -15.9     13.6
  SNOW DEPTH       0

DEGREE DAYS
 HEATING
  YESTERDAY        0                         0      0        0
  MONTH TO DATE    0                        11    -11        0
  SINCE JUN 1      0                        11    -11        0
  SINCE JUL 1   4564                      5406   -842     4364

 COOLING
  YESTERDAY       14                        10      4       16
  MONTH TO DATE  223                       139     84      244
  SINCE JUN 1    223                       139     84      244
  SINCE JAN 1    301                       228     73      304
..................................................................


WIND (MPH)
  HIGHEST WIND SPEED    16   HIGHEST WIND DIRECTION     N (340)
  HIGHEST GUST SPEED    21   HIGHEST GUST DIRECTION     W (280)
  AVERAGE WIND SPEED     6.9


SKY COVER
  AVERAGE SKY COVER 0.2


WEATHER CONDITIONS
 THE FOLLOWING WEATHER WAS RECORDED YESTERDAY.
  NO SIGNIFICANT WEATHER WAS OBSERVED.


RELATIVE HUMIDITY (PERCENT)
 HIGHEST    68           300 AM
 LOWEST     25           500 PM
 AVERAGE    47

..........................................................


THE CONCORDIA KS CLIMATE NORMALS FOR TODAY
                         NORMAL    RECORD    YEAR
 MAXIMUM TEMPERATURE (F)   87       106      1988
 MINIMUM TEMPERATURE (F)   63        48      1946


SUNRISE AND SUNSET
JUNE 20 2017..........SUNRISE   603 AM CDT   SUNSET   901 PM CDT
JUNE 21 2017..........SUNRISE   603 AM CDT   SUNSET   901 PM CDT


-  INDICATES NEGATIVE NUMBERS.
R  INDICATES RECORD WAS SET OR TIED.
MM INDICATES DATA IS MISSING.
T  INDICATES TRACE AMOUNT.




$$
