000
CDUS43 KTOP 210631
CLICNK


CLIMATE REPORT
NATIONAL WEATHER SERVICE TOPEKA KS
131 AM CDT SAT MAY 21 2016


...................................

...THE CONCORDIA KS CLIMATE SUMMARY FOR MAY 20 2016...

CLIMATE NORMAL PERIOD 1981 TO 2010
CLIMATE RECORD PERIOD 1885 TO 2016


WEATHER ITEM   OBSERVED TIME   RECORD YEAR NORMAL DEPARTURE LAST
                VALUE   (LST)  VALUE       VALUE  FROM      YEAR
                                                  NORMAL
..................................................................
TEMPERATURE (F)
 YESTERDAY
  MAXIMUM         65    331 PM  98    1956  75    -10       55
  MINIMUM         53    728 AM  33    1931  53      0       45
  AVERAGE         59                        64     -5       50

PRECIPITATION (IN)
  YESTERDAY        0.01          2.40 1982   0.14  -0.13     0.03
                                      1945
  MONTH TO DATE    4.77                      2.58   2.19     2.88
  SINCE MAR 1      7.12                      7.04   0.08     5.22
  SINCE JAN 1      8.68                      8.41   0.27     6.74

SNOWFALL (IN)
  YESTERDAY        0.0           T    1953   0.0    0.0      0.0
  MONTH TO DATE    0.0                       0.0    0.0      0.0
  SINCE JAN 1     12.3                      13.7   -1.4      5.6
  SINCE JUL 1     13.6                      20.2   -6.6     11.7
  SNOW DEPTH       0

DEGREE DAYS
 HEATING
  YESTERDAY        6                         3      3       15
  MONTH TO DATE  134                       105     29       93
  SINCE MAR 1    888                      1162   -274      929
  SINCE JUL 1   4359                      5369  -1010     5136

 COOLING
  YESTERDAY        0                         3     -3        0
  MONTH TO DATE    8                        31    -23       35
  SINCE MAR 1     19                        48    -29       43
  SINCE JAN 1     19                        48    -29       43
..................................................................


WIND (MPH)
  HIGHEST WIND SPEED    17   HIGHEST WIND DIRECTION    SE (130)
  HIGHEST GUST SPEED    21   HIGHEST GUST DIRECTION    SE (130)
  AVERAGE WIND SPEED     8.2


SKY COVER
  AVERAGE SKY COVER 1.0


WEATHER CONDITIONS
 THE FOLLOWING WEATHER WAS RECORDED YESTERDAY.
  LIGHT RAIN
  FOG


RELATIVE HUMIDITY (PERCENT)
 HIGHEST    93           100 AM
 LOWEST     67           400 PM
 AVERAGE    80

..........................................................


THE CONCORDIA KS CLIMATE NORMALS FOR TODAY
                         NORMAL    RECORD    YEAR
 MAXIMUM TEMPERATURE (F)   76        96      2005
 MINIMUM TEMPERATURE (F)   54        36      1968
                                             1892


SUNRISE AND SUNSET
MAY 21 2016...........SUNRISE   611 AM CDT   SUNSET   844 PM CDT
MAY 22 2016...........SUNRISE   610 AM CDT   SUNSET   845 PM CDT


-  INDICATES NEGATIVE NUMBERS.
R  INDICATES RECORD WAS SET OR TIED.
MM INDICATES DATA IS MISSING.
T  INDICATES TRACE AMOUNT.




$$
