000
CDUS43 KTOP 162237
CLICNK


CLIMATE REPORT
NATIONAL WEATHER SERVICE TOPEKA KS
436 PM CST MON JAN 16 2017


...................................

...THE CONCORDIA KS CLIMATE SUMMARY FOR JANUARY 16 2017...
VALID TODAY AS OF 0400 PM LOCAL TIME.

CLIMATE NORMAL PERIOD 1981 TO 2010
CLIMATE RECORD PERIOD 1885 TO 2017


WEATHER ITEM   OBSERVED TIME   RECORD YEAR NORMAL DEPARTURE LAST
                VALUE   (LST)  VALUE       VALUE  FROM      YEAR
                                                  NORMAL
..................................................................
TEMPERATURE (F)
 TODAY
  MAXIMUM         32    359 PM  72    1894  39     -7       38
  MINIMUM         31    204 AM -18    1888  19     12       15
  AVERAGE         32                        28      4       27

PRECIPITATION (IN)
  TODAY            0.96R         0.38 1980   0.01   0.95     0.00
  MONTH TO DATE    1.63                      0.24   1.39     0.42
  SINCE DEC 1      2.56                      1.09   1.47     3.06
  SINCE JAN 1      1.63                      0.24   1.39     0.42

SNOWFALL (IN)
  TODAY            0.0           5.0  2008   0.2   -0.2      0.0
  MONTH TO DATE    1.0                       2.7   -1.7       T
  SINCE JAN 1      1.0                       2.7   -1.7       T
  SINCE JUL 1      3.2                       9.2   -6.0      1.3
  SNOW DEPTH       0

DEGREE DAYS
 HEATING
  TODAY           33                        36     -3       38
  MONTH TO DATE  649                       590     59      565
  SINCE DEC 1   1753                      1675     78     1440
  SINCE JUL 1   2450                      2767   -317     2208

 COOLING
  TODAY            0                         0      0        0
  MONTH TO DATE    0                         0      0        0
  SINCE DEC 1      0                         0      0        0
  SINCE JAN 1      0                         0      0        0
..................................................................


WIND (MPH)
  HIGHEST WIND SPEED    15   HIGHEST WIND DIRECTION    NE (50)
  HIGHEST GUST SPEED    22   HIGHEST GUST DIRECTION    NE (50)
  AVERAGE WIND SPEED    10.2



WEATHER CONDITIONS
 THE FOLLOWING WEATHER WAS RECORDED TODAY.
  FREEZING RAIN
  LT FREEZING RAIN
  FOG


RELATIVE HUMIDITY (PERCENT)
 HIGHEST   100          1200 AM
 LOWEST    100          1200 AM
 AVERAGE   100

..........................................................


THE CONCORDIA KS CLIMATE NORMALS FOR TOMORROW
                         NORMAL    RECORD    YEAR
 MAXIMUM TEMPERATURE (F)   39        67      1986
 MINIMUM TEMPERATURE (F)   19       -14      1978


SUNRISE AND SUNSET
JANUARY 16 2017.......SUNRISE   749 AM CST   SUNSET   533 PM CST
JANUARY 17 2017.......SUNRISE   748 AM CST   SUNSET   534 PM CST


-  INDICATES NEGATIVE NUMBERS.
R  INDICATES RECORD WAS SET OR TIED.
MM INDICATES DATA IS MISSING.
T  INDICATES TRACE AMOUNT.




$$
