000
CDUS43 KTOP 170635
CLICNK


CLIMATE REPORT
NATIONAL WEATHER SERVICE TOPEKA KS
1234 AM CST FRI NOV 17 2017


...................................

...THE CONCORDIA KS CLIMATE SUMMARY FOR NOVEMBER 16 2017...

CLIMATE NORMAL PERIOD 1981 TO 2010
CLIMATE RECORD PERIOD 1885 TO 2017


WEATHER ITEM   OBSERVED TIME   RECORD YEAR NORMAL DEPARTURE LAST
                VALUE   (LST)  VALUE       VALUE  FROM      YEAR
                                                  NORMAL
..................................................................
TEMPERATURE (F)
 YESTERDAY
  MAXIMUM         59    327 PM  80    2016  52      7       80
  MINIMUM         27    701 AM   6    1955  31     -4       41
  AVERAGE         43                        41      2       61

PRECIPITATION (IN)
  YESTERDAY        0.00          1.94 1996   0.03  -0.03     0.00
  MONTH TO DATE    0.07                      0.66  -0.59     0.35
  SINCE SEP 1      8.82                      5.49   3.33     3.35
  SINCE JAN 1     36.27                     26.59   9.68    28.87

SNOWFALL (IN)
  YESTERDAY        0.0           3.5  2009   0.1   -0.1      0.0
  MONTH TO DATE    0.0                       0.9   -0.9      0.0
  SINCE JAN 1      2.1                      14.8  -12.7     12.3
  SINCE JUL 1      T                         1.1   -1.1      0.0
  SNOW DEPTH       0

DEGREE DAYS
 HEATING
  YESTERDAY       22                        24     -2        4
  MONTH TO DATE  373                       314     59      164
  SINCE SEP 1    699                       702     -3      376
  SINCE JUL 1    699                       705     -6      377

 COOLING
  YESTERDAY        0                         0      0        0
  MONTH TO DATE    0                         0      0        0
  SINCE SEP 1    232                       182     50      258
  SINCE JAN 1   1370                      1348     22     1540
..................................................................


WIND (MPH)
  HIGHEST WIND SPEED    24   HIGHEST WIND DIRECTION    SE (150)
  HIGHEST GUST SPEED    30   HIGHEST GUST DIRECTION     S (170)
  AVERAGE WIND SPEED    13.2


SKY COVER
  AVERAGE SKY COVER 0.0


WEATHER CONDITIONS
 THE FOLLOWING WEATHER WAS RECORDED YESTERDAY.
  NO SIGNIFICANT WEATHER WAS OBSERVED.


RELATIVE HUMIDITY (PERCENT)
 HIGHEST   100           700 AM
 LOWEST     39           300 PM
 AVERAGE    70

..........................................................


THE CONCORDIA KS CLIMATE NORMALS FOR TODAY
                         NORMAL    RECORD    YEAR
 MAXIMUM TEMPERATURE (F)   51        76      1943
 MINIMUM TEMPERATURE (F)   30         2      1886


SUNRISE AND SUNSET
NOVEMBER 17 2017......SUNRISE   717 AM CST   SUNSET   514 PM CST
NOVEMBER 18 2017......SUNRISE   718 AM CST   SUNSET   513 PM CST


-  INDICATES NEGATIVE NUMBERS.
R  INDICATES RECORD WAS SET OR TIED.
MM INDICATES DATA IS MISSING.
T  INDICATES TRACE AMOUNT.




$$
