448
CDUS43 KTOP 202143
CLICNK


CLIMATE REPORT
NATIONAL WEATHER SERVICE TOPEKA KS
442 PM CDT WED SEP 20 2017


...................................

...THE CONCORDIA KS CLIMATE SUMMARY FOR SEPTEMBER 20 2017...
VALID TODAY AS OF 430 PM LOCAL TIME.

CLIMATE NORMAL PERIOD 1981 TO 2010
CLIMATE RECORD PERIOD 1885 TO 2017


WEATHER ITEM   OBSERVED TIME   RECORD YEAR NORMAL DEPARTURE LAST
                VALUE   (LST)  VALUE       VALUE  FROM      YEAR
                                                  NORMAL
..................................................................
TEMPERATURE (F)
 TODAY
  MAXIMUM         84    236 PM  96    1893  78      6       95
  MINIMUM         60    643 AM  33    1918  54      6       62
  AVERAGE         72                        66      6       79

PRECIPITATION (IN)
  TODAY            0.00          2.38 1998   0.10  -0.10     0.00
  MONTH TO DATE    2.35                      1.97   0.38     1.73
  SINCE SEP 1      2.35                      1.97   0.38     1.73
  SINCE JAN 1     29.80                     23.07   6.73    27.25

SNOWFALL (IN)
  TODAY           MM             0.0    MM   0.0   MM        0.0
  MONTH TO DATE    0.0                       0.0    0.0      0.0
  SINCE JAN 1      2.1                      13.7  -11.6     12.3
  SINCE JUL 1      0.0                       0.0    0.0      0.0
  SNOW DEPTH      MM

DEGREE DAYS
 HEATING
  TODAY            0                         3     -3        0
  MONTH TO DATE   11                        28    -17       13
  SINCE SEP 1     11                        28    -17       13
  SINCE JUL 1     11                        31    -20       14

 COOLING
  TODAY            7                         4      3       14
  MONTH TO DATE  142                       131     11      157
  SINCE SEP 1    142                       131     11      157
  SINCE JAN 1   1280                      1297    -17     1439
..................................................................


WIND (MPH)
  HIGHEST WIND SPEED    26   HIGHEST WIND DIRECTION     S (180)
  HIGHEST GUST SPEED    36   HIGHEST GUST DIRECTION     S (180)
  AVERAGE WIND SPEED    12.0



WEATHER CONDITIONS
 THE FOLLOWING WEATHER WAS RECORDED TODAY.
  NO SIGNIFICANT WEATHER WAS OBSERVED.


RELATIVE HUMIDITY (PERCENT)
 HIGHEST    72           500 AM
 LOWEST     40           200 PM
 AVERAGE    56

..........................................................


THE CONCORDIA KS CLIMATE NORMALS FOR TOMORROW
                         NORMAL    RECORD    YEAR
 MAXIMUM TEMPERATURE (F)   78       103      2005
                                             1956
 MINIMUM TEMPERATURE (F)   54        33      1995
                                             1983


SUNRISE AND SUNSET
SEPTEMBER 20 2017.....SUNRISE   717 AM CDT   SUNSET   730 PM CDT
SEPTEMBER 21 2017.....SUNRISE   718 AM CDT   SUNSET   729 PM CDT


-  INDICATES NEGATIVE NUMBERS.
R  INDICATES RECORD WAS SET OR TIED.
MM INDICATES DATA IS MISSING.
T  INDICATES TRACE AMOUNT.




$$
