000
CDUS43 KTOP 180632
CLICNK


CLIMATE REPORT
NATIONAL WEATHER SERVICE TOPEKA KS
131 AM CDT MON JUL 18 2016


...................................

...THE CONCORDIA KS CLIMATE SUMMARY FOR JULY 17 2016...

CLIMATE NORMAL PERIOD 1981 TO 2010
CLIMATE RECORD PERIOD 1885 TO 2016


WEATHER ITEM   OBSERVED TIME   RECORD YEAR NORMAL DEPARTURE LAST
                VALUE   (LST)  VALUE       VALUE  FROM      YEAR
                                                  NORMAL
..................................................................
TEMPERATURE (F)
 YESTERDAY
  MAXIMUM         95    445 PM 111    1936  91      4       94
  MINIMUM         71    821 AM  54    1900  68      3       69
  AVERAGE         83                        79      4       82

PRECIPITATION (IN)
  YESTERDAY        0.37          3.57 1972   0.13   0.24     0.00
  MONTH TO DATE    3.45                      2.35   1.10     1.97
  SINCE JUN 1      4.62                      6.40  -1.78     8.08
  SINCE JAN 1     16.79                     16.39   0.40    16.16

SNOWFALL (IN)
  YESTERDAY        0.0           T    1972   0.0    0.0      0.0
  MONTH TO DATE    0.0                       0.0    0.0      0.0
  SINCE JAN 1     12.3                      13.7   -1.4      5.6
  SINCE JUL 1      0.0                       0.0    0.0      0.0
  SNOW DEPTH       0

DEGREE DAYS
 HEATING
  YESTERDAY        0                         0      0        0
  MONTH TO DATE    1                         0      1        0
  SINCE JUN 1      1                        13    -12        2
  SINCE JUL 1      1                         0      1        0

 COOLING
  YESTERDAY       18                        14      4       17
  MONTH TO DATE  229                       234     -5      210
  SINCE JUN 1    650                       499    151      519
  SINCE JAN 1    710                       588    122      574
..................................................................


WIND (MPH)
  HIGHEST WIND SPEED    25   HIGHEST WIND DIRECTION     S (170)
  HIGHEST GUST SPEED    32   HIGHEST GUST DIRECTION     S (170)
  AVERAGE WIND SPEED    13.1


SKY COVER
  AVERAGE SKY COVER 0.2


WEATHER CONDITIONS
 THE FOLLOWING WEATHER WAS RECORDED YESTERDAY.
  THUNDERSTORM
  HEAVY RAIN
  RAIN
  LIGHT RAIN
  FOG


RELATIVE HUMIDITY (PERCENT)
 HIGHEST    87           300 AM
 LOWEST     46           400 PM
 AVERAGE    67

..........................................................


THE CONCORDIA KS CLIMATE NORMALS FOR TODAY
                         NORMAL    RECORD    YEAR
 MAXIMUM TEMPERATURE (F)   91       110      1936
 MINIMUM TEMPERATURE (F)   68        57      1899


SUNRISE AND SUNSET
JULY 18 2016..........SUNRISE   618 AM CDT   SUNSET   855 PM CDT
JULY 19 2016..........SUNRISE   619 AM CDT   SUNSET   854 PM CDT


-  INDICATES NEGATIVE NUMBERS.
R  INDICATES RECORD WAS SET OR TIED.
MM INDICATES DATA IS MISSING.
T  INDICATES TRACE AMOUNT.




$$
