000
CDUS43 KTOP 230633
CLICNK


CLIMATE REPORT
NATIONAL WEATHER SERVICE TOPEKA KS
1233 AM CST MON FEB 23 2015


...................................

...THE CONCORDIA KS CLIMATE SUMMARY FOR FEBRUARY 22 2015...

CLIMATE NORMAL PERIOD 1981 TO 2010
CLIMATE RECORD PERIOD 1885 TO 2015


WEATHER ITEM   OBSERVED TIME   RECORD YEAR NORMAL DEPARTURE LAST
                VALUE   (LST)  VALUE       VALUE  FROM      YEAR
                                                  NORMAL
..................................................................
TEMPERATURE (F)
 YESTERDAY
  MAXIMUM         24   1210 AM  76    1982  46    -22       51
  MINIMUM         12   1159 PM  -3    1889  24    -12       30
  AVERAGE         18                        35    -17       41

PRECIPITATION (IN)
  YESTERDAY        T             0.88 1922   0.04  -0.04     0.00
  MONTH TO DATE    0.27                      0.60  -0.33     0.69
  SINCE DEC 1      2.18                      2.03   0.15     1.66
  SINCE JAN 1      1.44                      1.18   0.26     1.12

SNOWFALL (IN)
  YESTERDAY        T             4.8  1971   0.2   -0.2      0.0
  MONTH TO DATE    1.7                       4.2   -2.5      7.2
  SINCE JAN 1      4.0                       9.9   -5.9     12.8
  SINCE JUL 1     10.1                      16.4   -6.3     19.1
  SNOW DEPTH       0

DEGREE DAYS
 HEATING
  YESTERDAY       47                        30     17       24
  MONTH TO DATE  774                       728     46      847
  SINCE DEC 1   2776                      2940   -164     3196
  SINCE JUL 1   3939                      4032    -93     4252

 COOLING
  YESTERDAY        0                         0      0        0
  MONTH TO DATE    0                         0      0        0
  SINCE DEC 1      0                         0      0        0
  SINCE JAN 1      0                         0      0        0
..................................................................


WIND (MPH)
  HIGHEST WIND SPEED    24   HIGHEST WIND DIRECTION     N (20)
  HIGHEST GUST SPEED    29   HIGHEST GUST DIRECTION    NE (30)
  AVERAGE WIND SPEED    14.7


SKY COVER
  AVERAGE SKY COVER 0.6


WEATHER CONDITIONS
 THE FOLLOWING WEATHER WAS RECORDED YESTERDAY.
  LIGHT SNOW
  FOG
  HAZE


RELATIVE HUMIDITY (PERCENT)
 HIGHEST    73           300 AM
 LOWEST     39           300 PM
 AVERAGE    56

..........................................................


THE CONCORDIA KS CLIMATE NORMALS FOR TODAY
                         NORMAL    RECORD    YEAR
 MAXIMUM TEMPERATURE (F)   46        80      1918
 MINIMUM TEMPERATURE (F)   25        -7      1889


SUNRISE AND SUNSET
FEBRUARY 23 2015......SUNRISE   712 AM CST   SUNSET   616 PM CST
FEBRUARY 24 2015......SUNRISE   711 AM CST   SUNSET   617 PM CST


-  INDICATES NEGATIVE NUMBERS.
R  INDICATES RECORD WAS SET OR TIED.
MM INDICATES DATA IS MISSING.
T  INDICATES TRACE AMOUNT.




$$
