394
CDUS43 KTOP 040632
CLICNK


CLIMATE REPORT
NATIONAL WEATHER SERVICE TOPEKA KS
1231 AM CST THU FEB 4 2016


...................................

...THE CONCORDIA KS CLIMATE SUMMARY FOR FEBRUARY 3 2016...

CLIMATE NORMAL PERIOD 1981 TO 2010
CLIMATE RECORD PERIOD 1885 TO 2016


WEATHER ITEM   OBSERVED TIME   RECORD YEAR NORMAL DEPARTURE LAST
                VALUE   (LST)  VALUE       VALUE  FROM      YEAR
                                                  NORMAL
..................................................................
TEMPERATURE (F)
 YESTERDAY
  MAXIMUM         29    312 PM  71    1962  40    -11       54
  MINIMUM         19    916 PM -15    1887  20     -1       18
  AVERAGE         24                        30     -6       36

PRECIPITATION (IN)
  YESTERDAY        0.00          1.68 2012   0.03  -0.03     0.00
  MONTH TO DATE    0.49                      0.08   0.41     0.15
  SINCE DEC 1      4.18                      1.51   2.67     2.06
  SINCE JAN 1      1.54                      0.66   0.88     1.32

SNOWFALL (IN)
  YESTERDAY        0.0           7.1  1955   0.2   -0.2      0.0
  MONTH TO DATE    0.0                       0.7   -0.7      0.6
  SINCE JAN 1      7.6                       6.4    1.2      2.9
  SINCE JUL 1      8.9                      12.9   -4.0      9.0
  SNOW DEPTH       3

DEGREE DAYS
 HEATING
  YESTERDAY       41                        35      6       29
  MONTH TO DATE   99                       105     -6      126
  SINCE DEC 1   2063                      2317   -254     2128
  SINCE JUL 1   2831                      3409   -578     3291

 COOLING
  YESTERDAY        0                         0      0        0
  MONTH TO DATE    0                         0      0        0
  SINCE DEC 1      0                         0      0        0
  SINCE JAN 1      0                         0      0        0
..................................................................


WIND (MPH)
  HIGHEST WIND SPEED    29   HIGHEST WIND DIRECTION     N (340)
  HIGHEST GUST SPEED    38   HIGHEST GUST DIRECTION    NW (330)
  AVERAGE WIND SPEED    13.3


SKY COVER
  AVERAGE SKY COVER 0.3


WEATHER CONDITIONS
 THE FOLLOWING WEATHER WAS RECORDED YESTERDAY.
  NO SIGNIFICANT WEATHER WAS OBSERVED.


RELATIVE HUMIDITY (PERCENT)
 HIGHEST    84          1100 PM
 LOWEST     58           400 PM
 AVERAGE    71

..........................................................


THE CONCORDIA KS CLIMATE NORMALS FOR TODAY
                         NORMAL    RECORD    YEAR
 MAXIMUM TEMPERATURE (F)   40        73      1946
 MINIMUM TEMPERATURE (F)   20       -15      1905


SUNRISE AND SUNSET
FEBRUARY  4 2016......SUNRISE   736 AM CST   SUNSET   554 PM CST
FEBRUARY  5 2016......SUNRISE   735 AM CST   SUNSET   555 PM CST


-  INDICATES NEGATIVE NUMBERS.
R  INDICATES RECORD WAS SET OR TIED.
MM INDICATES DATA IS MISSING.
T  INDICATES TRACE AMOUNT.




$$
