000
CDUS43 KTOP 290635
CLICNK


CLIMATE REPORT
NATIONAL WEATHER SERVICE TOPEKA KS
133 AM CDT FRI MAY 29 2015


...................................

...THE CONCORDIA KS CLIMATE SUMMARY FOR MAY 28 2015...

CLIMATE NORMAL PERIOD 1981 TO 2010
CLIMATE RECORD PERIOD 1885 TO 2015


WEATHER ITEM   OBSERVED TIME   RECORD YEAR NORMAL DEPARTURE LAST
                VALUE   (LST)  VALUE       VALUE  FROM      YEAR
                                                  NORMAL
..................................................................
TEMPERATURE (F)
 YESTERDAY
  MAXIMUM         78    432 PM  96    1921  78      0       92
  MINIMUM         61   1159 PM  37    1992  56      5       65
                                      1947
  AVERAGE         70                        67      3       79

PRECIPITATION (IN)
  YESTERDAY        0.22          3.46 1962   0.14   0.08     0.00
  MONTH TO DATE    3.67                      3.73  -0.06     3.12
  SINCE MAR 1      6.01                      8.19  -2.18     4.64
  SINCE JAN 1      7.53                      9.56  -2.03     5.83

SNOWFALL (IN)
  YESTERDAY        0.0           T    1927   0.0    0.0      0.0
  MONTH TO DATE    0.0                       0.0    0.0      0.0
  SINCE JAN 1      5.6                      13.7   -8.1     16.9
  SINCE JUL 1     11.7                      20.2   -8.5     23.2
  SNOW DEPTH       0

DEGREE DAYS
 HEATING
  YESTERDAY        0                         2     -2        0
  MONTH TO DATE  127                       125      2      131
  SINCE MAR 1    963                      1182   -219     1276
  SINCE JUL 1   5170                      5389   -219     5758

 COOLING
  YESTERDAY        5                         4      1       14
  MONTH TO DATE   45                        58    -13      122
  SINCE MAR 1     53                        75    -22      147
  SINCE JAN 1     53                        75    -22      147
..................................................................


WIND (MPH)
  HIGHEST WIND SPEED    28   HIGHEST WIND DIRECTION     W (270)
  HIGHEST GUST SPEED    32   HIGHEST GUST DIRECTION     W (260)
  AVERAGE WIND SPEED    10.5


SKY COVER
  AVERAGE SKY COVER 0.5


WEATHER CONDITIONS
 THE FOLLOWING WEATHER WAS RECORDED YESTERDAY.
  THUNDERSTORM
  HEAVY RAIN
  RAIN
  LIGHT RAIN
  FOG


RELATIVE HUMIDITY (PERCENT)
 HIGHEST    93           200 AM
 LOWEST     60           500 PM
 AVERAGE    77

..........................................................


THE CONCORDIA KS CLIMATE NORMALS FOR TODAY
                         NORMAL    RECORD    YEAR
 MAXIMUM TEMPERATURE (F)   78       102      1913
 MINIMUM TEMPERATURE (F)   56        32      1947


SUNRISE AND SUNSET
MAY 29 2015...........SUNRISE   607 AM CDT   SUNSET   850 PM CDT
MAY 30 2015...........SUNRISE   606 AM CDT   SUNSET   850 PM CDT


-  INDICATES NEGATIVE NUMBERS.
R  INDICATES RECORD WAS SET OR TIED.
MM INDICATES DATA IS MISSING.
T  INDICATES TRACE AMOUNT.




$$
