000
CDUS43 KTOP 060635
CLICNK


CLIMATE REPORT
NATIONAL WEATHER SERVICE TOPEKA KS
1234 AM CST TUE DEC 6 2016


...................................

...THE CONCORDIA KS CLIMATE SUMMARY FOR DECEMBER 5 2016...

CLIMATE NORMAL PERIOD 1981 TO 2010
CLIMATE RECORD PERIOD 1885 TO 2016


WEATHER ITEM   OBSERVED TIME   RECORD YEAR NORMAL DEPARTURE LAST
                VALUE   (LST)  VALUE       VALUE  FROM      YEAR
                                                  NORMAL
..................................................................
TEMPERATURE (F)
 YESTERDAY
  MAXIMUM         53    258 PM  69    1989  42     11       52
                                      1939
  MINIMUM         34   1159 PM   1    1950  23     11       39
                                      1886
  AVERAGE         44                        32     12       46

PRECIPITATION (IN)
  YESTERDAY        0.00          1.71 1913   0.04  -0.04     0.00
  MONTH TO DATE    0.45                      0.17   0.28      T
  SINCE DEC 1      0.45                      0.17   0.28      T
  SINCE JAN 1     29.54                     27.21   2.33    26.71

SNOWFALL (IN)
  YESTERDAY        0.0           1.5  1992   0.2   -0.2      0.0
  MONTH TO DATE    T                         0.6   -0.6       T
  SINCE JAN 1     12.3                      17.0   -4.7      6.9
  SINCE JUL 1      T                         3.3   -3.3      1.3
  SNOW DEPTH       0

DEGREE DAYS
 HEATING
  YESTERDAY       21                        33    -12       19
  MONTH TO DATE  145                       160    -15      129
  SINCE DEC 1    145                       160    -15      129
  SINCE JUL 1    842                      1252   -410      897

 COOLING
  YESTERDAY        0                         0      0        0
  MONTH TO DATE    0                         0      0        0
  SINCE DEC 1      0                         0      0        0
  SINCE JAN 1   1540                      1349    191     1375
..................................................................


WIND (MPH)
  HIGHEST WIND SPEED    30   HIGHEST WIND DIRECTION     S (180)
  HIGHEST GUST SPEED    38   HIGHEST GUST DIRECTION     S (180)
  AVERAGE WIND SPEED    15.4


SKY COVER
  AVERAGE SKY COVER 0.1


WEATHER CONDITIONS
 THE FOLLOWING WEATHER WAS RECORDED YESTERDAY.
  NO SIGNIFICANT WEATHER WAS OBSERVED.


RELATIVE HUMIDITY (PERCENT)
 HIGHEST    85           900 PM
 LOWEST     50          1200 PM
 AVERAGE    68

..........................................................


THE CONCORDIA KS CLIMATE NORMALS FOR TODAY
                         NORMAL    RECORD    YEAR
 MAXIMUM TEMPERATURE (F)   42        76      1939
 MINIMUM TEMPERATURE (F)   22        -4      1950


SUNRISE AND SUNSET
DECEMBER  6 2016......SUNRISE   737 AM CST   SUNSET   506 PM CST
DECEMBER  7 2016......SUNRISE   738 AM CST   SUNSET   506 PM CST


-  INDICATES NEGATIVE NUMBERS.
R  INDICATES RECORD WAS SET OR TIED.
MM INDICATES DATA IS MISSING.
T  INDICATES TRACE AMOUNT.

$$
