000
CDUS43 KTOP 300636
CLICNK


CLIMATE REPORT
NATIONAL WEATHER SERVICE TOPEKA KS
134 AM CDT SAT MAY 30 2015


...................................

...THE CONCORDIA KS CLIMATE SUMMARY FOR MAY 29 2015...

CLIMATE NORMAL PERIOD 1981 TO 2010
CLIMATE RECORD PERIOD 1885 TO 2015


WEATHER ITEM   OBSERVED TIME   RECORD YEAR NORMAL DEPARTURE LAST
                VALUE   (LST)  VALUE       VALUE  FROM      YEAR
                                                  NORMAL
..................................................................
TEMPERATURE (F)
 YESTERDAY
  MAXIMUM         79    444 PM 102    1913  78      1       87
  MINIMUM         54   1159 PM  32    1947  56     -2       62
  AVERAGE         67                        67      0       75

PRECIPITATION (IN)
  YESTERDAY        0.55          3.69 1903   0.14   0.41     0.00
  MONTH TO DATE    4.22                      3.87   0.35     3.12
  SINCE MAR 1      6.56                      8.33  -1.77     4.64
  SINCE JAN 1      8.08                      9.70  -1.62     5.83

SNOWFALL (IN)
  YESTERDAY        0.0           T    1951   0.0    0.0      0.0
  MONTH TO DATE    0.0                       0.0    0.0      0.0
  SINCE JAN 1      5.6                      13.7   -8.1     16.9
  SINCE JUL 1     11.7                      20.2   -8.5     23.2
  SNOW DEPTH       0

DEGREE DAYS
 HEATING
  YESTERDAY        0                         2     -2        0
  MONTH TO DATE  127                       127      0      131
  SINCE MAR 1    963                      1184   -221     1276
  SINCE JUL 1   5170                      5391   -221     5758

 COOLING
  YESTERDAY        2                         4     -2       10
  MONTH TO DATE   47                        62    -15      132
  SINCE MAR 1     55                        79    -24      157
  SINCE JAN 1     55                        79    -24      157
..................................................................


WIND (MPH)
  HIGHEST WIND SPEED    28   HIGHEST WIND DIRECTION    NW (330)
  HIGHEST GUST SPEED    36   HIGHEST GUST DIRECTION     N (10)
  AVERAGE WIND SPEED     7.7


SKY COVER
  AVERAGE SKY COVER 0.2


WEATHER CONDITIONS
 THE FOLLOWING WEATHER WAS RECORDED YESTERDAY.
  THUNDERSTORM
  HEAVY RAIN
  RAIN
  LIGHT RAIN
  FOG


RELATIVE HUMIDITY (PERCENT)
 HIGHEST    97           100 AM
 LOWEST     54           300 PM
 AVERAGE    76

..........................................................


THE CONCORDIA KS CLIMATE NORMALS FOR TODAY
                         NORMAL    RECORD    YEAR
 MAXIMUM TEMPERATURE (F)   79       102      1998
 MINIMUM TEMPERATURE (F)   57        39      1889


SUNRISE AND SUNSET
MAY 30 2015...........SUNRISE   606 AM CDT   SUNSET   850 PM CDT
MAY 31 2015...........SUNRISE   606 AM CDT   SUNSET   851 PM CDT


-  INDICATES NEGATIVE NUMBERS.
R  INDICATES RECORD WAS SET OR TIED.
MM INDICATES DATA IS MISSING.
T  INDICATES TRACE AMOUNT.




$$
