000
CDUS43 KTOP 260633
CLICNK


CLIMATE REPORT
NATIONAL WEATHER SERVICE TOPEKA KS
131 AM CDT FRI SEP 26 2014


...................................

...THE CONCORDIA KS CLIMATE SUMMARY FOR SEPTEMBER 25 2014...

CLIMATE NORMAL PERIOD 1981 TO 2010
CLIMATE RECORD PERIOD 1885 TO 2014


WEATHER ITEM   OBSERVED TIME   RECORD YEAR NORMAL DEPARTURE LAST
                VALUE   (LST)  VALUE       VALUE  FROM      YEAR
                                                  NORMAL
..................................................................
TEMPERATURE (F)
 YESTERDAY
  MAXIMUM         84    419 PM  94    1998  76      8       81
  MINIMUM         54    644 AM  33    1926  52      2       47
  AVERAGE         69                        64      5       64

PRECIPITATION (IN)
  YESTERDAY        0.00          2.16 1935   0.10  -0.10     0.00
  MONTH TO DATE    2.48                      2.46   0.02     0.56
  SINCE SEP 1      2.48                      2.46   0.02     0.56
  SINCE JAN 1     23.14                     23.56  -0.42    24.13

SNOWFALL (IN)
  YESTERDAY        0.0           0.0    MM   0.0    0.0      0.0
  MONTH TO DATE    0.0                       0.0    0.0      0.0
  SINCE JAN 1     16.9                      13.7    3.2     20.3
  SINCE JUL 1      0.0                       0.0    0.0      0.0
  SNOW DEPTH       0

DEGREE DAYS
 HEATING
  YESTERDAY        0                         4     -4        1
  MONTH TO DATE   82                        46     36        9
  SINCE SEP 1     82                        46     36        9
  SINCE JUL 1     84                        49     35       16

 COOLING
  YESTERDAY        4                         3      1        0
  MONTH TO DATE  109                       147    -38      211
  SINCE SEP 1    109                       147    -38      211
  SINCE JAN 1   1318                      1313      5     1296
..................................................................


WIND (MPH)
  HIGHEST WIND SPEED    17   HIGHEST WIND DIRECTION     S (190)
  HIGHEST GUST SPEED    23   HIGHEST GUST DIRECTION     S (190)
  AVERAGE WIND SPEED     6.3


SKY COVER
  AVERAGE SKY COVER 0.0


WEATHER CONDITIONS
 THE FOLLOWING WEATHER WAS RECORDED YESTERDAY.
  FOG


RELATIVE HUMIDITY (PERCENT)
 HIGHEST   100           500 AM
 LOWEST     51           400 PM
 AVERAGE    76

..........................................................


THE CONCORDIA KS CLIMATE NORMALS FOR TODAY
                         NORMAL    RECORD    YEAR
 MAXIMUM TEMPERATURE (F)   75        94      1897
 MINIMUM TEMPERATURE (F)   51        31      1984


SUNRISE AND SUNSET
SEPTEMBER 26 2014.....SUNRISE   722 AM CDT   SUNSET   721 PM CDT
SEPTEMBER 27 2014.....SUNRISE   723 AM CDT   SUNSET   719 PM CDT


-  INDICATES NEGATIVE NUMBERS.
R  INDICATES RECORD WAS SET OR TIED.
MM INDICATES DATA IS MISSING.
T  INDICATES TRACE AMOUNT.




$$
