000
CDUS43 KTOP 170636
CLICNK


CLIMATE REPORT
NATIONAL WEATHER SERVICE TOPEKA KS
1235 AM CST MON NOV 17 2014


...................................

...THE CONCORDIA KS CLIMATE SUMMARY FOR NOVEMBER 16 2014...

CLIMATE NORMAL PERIOD 1981 TO 2010
CLIMATE RECORD PERIOD 1885 TO 2014


WEATHER ITEM   OBSERVED TIME   RECORD YEAR NORMAL DEPARTURE LAST
                VALUE   (LST)  VALUE       VALUE  FROM      YEAR
                                                  NORMAL
..................................................................
TEMPERATURE (F)
 YESTERDAY
  MAXIMUM         28    407 PM  72    1999  52    -24       66
                                      1958
                                      1954
  MINIMUM         11    801 AM   6    1955  31    -20       45
  AVERAGE         20                        41    -21       56

PRECIPITATION (IN)
  YESTERDAY        0.00          1.94 1996   0.03  -0.03     0.00
  MONTH TO DATE    0.08                      0.66  -0.58     1.09
  SINCE SEP 1      5.77                      5.49   0.28     3.02
  SINCE JAN 1     26.43                     26.59  -0.16    26.59

SNOWFALL (IN)
  YESTERDAY        0.0           3.5  2009   0.1   -0.1      0.0
  MONTH TO DATE    1.1                       0.9    0.2      0.0
  SINCE JAN 1     18.0                      14.8    3.2     20.3
  SINCE JUL 1      1.1                       1.1    0.0      0.0
  SNOW DEPTH       1

DEGREE DAYS
 HEATING
  YESTERDAY       45                        24     21        9
  MONTH TO DATE  416                       314    102      295
  SINCE SEP 1    745                       702     43      632
  SINCE JUL 1    747                       705     42      639

 COOLING
  YESTERDAY        0                         0      0        0
  MONTH TO DATE    0                         0      0        0
  SINCE SEP 1    159                       182    -23      274
  SINCE JAN 1   1368                      1348     20     1359
..................................................................


WIND (MPH)
  HIGHEST WIND SPEED    24   HIGHEST WIND DIRECTION     N (340)
  HIGHEST GUST SPEED    34   HIGHEST GUST DIRECTION     N (350)
  AVERAGE WIND SPEED    11.6


SKY COVER
  AVERAGE SKY COVER 0.1


WEATHER CONDITIONS
 THE FOLLOWING WEATHER WAS RECORDED YESTERDAY.
  NO SIGNIFICANT WEATHER WAS OBSERVED.


RELATIVE HUMIDITY (PERCENT)
 HIGHEST    76           300 AM
 LOWEST     50           300 PM
 AVERAGE    63

..........................................................


THE CONCORDIA KS CLIMATE NORMALS FOR TODAY
                         NORMAL    RECORD    YEAR
 MAXIMUM TEMPERATURE (F)   51        76      1943
 MINIMUM TEMPERATURE (F)   30         2      1886


SUNRISE AND SUNSET
NOVEMBER 17 2014......SUNRISE   717 AM CST   SUNSET   514 PM CST
NOVEMBER 18 2014......SUNRISE   718 AM CST   SUNSET   513 PM CST


-  INDICATES NEGATIVE NUMBERS.
R  INDICATES RECORD WAS SET OR TIED.
MM INDICATES DATA IS MISSING.
T  INDICATES TRACE AMOUNT.




$$
