000
CDUS43 KTOP 190636
CLICNK


CLIMATE REPORT
NATIONAL WEATHER SERVICE TOPEKA KS
136 AM CDT THU MAY 19 2016


...................................

...THE CONCORDIA KS CLIMATE SUMMARY FOR MAY 18 2016...

CLIMATE NORMAL PERIOD 1981 TO 2010
CLIMATE RECORD PERIOD 1885 TO 2016


WEATHER ITEM   OBSERVED TIME   RECORD YEAR NORMAL DEPARTURE LAST
                VALUE   (LST)  VALUE       VALUE  FROM      YEAR
                                                  NORMAL
..................................................................
TEMPERATURE (F)
 YESTERDAY
  MAXIMUM         69    439 PM  94    1988  75     -6       66
                                      1967
  MINIMUM         43    453 AM  38    1915  53    -10       50
  AVERAGE         56                        64     -8       58

PRECIPITATION (IN)
  YESTERDAY        0.00          1.69 1981   0.14  -0.14     0.00
  MONTH TO DATE    4.68                      2.29   2.39     2.48
  SINCE MAR 1      7.03                      6.75   0.28     4.82
  SINCE JAN 1      8.59                      8.12   0.47     6.34

SNOWFALL (IN)
  YESTERDAY        0.0           T    1949   0.0    0.0      0.0
  MONTH TO DATE    0.0                       0.0    0.0      0.0
  SINCE JAN 1     12.3                      13.7   -1.4      5.6
  SINCE JUL 1     13.6                      20.2   -6.6     11.7
  SNOW DEPTH       0

DEGREE DAYS
 HEATING
  YESTERDAY        9                         4      5        7
  MONTH TO DATE  118                        99     19       62
  SINCE MAR 1    872                      1156   -284      898
  SINCE JUL 1   4343                      5363  -1020     5105

 COOLING
  YESTERDAY        0                         2     -2        0
  MONTH TO DATE    8                        26    -18       35
  SINCE MAR 1     19                        43    -24       43
  SINCE JAN 1     19                        43    -24       43
..................................................................


WIND (MPH)
  HIGHEST WIND SPEED    12   HIGHEST WIND DIRECTION     S (190)
  HIGHEST GUST SPEED    18   HIGHEST GUST DIRECTION    SW (210)
  AVERAGE WIND SPEED     6.8


SKY COVER
  AVERAGE SKY COVER 0.2


WEATHER CONDITIONS
 THE FOLLOWING WEATHER WAS RECORDED YESTERDAY.
  NO SIGNIFICANT WEATHER WAS OBSERVED.


RELATIVE HUMIDITY (PERCENT)
 HIGHEST    89           500 AM
 LOWEST     42           500 PM
 AVERAGE    66

..........................................................


THE CONCORDIA KS CLIMATE NORMALS FOR TODAY
                         NORMAL    RECORD    YEAR
 MAXIMUM TEMPERATURE (F)   75        99      1933
 MINIMUM TEMPERATURE (F)   53        34      1894


SUNRISE AND SUNSET
MAY 19 2016...........SUNRISE   613 AM CDT   SUNSET   842 PM CDT
MAY 20 2016...........SUNRISE   612 AM CDT   SUNSET   843 PM CDT


-  INDICATES NEGATIVE NUMBERS.
R  INDICATES RECORD WAS SET OR TIED.
MM INDICATES DATA IS MISSING.
T  INDICATES TRACE AMOUNT.




$$
