000
CDUS43 KTOP 210633
CLICNK


CLIMATE REPORT
NATIONAL WEATHER SERVICE TOPEKA KS
1233 AM CST FRI NOV 21 2014


...................................

...THE CONCORDIA KS CLIMATE SUMMARY FOR NOVEMBER 20 2014...

CLIMATE NORMAL PERIOD 1981 TO 2010
CLIMATE RECORD PERIOD 1885 TO 2014


WEATHER ITEM   OBSERVED TIME   RECORD YEAR NORMAL DEPARTURE LAST
                VALUE   (LST)  VALUE       VALUE  FROM      YEAR
                                                  NORMAL
..................................................................
TEMPERATURE (F)
 YESTERDAY
  MAXIMUM         41    341 PM  79    1897  50     -9       65
  MINIMUM         15    623 AM   8    1985  29    -14       45
  AVERAGE         28                        39    -11       55

PRECIPITATION (IN)
  YESTERDAY        0.00          0.63 1994   0.03  -0.03     0.00
  MONTH TO DATE    0.08                      0.79  -0.71     1.09
  SINCE SEP 1      5.77                      5.62   0.15     3.02
  SINCE JAN 1     26.43                     26.72  -0.29    26.59

SNOWFALL (IN)
  YESTERDAY        0.0           2.0  1953   0.1   -0.1      0.0
  MONTH TO DATE    1.1                       1.3   -0.2      0.0
  SINCE JAN 1     18.0                      15.2    2.8     20.3
  SINCE JUL 1      1.1                       1.5   -0.4      0.0
  SNOW DEPTH       0

DEGREE DAYS
 HEATING
  YESTERDAY       37                        26     11       10
  MONTH TO DATE  571                       414    157      357
  SINCE SEP 1    900                       802     98      694
  SINCE JUL 1    902                       805     97      701

 COOLING
  YESTERDAY        0                         0      0        0
  MONTH TO DATE    0                         0      0        0
  SINCE SEP 1    159                       182    -23      274
  SINCE JAN 1   1368                      1348     20     1359
..................................................................


WIND (MPH)
  HIGHEST WIND SPEED    13   HIGHEST WIND DIRECTION    SE (130)
  HIGHEST GUST SPEED    18   HIGHEST GUST DIRECTION     E (110)
  AVERAGE WIND SPEED     6.9


SKY COVER
  AVERAGE SKY COVER 0.0


WEATHER CONDITIONS
 THE FOLLOWING WEATHER WAS RECORDED YESTERDAY.
  NO SIGNIFICANT WEATHER WAS OBSERVED.


RELATIVE HUMIDITY (PERCENT)
 HIGHEST    88           600 AM
 LOWEST     41           300 PM
 AVERAGE    65

..........................................................


THE CONCORDIA KS CLIMATE NORMALS FOR TODAY
                         NORMAL    RECORD    YEAR
 MAXIMUM TEMPERATURE (F)   49        73      2012
 MINIMUM TEMPERATURE (F)   28         5      1964


SUNRISE AND SUNSET
NOVEMBER 21 2014......SUNRISE   721 AM CST   SUNSET   511 PM CST
NOVEMBER 22 2014......SUNRISE   723 AM CST   SUNSET   511 PM CST


-  INDICATES NEGATIVE NUMBERS.
R  INDICATES RECORD WAS SET OR TIED.
MM INDICATES DATA IS MISSING.
T  INDICATES TRACE AMOUNT.




$$
