000
CDUS43 KTOP 200652
CLICNK


CLIMATE REPORT
NATIONAL WEATHER SERVICE TOPEKA KS
150 AM CDT SAT MAY 20 2017


...................................

...THE CONCORDIA KS CLIMATE SUMMARY FOR MAY 19 2017...

CLIMATE NORMAL PERIOD 1981 TO 2010
CLIMATE RECORD PERIOD 1885 TO 2017


WEATHER ITEM   OBSERVED TIME   RECORD YEAR NORMAL DEPARTURE LAST
                VALUE   (LST)  VALUE       VALUE  FROM      YEAR
                                                  NORMAL
..................................................................
TEMPERATURE (F)
 YESTERDAY
  MAXIMUM         55    502 PM  99    1933  75    -20       66
  MINIMUM         52   1159 PM  34    1894  53     -1       44
  AVERAGE         54                        64    -10       55

PRECIPITATION (IN)
  YESTERDAY        1.99          3.61 2011   0.15   1.84     0.08
  MONTH TO DATE    6.40                      2.44   3.96     4.76
  SINCE MAR 1     14.93                      6.90   8.03     7.11
  SINCE JAN 1     16.78                      8.27   8.51     8.67

SNOWFALL (IN)
  YESTERDAY        0.0           T    1898   0.0    0.0      0.0
  MONTH TO DATE    T                         0.0    0.0      0.0
  SINCE JAN 1      2.1                      13.7  -11.6     12.3
  SINCE JUL 1      4.3                      20.2  -15.9     13.6
  SNOW DEPTH       0

DEGREE DAYS
 HEATING
  YESTERDAY       11                         3      8       10
  MONTH TO DATE   92                       102    -10      128
  SINCE MAR 1   1009                      1159   -150      882
  SINCE JUL 1   4510                      5366   -856     4353

 COOLING
  YESTERDAY        0                         2     -2        0
  MONTH TO DATE   50                        28     22        8
  SINCE MAR 1     69                        45     24       19
  SINCE JAN 1     69                        45     24       19
..................................................................


WIND (MPH)
  HIGHEST WIND SPEED    28   HIGHEST WIND DIRECTION     N (20)
  HIGHEST GUST SPEED    36   HIGHEST GUST DIRECTION    NE (30)
  AVERAGE WIND SPEED    12.4


SKY COVER
  AVERAGE SKY COVER 1.0


WEATHER CONDITIONS
 THE FOLLOWING WEATHER WAS RECORDED YESTERDAY.
  THUNDERSTORM
  HEAVY RAIN
  RAIN
  LIGHT RAIN
  FOG


RELATIVE HUMIDITY (PERCENT)
 HIGHEST   100           100 AM
 LOWEST     93          1200 AM
 AVERAGE    97

..........................................................


THE CONCORDIA KS CLIMATE NORMALS FOR TODAY
                         NORMAL    RECORD    YEAR
 MAXIMUM TEMPERATURE (F)   75        98      1956
 MINIMUM TEMPERATURE (F)   53        33      1931


SUNRISE AND SUNSET
MAY 20 2017...........SUNRISE   612 AM CDT   SUNSET   843 PM CDT
MAY 21 2017...........SUNRISE   611 AM CDT   SUNSET   844 PM CDT


-  INDICATES NEGATIVE NUMBERS.
R  INDICATES RECORD WAS SET OR TIED.
MM INDICATES DATA IS MISSING.
T  INDICATES TRACE AMOUNT.




$$
