000
CDUS43 KTOP 160657
CLICNK


CLIMATE REPORT
NATIONAL WEATHER SERVICE TOPEKA KS
1256 AM CST TUE DEC 16 2014


...................................

...THE CONCORDIA KS CLIMATE SUMMARY FOR DECEMBER 15 2014...

CLIMATE NORMAL PERIOD 1981 TO 2010
CLIMATE RECORD PERIOD 1885 TO 2014


WEATHER ITEM   OBSERVED TIME   RECORD YEAR NORMAL DEPARTURE LAST
                VALUE   (LST)  VALUE       VALUE  FROM      YEAR
                                                  NORMAL
..................................................................
TEMPERATURE (F)
 YESTERDAY
  MAXIMUM         49    314 AM  70    2002  39     10       55
  MINIMUM         29   1159 PM -16    1989  20      9       16
  AVERAGE         39                        30      9       36

PRECIPITATION (IN)
  YESTERDAY        0.02          2.46 1984   0.03  -0.01     0.00
  MONTH TO DATE    0.19                      0.48  -0.29     0.19
  SINCE DEC 1      0.19                      0.48  -0.29     0.19
  SINCE JAN 1     26.65                     27.52  -0.87    26.84

SNOWFALL (IN)
  YESTERDAY        T             3.1  2007   0.1   -0.1      0.0
  MONTH TO DATE    T                         1.8   -1.8      2.6
  SINCE JAN 1     18.0                      18.2   -0.2     22.9
  SINCE JUL 1      1.1                       4.5   -3.4      2.6
  SNOW DEPTH       0

DEGREE DAYS
 HEATING
  YESTERDAY       26                        35     -9       29
  MONTH TO DATE  407                       503    -96      615
  SINCE DEC 1    407                       503    -96      615
  SINCE JUL 1   1570                      1595    -25     1671

 COOLING
  YESTERDAY        0                         0      0        0
  MONTH TO DATE    0                         0      0        0
  SINCE DEC 1      0                         0      0        0
  SINCE JAN 1   1368                      1349     19     1359
..................................................................


WIND (MPH)
  HIGHEST WIND SPEED    32   HIGHEST WIND DIRECTION     N (340)
  HIGHEST GUST SPEED    45   HIGHEST GUST DIRECTION    NW (330)
  AVERAGE WIND SPEED    18.7


SKY COVER
  AVERAGE SKY COVER 1.0


WEATHER CONDITIONS
 THE FOLLOWING WEATHER WAS RECORDED YESTERDAY.
  LIGHT RAIN
  LIGHT SNOW
  FOG


RELATIVE HUMIDITY (PERCENT)
 HIGHEST   100          1200 AM
 LOWEST     72           900 PM
 AVERAGE    86

..........................................................


THE CONCORDIA KS CLIMATE NORMALS FOR TODAY
                         NORMAL    RECORD    YEAR
 MAXIMUM TEMPERATURE (F)   39        66      1962
 MINIMUM TEMPERATURE (F)   20       -10      1989


SUNRISE AND SUNSET
DECEMBER 16 2014......SUNRISE   745 AM CST   SUNSET   508 PM CST
DECEMBER 17 2014......SUNRISE   745 AM CST   SUNSET   508 PM CST


-  INDICATES NEGATIVE NUMBERS.
R  INDICATES RECORD WAS SET OR TIED.
MM INDICATES DATA IS MISSING.
T  INDICATES TRACE AMOUNT.




$$
