000
CDUS43 KTOP 100639
CLICNK


CLIMATE REPORT
NATIONAL WEATHER SERVICE TOPEKA KS
1238 AM CST FRI NOV 10 2017


...................................

...THE CONCORDIA KS CLIMATE SUMMARY FOR NOVEMBER 9 2017...

CLIMATE NORMAL PERIOD 1981 TO 2010
CLIMATE RECORD PERIOD 1885 TO 2017


WEATHER ITEM   OBSERVED TIME   RECORD YEAR NORMAL DEPARTURE LAST
                VALUE   (LST)  VALUE       VALUE  FROM      YEAR
                                                  NORMAL
..................................................................
TEMPERATURE (F)
 YESTERDAY
  MAXIMUM         44    147 PM  77    1999  56    -12       60
  MINIMUM         25   1159 PM  18    1966  34     -9       32
  AVERAGE         35                        45    -10       46

PRECIPITATION (IN)
  YESTERDAY        0.00          0.91 1919   0.04  -0.04     0.00
  MONTH TO DATE    0.00                      0.41  -0.41     0.35
  SINCE SEP 1      8.75                      5.24   3.51     3.35
  SINCE JAN 1     36.20                     26.34   9.86    28.87

SNOWFALL (IN)
  YESTERDAY        0.0           1.4  1977   0.1   -0.1      0.0
  MONTH TO DATE    0.0                       0.4   -0.4      0.0
  SINCE JAN 1      2.1                      14.3  -12.2     12.3
  SINCE JUL 1      T                         0.6   -0.6      0.0
  SNOW DEPTH       0

DEGREE DAYS
 HEATING
  YESTERDAY       30                        20     10       19
  MONTH TO DATE  223                       160     63       76
  SINCE SEP 1    549                       548      1      288
  SINCE JUL 1    549                       551     -2      289

 COOLING
  YESTERDAY        0                         0      0        0
  MONTH TO DATE    0                         0      0        0
  SINCE SEP 1    232                       182     50      258
  SINCE JAN 1   1370                      1348     22     1540
..................................................................


WIND (MPH)
  HIGHEST WIND SPEED    18   HIGHEST WIND DIRECTION    NE (40)
  HIGHEST GUST SPEED    23   HIGHEST GUST DIRECTION    NE (40)
  AVERAGE WIND SPEED     9.7


SKY COVER
  AVERAGE SKY COVER 0.0


WEATHER CONDITIONS
 THE FOLLOWING WEATHER WAS RECORDED YESTERDAY.
  NO SIGNIFICANT WEATHER WAS OBSERVED.


RELATIVE HUMIDITY (PERCENT)
 HIGHEST    78           600 AM
 LOWEST     43           300 PM
 AVERAGE    61

..........................................................


THE CONCORDIA KS CLIMATE NORMALS FOR TODAY
                         NORMAL    RECORD    YEAR
 MAXIMUM TEMPERATURE (F)   56        80      1927
 MINIMUM TEMPERATURE (F)   34         9      1986


SUNRISE AND SUNSET
NOVEMBER 10 2017......SUNRISE   709 AM CST   SUNSET   519 PM CST
NOVEMBER 11 2017......SUNRISE   710 AM CST   SUNSET   518 PM CST


-  INDICATES NEGATIVE NUMBERS.
R  INDICATES RECORD WAS SET OR TIED.
MM INDICATES DATA IS MISSING.
T  INDICATES TRACE AMOUNT.




$$
