782
CDUS43 KTOP 240647
CLICNK


CLIMATE REPORT
NATIONAL WEATHER SERVICE TOPEKA KS
133 AM CDT FRI MAR 24 2017


...................................

...THE CONCORDIA KS CLIMATE SUMMARY FOR MARCH 23 2017...

CLIMATE NORMAL PERIOD 1981 TO 2010
CLIMATE RECORD PERIOD 1885 TO 2017


WEATHER ITEM   OBSERVED TIME   RECORD YEAR NORMAL DEPARTURE LAST
                VALUE   (LST)  VALUE       VALUE  FROM      YEAR
                                                  NORMAL
..................................................................
TEMPERATURE (F)
 YESTERDAY
  MAXIMUM         74    709 PM  89    1910  57     17       78
  MINIMUM         48    502 AM  10    1968  34     14       34
                                      1965
  AVERAGE         61                        46     15       56

PRECIPITATION (IN)
  YESTERDAY        T             2.63 1987   0.07  -0.07     0.05
  MONTH TO DATE    0.07                      1.37  -1.30     0.17
  SINCE MAR 1      0.07                      1.37  -1.30     0.17
  SINCE JAN 1      1.92                      2.74  -0.82     1.73

SNOWFALL (IN)
  YESTERDAY       MM             4.2  1990   0.1   MM         T
  MONTH TO DATE    0.8                       1.9   -1.1       T
  SINCE JAN 1      2.1                      12.3  -10.2     12.3
  SINCE JUL 1      4.3                      18.8  -14.5     13.6
  SNOW DEPTH       0

DEGREE DAYS
 HEATING
  YESTERDAY        4                        20    -16        9
  MONTH TO DATE  423                       539   -116      349
  SINCE MAR 1    423                       539   -116      349
  SINCE JUL 1   3924                      4746   -822     3820

 COOLING
  YESTERDAY        0                         0      0        0
  MONTH TO DATE    4                         0      4        3
  SINCE MAR 1      4                         0      4        3
  SINCE JAN 1      4                         0      4        3
..................................................................


WIND (MPH)
  HIGHEST WIND SPEED    33   HIGHEST WIND DIRECTION     S (180)
  HIGHEST GUST SPEED    43   HIGHEST GUST DIRECTION     S (180)
  AVERAGE WIND SPEED    19.0


SKY COVER
  AVERAGE SKY COVER 0.7


WEATHER CONDITIONS
 THE FOLLOWING WEATHER WAS RECORDED YESTERDAY.
  THUNDERSTORM
  FOG


RELATIVE HUMIDITY (PERCENT)
 HIGHEST    93           500 AM
 LOWEST     41          1100 PM
 AVERAGE    67

..........................................................


THE CONCORDIA KS CLIMATE NORMALS FOR TODAY
                         NORMAL    RECORD    YEAR
 MAXIMUM TEMPERATURE (F)   58        83      1907
 MINIMUM TEMPERATURE (F)   34         8      1965


SUNRISE AND SUNSET
MARCH 24 2017.........SUNRISE   727 AM CDT   SUNSET   747 PM CDT
MARCH 25 2017.........SUNRISE   726 AM CDT   SUNSET   748 PM CDT


-  INDICATES NEGATIVE NUMBERS.
R  INDICATES RECORD WAS SET OR TIED.
MM INDICATES DATA IS MISSING.
T  INDICATES TRACE AMOUNT.




$$
