000
CDUS43 KTOP 270633
CLICNK


CLIMATE REPORT
NATIONAL WEATHER SERVICE TOPEKA KS
131 AM CDT MON JUL 27 2015


...................................

...THE CONCORDIA KS CLIMATE SUMMARY FOR JULY 26 2015...

CLIMATE NORMAL PERIOD 1981 TO 2010
CLIMATE RECORD PERIOD 1885 TO 2015


WEATHER ITEM   OBSERVED TIME   RECORD YEAR NORMAL DEPARTURE LAST
                VALUE   (LST)  VALUE       VALUE  FROM      YEAR
                                                  NORMAL
..................................................................
TEMPERATURE (F)
 YESTERDAY
  MAXIMUM         92    341 PM 108    2002  91      1      102
  MINIMUM         72    626 AM  51    2004  68      4       75
  AVERAGE         82                        79      3       89

PRECIPITATION (IN)
  YESTERDAY        T             3.32 1998   0.11  -0.11     0.00
  MONTH TO DATE    3.57                      3.37   0.20     0.97
  SINCE JUN 1      9.68                      7.42   2.26     7.67
  SINCE JAN 1     17.76                     17.41   0.35    13.50

SNOWFALL (IN)
  YESTERDAY        0.0           0.0    MM   0.0    0.0      0.0
  MONTH TO DATE    0.0                       0.0    0.0      0.0
  SINCE JAN 1      5.6                      13.7   -8.1     16.9
  SINCE JUL 1      0.0                       0.0    0.0      0.0
  SNOW DEPTH       0

DEGREE DAYS
 HEATING
  YESTERDAY        0                         0      0        0
  MONTH TO DATE    0                         0      0        2
  SINCE JUN 1      2                        13    -11        3
  SINCE JUL 1      0                         0      0        2

 COOLING
  YESTERDAY       17                        14      3       24
  MONTH TO DATE  329                       360    -31      324
  SINCE JUN 1    638                       625     13      611
  SINCE JAN 1    693                       714    -21      786
..................................................................


WIND (MPH)
  HIGHEST WIND SPEED    20   HIGHEST WIND DIRECTION     W (270)
  HIGHEST GUST SPEED    24   HIGHEST GUST DIRECTION     W (260)
  AVERAGE WIND SPEED     6.9


SKY COVER
  AVERAGE SKY COVER 0.1


WEATHER CONDITIONS
 THE FOLLOWING WEATHER WAS RECORDED YESTERDAY.
  LIGHT RAIN
  FOG


RELATIVE HUMIDITY (PERCENT)
 HIGHEST   100          1200 AM
 LOWEST     52           100 PM
 AVERAGE    76

..........................................................


THE CONCORDIA KS CLIMATE NORMALS FOR TODAY
                         NORMAL    RECORD    YEAR
 MAXIMUM TEMPERATURE (F)   91       109      1931
 MINIMUM TEMPERATURE (F)   68        52      2005


SUNRISE AND SUNSET
JULY 27 2015..........SUNRISE   625 AM CDT   SUNSET   848 PM CDT
JULY 28 2015..........SUNRISE   626 AM CDT   SUNSET   847 PM CDT


-  INDICATES NEGATIVE NUMBERS.
R  INDICATES RECORD WAS SET OR TIED.
MM INDICATES DATA IS MISSING.
T  INDICATES TRACE AMOUNT.




$$
