000
CDUS43 KTOP 200634
CLICNK


CLIMATE REPORT
NATIONAL WEATHER SERVICE TOPEKA KS
1232 AM CST SAT DEC 20 2014


...................................

...THE CONCORDIA KS CLIMATE SUMMARY FOR DECEMBER 19 2014...

CLIMATE NORMAL PERIOD 1981 TO 2010
CLIMATE RECORD PERIOD 1885 TO 2014


WEATHER ITEM   OBSERVED TIME   RECORD YEAR NORMAL DEPARTURE LAST
                VALUE   (LST)  VALUE       VALUE  FROM      YEAR
                                                  NORMAL
..................................................................
TEMPERATURE (F)
 YESTERDAY
  MAXIMUM         33    807 PM  63    1966  38     -5       48
  MINIMUM         28    349 AM -12    1983  20      8       16
  AVERAGE         31                        29      2       32

PRECIPITATION (IN)
  YESTERDAY        0.00          0.45 1988   0.02  -0.02     0.00
  MONTH TO DATE    0.59                      0.58   0.01     0.19
  SINCE DEC 1      0.59                      0.58   0.01     0.19
  SINCE JAN 1     27.05                     27.62  -0.57    26.84

SNOWFALL (IN)
  YESTERDAY        0.0           1.7  1952   0.1   -0.1      0.0
  MONTH TO DATE    5.0                       2.2    2.8      2.6
  SINCE JAN 1     23.0                      18.6    4.4     22.9
  SINCE JUL 1      6.1                       4.9    1.2      2.6
  SNOW DEPTH       3

DEGREE DAYS
 HEATING
  YESTERDAY       34                        36     -2       33
  MONTH TO DATE  553                       647    -94      710
  SINCE DEC 1    553                       647    -94      710
  SINCE JUL 1   1716                      1739    -23     1766

 COOLING
  YESTERDAY        0                         0      0        0
  MONTH TO DATE    0                         0      0        0
  SINCE DEC 1      0                         0      0        0
  SINCE JAN 1   1368                      1349     19     1359
..................................................................


WIND (MPH)
  HIGHEST WIND SPEED    16   HIGHEST WIND DIRECTION     S (180)
  HIGHEST GUST SPEED    17   HIGHEST GUST DIRECTION     S (170)
  AVERAGE WIND SPEED     8.0


SKY COVER
  AVERAGE SKY COVER 0.9


WEATHER CONDITIONS
 THE FOLLOWING WEATHER WAS RECORDED YESTERDAY.
  FOG


RELATIVE HUMIDITY (PERCENT)
 HIGHEST   100           400 AM
 LOWEST     85          1100 AM
 AVERAGE    93

..........................................................


THE CONCORDIA KS CLIMATE NORMALS FOR TODAY
                         NORMAL    RECORD    YEAR
 MAXIMUM TEMPERATURE (F)   38        68      1894
 MINIMUM TEMPERATURE (F)   20       -12      1983


SUNRISE AND SUNSET
DECEMBER 20 2014......SUNRISE   747 AM CST   SUNSET   510 PM CST
DECEMBER 21 2014......SUNRISE   748 AM CST   SUNSET   510 PM CST


-  INDICATES NEGATIVE NUMBERS.
R  INDICATES RECORD WAS SET OR TIED.
MM INDICATES DATA IS MISSING.
T  INDICATES TRACE AMOUNT.




$$
