000
CDUS43 KTOP 090639
CLICNK


CLIMATE REPORT
NATIONAL WEATHER SERVICE TOPEKA KS
138 AM CDT MON OCT 9 2017


...................................

...THE CONCORDIA KS CLIMATE SUMMARY FOR OCTOBER 8 2017...

CLIMATE NORMAL PERIOD 1981 TO 2010
CLIMATE RECORD PERIOD 1885 TO 2017


WEATHER ITEM   OBSERVED TIME   RECORD YEAR NORMAL DEPARTURE LAST
                VALUE   (LST)  VALUE       VALUE  FROM      YEAR
                                                  NORMAL
..................................................................
TEMPERATURE (F)
 YESTERDAY
  MAXIMUM         80    256 PM  91    2010  70     10       75
                                      1991
                                      1980
  MINIMUM         54   1120 PM  21    2000  47      7       40
  AVERAGE         67                        58      9       58

PRECIPITATION (IN)
  YESTERDAY        0.00          1.96 1909   0.06  -0.06     0.00
  MONTH TO DATE    3.24                      0.59   2.65     0.84
  SINCE SEP 1      8.49                      3.50   4.99     2.84
  SINCE JAN 1     35.94                     24.60  11.34    28.36

SNOWFALL (IN)
  YESTERDAY        0.0           2.5  1992   0.0    0.0      0.0
  MONTH TO DATE    0.0                       0.0    0.0      0.0
  SINCE JAN 1      2.1                      13.7  -11.6     12.3
  SINCE JUL 1      0.0                       0.0    0.0      0.0
  SNOW DEPTH       0

DEGREE DAYS
 HEATING
  YESTERDAY        0                         8     -8        7
  MONTH TO DATE    9                        54    -45       34
  SINCE SEP 1     36                       124    -88       75
  SINCE JUL 1     36                       127    -91       76

 COOLING
  YESTERDAY        2                         1      1        0
  MONTH TO DATE   22                        12     10        4
  SINCE SEP 1    230                       172     58      224
  SINCE JAN 1   1368                      1338     30     1506
..................................................................


WIND (MPH)
  HIGHEST WIND SPEED    16   HIGHEST WIND DIRECTION     S (160)
  HIGHEST GUST SPEED    21   HIGHEST GUST DIRECTION     S (180)
  AVERAGE WIND SPEED     7.9


SKY COVER
  AVERAGE SKY COVER 0.0


WEATHER CONDITIONS
 THE FOLLOWING WEATHER WAS RECORDED YESTERDAY.
  NO SIGNIFICANT WEATHER WAS OBSERVED.


RELATIVE HUMIDITY (PERCENT)
 HIGHEST    86          1100 PM
 LOWEST     33           300 PM
 AVERAGE    60

..........................................................


THE CONCORDIA KS CLIMATE NORMALS FOR TODAY
                         NORMAL    RECORD    YEAR
 MAXIMUM TEMPERATURE (F)   70        91      1921
 MINIMUM TEMPERATURE (F)   46        27      1964


SUNRISE AND SUNSET
OCTOBER  9 2017.......SUNRISE   735 AM CDT   SUNSET   700 PM CDT
OCTOBER 10 2017.......SUNRISE   736 AM CDT   SUNSET   658 PM CDT


-  INDICATES NEGATIVE NUMBERS.
R  INDICATES RECORD WAS SET OR TIED.
MM INDICATES DATA IS MISSING.
T  INDICATES TRACE AMOUNT.




$$
