646
CDUS43 KTOP 222140
CLICNK


CLIMATE REPORT
NATIONAL WEATHER SERVICE TOPEKA KS
440 PM CDT MON AUG 22 2016


...................................

...THE CONCORDIA KS CLIMATE SUMMARY FOR AUGUST 22 2016...
VALID TODAY AS OF 0400 PM LOCAL TIME.

CLIMATE NORMAL PERIOD 1981 TO 2010
CLIMATE RECORD PERIOD 1885 TO 2016


WEATHER ITEM   OBSERVED TIME   RECORD YEAR NORMAL DEPARTURE LAST
                VALUE   (LST)  VALUE       VALUE  FROM      YEAR
                                                  NORMAL
..................................................................
TEMPERATURE (F)
 TODAY
  MAXIMUM         86    240 PM 103    1921  88     -2       90
  MINIMUM         63    635 AM  49    2009  65     -2       65
                                      1891
  AVERAGE         75                        76     -1       78

PRECIPITATION (IN)
  TODAY            0.00          1.59 1933   0.09  -0.09      T
                                      1927
  MONTH TO DATE    2.45                      2.28   0.17     3.76
  SINCE JUN 1      9.79                     10.25  -0.46    13.44
  SINCE JAN 1     21.96                     20.24   1.72    21.52

SNOWFALL (IN)
  TODAY            0.0           0.0    MM   0.0    0.0      0.0
  MONTH TO DATE    0.0                       0.0    0.0      0.0
  SINCE JAN 1     12.3                      13.7   -1.4      5.6
  SINCE JUL 1      0.0                       0.0    0.0      0.0
  SNOW DEPTH       0

DEGREE DAYS
 HEATING
  TODAY            0                         0      0        0
  MONTH TO DATE    0                         0      0        1
  SINCE JUN 1      1                        13    -12        3
  SINCE JUL 1      1                         0      1        1

 COOLING
  TODAY           10                        11     -1       13
  MONTH TO DATE  275                       283     -8      233
  SINCE JUN 1   1142                       984    158      938
  SINCE JAN 1   1202                      1073    129      993
..................................................................


WIND (MPH)
  HIGHEST WIND SPEED    26   HIGHEST WIND DIRECTION     S (180)
  HIGHEST GUST SPEED    34   HIGHEST GUST DIRECTION     S (190)
  AVERAGE WIND SPEED    18.3



WEATHER CONDITIONS
 THE FOLLOWING WEATHER WAS RECORDED TODAY.
  NO SIGNIFICANT WEATHER WAS OBSERVED.


RELATIVE HUMIDITY (PERCENT)
 HIGHEST    67           600 AM
 LOWEST     37           100 PM
 AVERAGE    52

..........................................................


THE CONCORDIA KS CLIMATE NORMALS FOR TOMORROW
                         NORMAL    RECORD    YEAR
 MAXIMUM TEMPERATURE (F)   88       105      1936
 MINIMUM TEMPERATURE (F)   65        41      1891


SUNRISE AND SUNSET
AUGUST 22 2016........SUNRISE   650 AM CDT   SUNSET   816 PM CDT
AUGUST 23 2016........SUNRISE   651 AM CDT   SUNSET   814 PM CDT


-  INDICATES NEGATIVE NUMBERS.
R  INDICATES RECORD WAS SET OR TIED.
MM INDICATES DATA IS MISSING.
T  INDICATES TRACE AMOUNT.




$$
