000
CDUS43 KTOP 270636
CLICNK


CLIMATE REPORT
NATIONAL WEATHER SERVICE TOPEKA KS
1235 AM CST FRI FEB 27 2015


...................................

...THE CONCORDIA KS CLIMATE SUMMARY FOR FEBRUARY 26 2015...

CLIMATE NORMAL PERIOD 1981 TO 2010
CLIMATE RECORD PERIOD 1885 TO 2015


WEATHER ITEM   OBSERVED TIME   RECORD YEAR NORMAL DEPARTURE LAST
                VALUE   (LST)  VALUE       VALUE  FROM      YEAR
                                                  NORMAL
..................................................................
TEMPERATURE (F)
 YESTERDAY
  MAXIMUM         21    325 PM  79    1896  47    -26       33
  MINIMUM          3   1153 PM  -8    1934  26    -23        1
  AVERAGE         12                        36    -24       17

PRECIPITATION (IN)
  YESTERDAY        T             1.32 1895   0.03  -0.03     0.00
  MONTH TO DATE    0.27                      0.72  -0.45     0.76
  SINCE DEC 1      2.18                      2.15   0.03     1.73
  SINCE JAN 1      1.44                      1.30   0.14     1.19

SNOWFALL (IN)
  YESTERDAY        T             3.8  1997   0.1   -0.1      0.0
  MONTH TO DATE    1.7                       4.6   -2.9      9.1
  SINCE JAN 1      4.0                      10.3   -6.3     14.7
  SINCE JUL 1     10.1                      16.8   -6.7     21.0
  SNOW DEPTH       0

DEGREE DAYS
 HEATING
  YESTERDAY       53                        29     24       48
  MONTH TO DATE  938                       845     93     1010
  SINCE DEC 1   2940                      3057   -117     3359
  SINCE JUL 1   4103                      4149    -46     4415

 COOLING
  YESTERDAY        0                         0      0        0
  MONTH TO DATE    0                         0      0        0
  SINCE DEC 1      0                         0      0        0
  SINCE JAN 1      0                         0      0        0
..................................................................


WIND (MPH)
  HIGHEST WIND SPEED    25   HIGHEST WIND DIRECTION     N (360)
  HIGHEST GUST SPEED    33   HIGHEST GUST DIRECTION     N (350)
  AVERAGE WIND SPEED    13.0


SKY COVER
  AVERAGE SKY COVER 0.2


WEATHER CONDITIONS
 THE FOLLOWING WEATHER WAS RECORDED YESTERDAY.
  LIGHT SNOW
  FOG


RELATIVE HUMIDITY (PERCENT)
 HIGHEST    76           600 AM
 LOWEST     35           300 PM
 AVERAGE    56

..........................................................


THE CONCORDIA KS CLIMATE NORMALS FOR TODAY
                         NORMAL    RECORD    YEAR
 MAXIMUM TEMPERATURE (F)   48        75      1976
 MINIMUM TEMPERATURE (F)   26        -5      1890


SUNRISE AND SUNSET
FEBRUARY 27 2015......SUNRISE   707 AM CST   SUNSET   620 PM CST
FEBRUARY 28 2015......SUNRISE   705 AM CST   SUNSET   622 PM CST


-  INDICATES NEGATIVE NUMBERS.
R  INDICATES RECORD WAS SET OR TIED.
MM INDICATES DATA IS MISSING.
T  INDICATES TRACE AMOUNT.




$$
