000
CDUS43 KTOP 130635
CLICNK


CLIMATE REPORT
NATIONAL WEATHER SERVICE TOPEKA KS
135 AM CDT FRI OCT 13 2017


...................................

...THE CONCORDIA KS CLIMATE SUMMARY FOR OCTOBER 12 2017...

CLIMATE NORMAL PERIOD 1981 TO 2010
CLIMATE RECORD PERIOD 1885 TO 2017


WEATHER ITEM   OBSERVED TIME   RECORD YEAR NORMAL DEPARTURE LAST
                VALUE   (LST)  VALUE       VALUE  FROM      YEAR
                                                  NORMAL
..................................................................
TEMPERATURE (F)
 YESTERDAY
  MAXIMUM         77    414 PM  93    1899  69      8       56
  MINIMUM         48   1241 AM  25    1917  45      3       36
                                      1909
  AVERAGE         63                        57      6       46

PRECIPITATION (IN)
  YESTERDAY        0.00          1.15 1931   0.07  -0.07      T
  MONTH TO DATE    3.45                      0.84   2.61     0.94
  SINCE SEP 1      8.70                      3.75   4.95     2.94
  SINCE JAN 1     36.15                     24.85  11.30    28.46

SNOWFALL (IN)
  YESTERDAY        0.0           0.0    MM   0.0    0.0      0.0
  MONTH TO DATE    0.0                       0.0    0.0      0.0
  SINCE JAN 1      2.1                      13.7  -11.6     12.3
  SINCE JUL 1      0.0                       0.0    0.0      0.0
  SNOW DEPTH       0

DEGREE DAYS
 HEATING
  YESTERDAY        2                         9     -7       19
  MONTH TO DATE   64                        88    -24       62
  SINCE SEP 1     91                       158    -67      103
  SINCE JUL 1     91                       161    -70      104

 COOLING
  YESTERDAY        0                         1     -1        0
  MONTH TO DATE   22                        16      6        4
  SINCE SEP 1    230                       176     54      224
  SINCE JAN 1   1368                      1342     26     1506
..................................................................


WIND (MPH)
  HIGHEST WIND SPEED    24   HIGHEST WIND DIRECTION     S (160)
  HIGHEST GUST SPEED    31   HIGHEST GUST DIRECTION     S (170)
  AVERAGE WIND SPEED    13.1


SKY COVER
  AVERAGE SKY COVER 0.0


WEATHER CONDITIONS
 THE FOLLOWING WEATHER WAS RECORDED YESTERDAY.
  NO SIGNIFICANT WEATHER WAS OBSERVED.


RELATIVE HUMIDITY (PERCENT)
 HIGHEST    93           500 AM
 LOWEST     49           100 PM
 AVERAGE    71

..........................................................


THE CONCORDIA KS CLIMATE NORMALS FOR TODAY
                         NORMAL    RECORD    YEAR
 MAXIMUM TEMPERATURE (F)   68        90      1975
 MINIMUM TEMPERATURE (F)   45        29      2016


SUNRISE AND SUNSET
OCTOBER 13 2017.......SUNRISE   739 AM CDT   SUNSET   654 PM CDT
OCTOBER 14 2017.......SUNRISE   740 AM CDT   SUNSET   652 PM CDT


-  INDICATES NEGATIVE NUMBERS.
R  INDICATES RECORD WAS SET OR TIED.
MM INDICATES DATA IS MISSING.
T  INDICATES TRACE AMOUNT.




$$
