000
CDUS43 KTOP 212136
CLICNK


CLIMATE REPORT
NATIONAL WEATHER SERVICE TOPEKA KS
434 PM CDT WED JUN 21 2017


...................................

...THE CONCORDIA KS CLIMATE SUMMARY FOR JUNE 21 2017...
VALID TODAY AS OF 0400 PM LOCAL TIME.

CLIMATE NORMAL PERIOD 1981 TO 2010
CLIMATE RECORD PERIOD 1885 TO 2017


WEATHER ITEM   OBSERVED TIME   RECORD YEAR NORMAL DEPARTURE LAST
                VALUE   (LST)  VALUE       VALUE  FROM      YEAR
                                                  NORMAL
..................................................................
TEMPERATURE (F)
 TODAY
  MAXIMUM         97    257 PM 107    1988  87     10      101
  MINIMUM         73    613 AM  45    1902  64      9       67
  AVERAGE         85                        75     10       84

PRECIPITATION (IN)
  TODAY            0.00          2.19 1975   0.14  -0.14     0.00
  MONTH TO DATE    0.68                      2.80  -2.12     0.06
  SINCE JUN 1      0.68                      2.80  -2.12     0.06
  SINCE JAN 1     19.06                     12.79   6.27    12.23

SNOWFALL (IN)
  TODAY            0.0           T    1953   0.0    0.0      0.0
  MONTH TO DATE    0.0                       0.0    0.0      0.0
  SINCE JAN 1      2.1                      13.7  -11.6     12.3
  SINCE JUL 1      4.3                      20.2  -15.9     13.6
  SNOW DEPTH       0

DEGREE DAYS
 HEATING
  TODAY            0                         0      0        0
  MONTH TO DATE    0                        11    -11        0
  SINCE JUN 1      0                        11    -11        0
  SINCE JUL 1   4564                      5406   -842     4364

 COOLING
  TODAY           20                        11      9       19
  MONTH TO DATE  261                       160    101      283
  SINCE JUN 1    261                       160    101      283
  SINCE JAN 1    339                       249     90      343
..................................................................


WIND (MPH)
  HIGHEST WIND SPEED    30   HIGHEST WIND DIRECTION     S (190)
  HIGHEST GUST SPEED    38   HIGHEST GUST DIRECTION     S (190)
  AVERAGE WIND SPEED    17.5



WEATHER CONDITIONS
 THE FOLLOWING WEATHER WAS RECORDED TODAY.
  NO SIGNIFICANT WEATHER WAS OBSERVED.


RELATIVE HUMIDITY (PERCENT)
 HIGHEST    61           500 AM
 LOWEST     33           200 PM
 AVERAGE    47

..........................................................


THE CONCORDIA KS CLIMATE NORMALS FOR TOMORROW
                         NORMAL    RECORD    YEAR
 MAXIMUM TEMPERATURE (F)   87       103      1988
                                             1937
 MINIMUM TEMPERATURE (F)   64        49      1972


SUNRISE AND SUNSET
JUNE 21 2017..........SUNRISE   603 AM CDT   SUNSET   901 PM CDT
JUNE 22 2017..........SUNRISE   604 AM CDT   SUNSET   902 PM CDT


-  INDICATES NEGATIVE NUMBERS.
R  INDICATES RECORD WAS SET OR TIED.
MM INDICATES DATA IS MISSING.
T  INDICATES TRACE AMOUNT.




$$
