000
CDUS43 KTOP 080639
CLICNK


CLIMATE REPORT
NATIONAL WEATHER SERVICE TOPEKA KS
1238 AM CST MON JAN 8 2018


...................................

...THE CONCORDIA KS CLIMATE SUMMARY FOR JANUARY 7 2018...

CLIMATE NORMAL PERIOD 1981 TO 2010
CLIMATE RECORD PERIOD 1885 TO 2018


WEATHER ITEM   OBSERVED TIME   RECORD YEAR NORMAL DEPARTURE LAST
                VALUE   (LST)  VALUE       VALUE  FROM      YEAR
                                                  NORMAL
..................................................................
TEMPERATURE (F)
 YESTERDAY
  MAXIMUM         47    434 PM  63    2006  38      9       24
  MINIMUM         27    515 AM -17    1886  19      8        4
  AVERAGE         37                        28      9       14

PRECIPITATION (IN)
  YESTERDAY        0.00          1.05 1937   0.02  -0.02     0.00
  MONTH TO DATE    0.00                      0.11  -0.11     0.10
  SINCE DEC 1      0.13                      0.96  -0.83     1.03
  SINCE JAN 1      0.00                      0.11  -0.11     0.10

SNOWFALL (IN)
  YESTERDAY        0.0           0.6  1973   0.1   -0.1      0.0
  MONTH TO DATE    0.0                       1.1   -1.1      1.0
  SINCE JAN 1      0.0                       1.1   -1.1      1.0
  SINCE JUL 1      1.8                       7.6   -5.8      3.2
  SNOW DEPTH       0

DEGREE DAYS
 HEATING
  YESTERDAY       28                        37     -9       51
  MONTH TO DATE  321                       259     62      321
  SINCE DEC 1   1357                      1344     13     1425
  SINCE JUL 1   2294                      2436   -142     2122

 COOLING
  YESTERDAY        0                         0      0        0
  MONTH TO DATE    0                         0      0        0
  SINCE DEC 1      0                         0      0        0
  SINCE JAN 1      0                         0      0        0
..................................................................


WIND (MPH)
  HIGHEST WIND SPEED    15   HIGHEST WIND DIRECTION    NW (320)
  HIGHEST GUST SPEED    18   HIGHEST GUST DIRECTION     N (340)
  AVERAGE WIND SPEED     6.0


SKY COVER
  AVERAGE SKY COVER 0.4


WEATHER CONDITIONS
 THE FOLLOWING WEATHER WAS RECORDED YESTERDAY.
  NO SIGNIFICANT WEATHER WAS OBSERVED.


RELATIVE HUMIDITY (PERCENT)
 HIGHEST    89           800 PM
 LOWEST     45           200 PM
 AVERAGE    67

..........................................................


THE CONCORDIA KS CLIMATE NORMALS FOR TODAY
                         NORMAL    RECORD    YEAR
 MAXIMUM TEMPERATURE (F)   38        72      2003
 MINIMUM TEMPERATURE (F)   19       -33      1886


SUNRISE AND SUNSET
JANUARY  8 2018.......SUNRISE   751 AM CST   SUNSET   524 PM CST
JANUARY  9 2018.......SUNRISE   751 AM CST   SUNSET   525 PM CST


-  INDICATES NEGATIVE NUMBERS.
R  INDICATES RECORD WAS SET OR TIED.
MM INDICATES DATA IS MISSING.
T  INDICATES TRACE AMOUNT.




$$
