000
CDUS43 KTOP 180639
CLICNK


CLIMATE REPORT
NATIONAL WEATHER SERVICE TOPEKA KS
139 AM CDT MON APR 18 2016


...................................

...THE CONCORDIA KS CLIMATE SUMMARY FOR APRIL 17 2016...

CLIMATE NORMAL PERIOD 1981 TO 2010
CLIMATE RECORD PERIOD 1885 TO 2016


WEATHER ITEM   OBSERVED TIME   RECORD YEAR NORMAL DEPARTURE LAST
                VALUE   (LST)  VALUE       VALUE  FROM      YEAR
                                                  NORMAL
..................................................................
TEMPERATURE (F)
 YESTERDAY
  MAXIMUM         64   1208 AM  90    1926  66     -2       75
  MINIMUM         57    657 AM  21    1907  42     15       53
  AVERAGE         61                        54      7       64

PRECIPITATION (IN)
  YESTERDAY        0.35          2.12 2013   0.08   0.27     0.00
  MONTH TO DATE    0.38                      1.29  -0.91     0.70
  SINCE MAR 1      0.83                      3.30  -2.47     0.81
  SINCE JAN 1      2.39                      4.67  -2.28     2.33

SNOWFALL (IN)
  YESTERDAY        0.0           T    1922   0.0    0.0      0.0
  MONTH TO DATE    0.0                       0.4   -0.4      0.0
  SINCE JAN 1     12.3                      13.6   -1.3      5.6
  SINCE JUL 1     13.6                      20.1   -6.5     11.7
  SNOW DEPTH       0

DEGREE DAYS
 HEATING
  YESTERDAY        4                        12     -8        1
  MONTH TO DATE  158                       244    -86      151
  SINCE MAR 1    646                       928   -282      698
  SINCE JUL 1   4117                      5135  -1018     4905

 COOLING
  YESTERDAY        0                         1     -1        0
  MONTH TO DATE    1                         2     -1        4
  SINCE MAR 1      4                         3      1        8
  SINCE JAN 1      4                         3      1        8
..................................................................


WIND (MPH)
  HIGHEST WIND SPEED    23   HIGHEST WIND DIRECTION    SE (140)
  HIGHEST GUST SPEED    29   HIGHEST GUST DIRECTION    SE (130)
  AVERAGE WIND SPEED    12.0


SKY COVER
  AVERAGE SKY COVER 1.0


WEATHER CONDITIONS
 THE FOLLOWING WEATHER WAS RECORDED YESTERDAY.
  THUNDERSTORM
  HEAVY RAIN
  RAIN
  LIGHT RAIN
  FOG


RELATIVE HUMIDITY (PERCENT)
 HIGHEST    97           500 PM
 LOWEST     73          1200 AM
 AVERAGE    85

..........................................................


THE CONCORDIA KS CLIMATE NORMALS FOR TODAY
                         NORMAL    RECORD    YEAR
 MAXIMUM TEMPERATURE (F)   66        92      1994
 MINIMUM TEMPERATURE (F)   42        27      1953


SUNRISE AND SUNSET
APRIL 18 2016.........SUNRISE   648 AM CDT   SUNSET   812 PM CDT
APRIL 19 2016.........SUNRISE   647 AM CDT   SUNSET   813 PM CDT


-  INDICATES NEGATIVE NUMBERS.
R  INDICATES RECORD WAS SET OR TIED.
MM INDICATES DATA IS MISSING.
T  INDICATES TRACE AMOUNT.




$$
