000
CDUS43 KTOP 260635
CLICNK


CLIMATE REPORT
NATIONAL WEATHER SERVICE TOPEKA KS
1234 AM CST MON JAN 26 2015


...................................

...THE CONCORDIA KS CLIMATE SUMMARY FOR JANUARY 25 2015...

CLIMATE NORMAL PERIOD 1981 TO 2010
CLIMATE RECORD PERIOD 1885 TO 2015


WEATHER ITEM   OBSERVED TIME   RECORD YEAR NORMAL DEPARTURE LAST
                VALUE   (LST)  VALUE       VALUE  FROM      YEAR
                                                  NORMAL
..................................................................
TEMPERATURE (F)
 YESTERDAY
  MAXIMUM         47    250 AM  67    1944  39      8       52
                                      1935
  MINIMUM         28    947 PM -16    1905  19      9       37
  AVERAGE         38                        29      9       45

PRECIPITATION (IN)
  YESTERDAY        T             0.61 2004   0.02  -0.02     0.00
  MONTH TO DATE    0.11                      0.43  -0.32     0.21
  SINCE DEC 1      0.85                      1.28  -0.43     0.75
  SINCE JAN 1      0.11                      0.43  -0.32     0.21

SNOWFALL (IN)
  YESTERDAY        0.0           2.5  1979   0.2   -0.2      0.0
  MONTH TO DATE    1.3                       4.5   -3.2      2.0
  SINCE JAN 1      1.3                       4.5   -3.2      2.0
  SINCE JUL 1      7.4                      11.0   -3.6      8.3
  SNOW DEPTH       0

DEGREE DAYS
 HEATING
  YESTERDAY       27                        36     -9       20
  MONTH TO DATE  891                       914    -23      934
  SINCE DEC 1   1866                      1999   -133     2105
  SINCE JUL 1   3029                      3091    -62     3161

 COOLING
  YESTERDAY        0                         0      0        0
  MONTH TO DATE    0                         0      0        0
  SINCE DEC 1      0                         0      0        0
  SINCE JAN 1      0                         0      0        0
..................................................................


WIND (MPH)
  HIGHEST WIND SPEED    36   HIGHEST WIND DIRECTION    NW (320)
  HIGHEST GUST SPEED    48   HIGHEST GUST DIRECTION    NW (320)
  AVERAGE WIND SPEED    15.6


SKY COVER
  AVERAGE SKY COVER 0.7


WEATHER CONDITIONS
 THE FOLLOWING WEATHER WAS RECORDED YESTERDAY.
  NO SIGNIFICANT WEATHER WAS OBSERVED.


RELATIVE HUMIDITY (PERCENT)
 HIGHEST    92           900 PM
 LOWEST     60           200 AM
 AVERAGE    76

..........................................................


THE CONCORDIA KS CLIMATE NORMALS FOR TODAY
                         NORMAL    RECORD    YEAR
 MAXIMUM TEMPERATURE (F)   39        73      1914
 MINIMUM TEMPERATURE (F)   19       -10      1904
                                             1902


SUNRISE AND SUNSET
JANUARY 26 2015.......SUNRISE   743 AM CST   SUNSET   543 PM CST
JANUARY 27 2015.......SUNRISE   743 AM CST   SUNSET   545 PM CST


-  INDICATES NEGATIVE NUMBERS.
R  INDICATES RECORD WAS SET OR TIED.
MM INDICATES DATA IS MISSING.
T  INDICATES TRACE AMOUNT.




$$
