000
CDUS43 KTOP 150638
CLICNK


CLIMATE REPORT
NATIONAL WEATHER SERVICE TOPEKA KS
1238 AM CST MON DEC 15 2014


...................................

...THE CONCORDIA KS CLIMATE SUMMARY FOR DECEMBER 14 2014...

CLIMATE NORMAL PERIOD 1981 TO 2010
CLIMATE RECORD PERIOD 1885 TO 2014


WEATHER ITEM   OBSERVED TIME   RECORD YEAR NORMAL DEPARTURE LAST
                VALUE   (LST)  VALUE       VALUE  FROM      YEAR
                                                  NORMAL
..................................................................
TEMPERATURE (F)
 YESTERDAY
  MAXIMUM         58    254 PM  64    2006  39     19       29
  MINIMUM         45   1159 PM -10    1989  20     25       18
                                      1901
  AVERAGE         52                        30     22       24

PRECIPITATION (IN)
  YESTERDAY        0.16          0.55 1891   0.02   0.14     0.00
  MONTH TO DATE    0.17                      0.45  -0.28     0.19
  SINCE DEC 1      0.17                      0.45  -0.28     0.19
  SINCE JAN 1     26.63                     27.49  -0.86    26.84

SNOWFALL (IN)
  YESTERDAY        0.0           3.6  1955   0.1   -0.1      0.0
  MONTH TO DATE    0.0                       1.7   -1.7      2.6
  SINCE JAN 1     18.0                      18.1   -0.1     22.9
  SINCE JUL 1      1.1                       4.4   -3.3      2.6
  SNOW DEPTH       0

DEGREE DAYS
 HEATING
  YESTERDAY       13                        35    -22       41
  MONTH TO DATE  381                       468    -87      586
  SINCE DEC 1    381                       468    -87      586
  SINCE JUL 1   1544                      1560    -16     1642

 COOLING
  YESTERDAY        0                         0      0        0
  MONTH TO DATE    0                         0      0        0
  SINCE DEC 1      0                         0      0        0
  SINCE JAN 1   1368                      1349     19     1359
..................................................................


WIND (MPH)
  HIGHEST WIND SPEED    23   HIGHEST WIND DIRECTION     S (180)
  HIGHEST GUST SPEED    31   HIGHEST GUST DIRECTION     S (190)
  AVERAGE WIND SPEED    13.1


SKY COVER
  AVERAGE SKY COVER 0.9


WEATHER CONDITIONS
 THE FOLLOWING WEATHER WAS RECORDED YESTERDAY.
  THUNDERSTORM
  RAIN
  LIGHT RAIN
  FOG


RELATIVE HUMIDITY (PERCENT)
 HIGHEST   100           300 AM
 LOWEST     93          1200 AM
 AVERAGE    97

..........................................................


THE CONCORDIA KS CLIMATE NORMALS FOR TODAY
                         NORMAL    RECORD    YEAR
 MAXIMUM TEMPERATURE (F)   39        70      2002
 MINIMUM TEMPERATURE (F)   20       -16      1989


SUNRISE AND SUNSET
DECEMBER 15 2014......SUNRISE   744 AM CST   SUNSET   508 PM CST
DECEMBER 16 2014......SUNRISE   745 AM CST   SUNSET   508 PM CST


-  INDICATES NEGATIVE NUMBERS.
R  INDICATES RECORD WAS SET OR TIED.
MM INDICATES DATA IS MISSING.
T  INDICATES TRACE AMOUNT.




$$
