000
CDUS43 KTOP 070632
CLICNK


CLIMATE REPORT
NATIONAL WEATHER SERVICE TOPEKA KS
1232 AM CST TUE FEB 7 2017


...................................

...THE CONCORDIA KS CLIMATE SUMMARY FOR FEBRUARY 6 2017...

CLIMATE NORMAL PERIOD 1981 TO 2010
CLIMATE RECORD PERIOD 1885 TO 2017


WEATHER ITEM   OBSERVED TIME   RECORD YEAR NORMAL DEPARTURE LAST
                VALUE   (LST)  VALUE       VALUE  FROM      YEAR
                                                  NORMAL
..................................................................
TEMPERATURE (F)
 YESTERDAY
  MAXIMUM         48   1259 PM  72    2009  41      7       48
  MINIMUM         26    100 AM -10    1905  20      6       23
  AVERAGE         37                        30      7       36

PRECIPITATION (IN)
  YESTERDAY        0.02          1.21 1928   0.02   0.00     0.00
  MONTH TO DATE    0.02                      0.15  -0.13     0.49
  SINCE DEC 1      2.70                      1.58   1.12     4.18
  SINCE JAN 1      1.77                      0.73   1.04     1.54

SNOWFALL (IN)
  YESTERDAY       MM             2.9  1997   0.2   MM        0.0
  MONTH TO DATE    T                         1.3   -1.3      4.7
  SINCE JAN 1      1.0                       7.0   -6.0     12.3
  SINCE JUL 1      3.2                      13.5  -10.3     13.6
  SNOW DEPTH       0

DEGREE DAYS
 HEATING
  YESTERDAY       28                        35     -7       29
  MONTH TO DATE  197                       210    -13      205
  SINCE DEC 1   2343                      2422    -79     2169
  SINCE JUL 1   3040                      3514   -474     2937

 COOLING
  YESTERDAY        0                         0      0        0
  MONTH TO DATE    0                         0      0        0
  SINCE DEC 1      0                         0      0        0
  SINCE JAN 1      0                         0      0        0
..................................................................


WIND (MPH)
  HIGHEST WIND SPEED    13   HIGHEST WIND DIRECTION    NW (310)
  HIGHEST GUST SPEED    16   HIGHEST GUST DIRECTION    NW (330)
  AVERAGE WIND SPEED     4.4


SKY COVER
  AVERAGE SKY COVER 0.8


WEATHER CONDITIONS
 THE FOLLOWING WEATHER WAS RECORDED YESTERDAY.
  LIGHT RAIN
  FOG
  FOG W/VISIBILITY <= 1/4 MILE


RELATIVE HUMIDITY (PERCENT)
 HIGHEST   100           300 AM
 LOWEST     84           100 AM
 AVERAGE    92

..........................................................


THE CONCORDIA KS CLIMATE NORMALS FOR TODAY
                         NORMAL    RECORD    YEAR
 MAXIMUM TEMPERATURE (F)   41        73      2015
 MINIMUM TEMPERATURE (F)   20       -17      1895


SUNRISE AND SUNSET
FEBRUARY  7 2017......SUNRISE   732 AM CST   SUNSET   558 PM CST
FEBRUARY  8 2017......SUNRISE   731 AM CST   SUNSET   559 PM CST


-  INDICATES NEGATIVE NUMBERS.
R  INDICATES RECORD WAS SET OR TIED.
MM INDICATES DATA IS MISSING.
T  INDICATES TRACE AMOUNT.




$$
