000
CDUS43 KTOP 230634
CLICNK


CLIMATE REPORT
NATIONAL WEATHER SERVICE TOPEKA KS
134 AM CDT SUN AUG 23 2015


...................................

...THE CONCORDIA KS CLIMATE SUMMARY FOR AUGUST 22 2015...

CLIMATE NORMAL PERIOD 1981 TO 2010
CLIMATE RECORD PERIOD 1885 TO 2015


WEATHER ITEM   OBSERVED TIME   RECORD YEAR NORMAL DEPARTURE LAST
                VALUE   (LST)  VALUE       VALUE  FROM      YEAR
                                                  NORMAL
..................................................................
TEMPERATURE (F)
 YESTERDAY
  MAXIMUM         90    339 PM 103    1921  88      2       90
  MINIMUM         65   1119 PM  49    2009  65      0       73
                                      1891
  AVERAGE         78                        76      2       82

PRECIPITATION (IN)
  YESTERDAY        T             1.59 1933   0.09  -0.09     0.58
                                      1927
  MONTH TO DATE    3.76                      2.28   1.48     4.88
  SINCE JUN 1     13.44                     10.25   3.19    12.72
  SINCE JAN 1     21.52                     20.24   1.28    18.55

SNOWFALL (IN)
  YESTERDAY        0.0           0.0    MM   0.0    0.0      0.0
  MONTH TO DATE    0.0                       0.0    0.0      0.0
  SINCE JAN 1      5.6                      13.7   -8.1     16.9
  SINCE JUL 1      0.0                       0.0    0.0      0.0
  SNOW DEPTH       0

DEGREE DAYS
 HEATING
  YESTERDAY        0                         0      0        0
  MONTH TO DATE    1                         0      1        0
  SINCE JUN 1      3                        13    -10        3
  SINCE JUL 1      1                         0      1        2

 COOLING
  YESTERDAY       13                        11      2       17
  MONTH TO DATE  233                       283    -50      271
  SINCE JUN 1    938                       984    -46      920
  SINCE JAN 1    993                      1073    -80     1095
..................................................................


WIND (MPH)
  HIGHEST WIND SPEED    31   HIGHEST WIND DIRECTION     S (190)
  HIGHEST GUST SPEED    39   HIGHEST GUST DIRECTION     S (200)
  AVERAGE WIND SPEED    16.8


SKY COVER
  AVERAGE SKY COVER 0.4


WEATHER CONDITIONS
 THE FOLLOWING WEATHER WAS RECORDED YESTERDAY.
  THUNDERSTORM
  LIGHT RAIN
  FOG
  HAZE


RELATIVE HUMIDITY (PERCENT)
 HIGHEST    90          1200 AM
 LOWEST     52           200 PM
 AVERAGE    71

..........................................................


THE CONCORDIA KS CLIMATE NORMALS FOR TODAY
                         NORMAL    RECORD    YEAR
 MAXIMUM TEMPERATURE (F)   88       105      1936
 MINIMUM TEMPERATURE (F)   65        41      1891


SUNRISE AND SUNSET
AUGUST 23 2015........SUNRISE   650 AM CDT   SUNSET   816 PM CDT
AUGUST 24 2015........SUNRISE   651 AM CDT   SUNSET   814 PM CDT


-  INDICATES NEGATIVE NUMBERS.
R  INDICATES RECORD WAS SET OR TIED.
MM INDICATES DATA IS MISSING.
T  INDICATES TRACE AMOUNT.




$$
