000
CDUS43 KTOP 122133
CLICNK


CLIMATE REPORT
NATIONAL WEATHER SERVICE TOPEKA KS
432 PM CDT FRI MAY 12 2017


...................................

...THE CONCORDIA KS CLIMATE SUMMARY FOR MAY 12 2017...
VALID TODAY AS OF 0400 PM LOCAL TIME.

CLIMATE NORMAL PERIOD 1981 TO 2010
CLIMATE RECORD PERIOD 1885 TO 2017


WEATHER ITEM   OBSERVED TIME   RECORD YEAR NORMAL DEPARTURE LAST
                VALUE   (LST)  VALUE       VALUE  FROM      YEAR
                                                  NORMAL
..................................................................
TEMPERATURE (F)
 TODAY
  MAXIMUM         73    249 PM  99    1956  73      0       73
  MINIMUM         43    530 AM  36    1971  51     -8       47
                                      1943
  AVERAGE         58                        62     -4       60

PRECIPITATION (IN)
  TODAY            0.00          2.25 1887   0.14  -0.14     0.00
  MONTH TO DATE    1.17                      1.47  -0.30     2.51
  SINCE MAR 1      9.70                      5.93   3.77     4.86
  SINCE JAN 1     11.55                      7.30   4.25     6.42

SNOWFALL (IN)
  TODAY            0.0           T    1934   0.0    0.0      0.0
  MONTH TO DATE    T                         0.0    0.0      0.0
  SINCE JAN 1      2.1                      13.7  -11.6     12.3
  SINCE JUL 1      4.3                      20.2  -15.9     13.6
  SNOW DEPTH       0

DEGREE DAYS
 HEATING
  TODAY            7                         5      2        5
  MONTH TO DATE   66                        74     -8       55
  SINCE MAR 1    983                      1131   -148      809
  SINCE JUL 1   4484                      5338   -854     4280

 COOLING
  TODAY            0                         2     -2        0
  MONTH TO DATE   25                        14     11        8
  SINCE MAR 1     44                        31     13       19
  SINCE JAN 1     44                        31     13       19
..................................................................


WIND (MPH)
  HIGHEST WIND SPEED    18   HIGHEST WIND DIRECTION    NE (30)
  HIGHEST GUST SPEED    26   HIGHEST GUST DIRECTION    NE (40)
  AVERAGE WIND SPEED     8.5



WEATHER CONDITIONS
 THE FOLLOWING WEATHER WAS RECORDED TODAY.
  NO SIGNIFICANT WEATHER WAS OBSERVED.


RELATIVE HUMIDITY (PERCENT)
 HIGHEST    92           500 AM
 LOWEST     35           300 PM
 AVERAGE    64

..........................................................


THE CONCORDIA KS CLIMATE NORMALS FOR TOMORROW
                         NORMAL    RECORD    YEAR
 MAXIMUM TEMPERATURE (F)   73        93      1940
                                             1915
 MINIMUM TEMPERATURE (F)   51        33      1966


SUNRISE AND SUNSET
MAY 12 2017...........SUNRISE   619 AM CDT   SUNSET   835 PM CDT
MAY 13 2017...........SUNRISE   618 AM CDT   SUNSET   836 PM CDT


-  INDICATES NEGATIVE NUMBERS.
R  INDICATES RECORD WAS SET OR TIED.
MM INDICATES DATA IS MISSING.
T  INDICATES TRACE AMOUNT.

$$
