000
CDUS43 KTOP 152235
CLICNK


CLIMATE REPORT
NATIONAL WEATHER SERVICE TOPEKA KS
434 PM CST WED FEB 15 2017


...................................

...THE CONCORDIA KS CLIMATE SUMMARY FOR FEBRUARY 15 2017...
VALID TODAY AS OF 0400 PM LOCAL TIME.

CLIMATE NORMAL PERIOD 1981 TO 2010
CLIMATE RECORD PERIOD 1885 TO 2017


WEATHER ITEM   OBSERVED TIME   RECORD YEAR NORMAL DEPARTURE LAST
                VALUE   (LST)  VALUE       VALUE  FROM      YEAR
                                                  NORMAL
..................................................................
TEMPERATURE (F)
 TODAY
  MAXIMUM         58    359 PM  75    1921  43     15       57
  MINIMUM         25    706 AM  -6    1936  22      3       28
                                      1905
  AVERAGE         42                        33      9       43

PRECIPITATION (IN)
  TODAY            0.00          0.63 1938   0.02  -0.02     0.01
  MONTH TO DATE    0.02                      0.39  -0.37     0.50
  SINCE DEC 1      2.70                      1.82   0.88     4.19
  SINCE JAN 1      1.77                      0.97   0.80     1.55

SNOWFALL (IN)
  TODAY            0.0           3.6  1993   0.2   -0.2      0.0
  MONTH TO DATE    T                         3.2   -3.2      4.7
  SINCE JAN 1      1.0                       8.9   -7.9     12.3
  SINCE JUL 1      3.2                      15.4  -12.2     13.6
  SNOW DEPTH       0

DEGREE DAYS
 HEATING
  TODAY           23                        32     -9       22
  MONTH TO DATE  432                       511    -79      490
  SINCE DEC 1   2578                      2723   -145     2454
  SINCE JUL 1   3275                      3815   -540     3222

 COOLING
  TODAY            0                         0      0        0
  MONTH TO DATE    0                         0      0        0
  SINCE DEC 1      0                         0      0        0
  SINCE JAN 1      0                         0      0        0
..................................................................


WIND (MPH)
  HIGHEST WIND SPEED    15   HIGHEST WIND DIRECTION     W (250)
  HIGHEST GUST SPEED    19   HIGHEST GUST DIRECTION     W (260)
  AVERAGE WIND SPEED     8.8



WEATHER CONDITIONS
 THE FOLLOWING WEATHER WAS RECORDED TODAY.
  NO SIGNIFICANT WEATHER WAS OBSERVED.


RELATIVE HUMIDITY (PERCENT)
 HIGHEST    88           700 AM
 LOWEST     27           200 PM
 AVERAGE    58

..........................................................


THE CONCORDIA KS CLIMATE NORMALS FOR TOMORROW
                         NORMAL    RECORD    YEAR
 MAXIMUM TEMPERATURE (F)   43        71      1913
 MINIMUM TEMPERATURE (F)   22       -12      1903


SUNRISE AND SUNSET
FEBRUARY 15 2017......SUNRISE   722 AM CST   SUNSET   608 PM CST
FEBRUARY 16 2017......SUNRISE   721 AM CST   SUNSET   609 PM CST


-  INDICATES NEGATIVE NUMBERS.
R  INDICATES RECORD WAS SET OR TIED.
MM INDICATES DATA IS MISSING.
T  INDICATES TRACE AMOUNT.




$$
