000
CDUS43 KTOP 070636
CLICNK


CLIMATE REPORT
NATIONAL WEATHER SERVICE TOPEKA KS
135 AM CDT MON APR 7 2014


...................................

...THE CONCORDIA KS CLIMATE SUMMARY FOR APRIL 6 2014...

CLIMATE NORMAL PERIOD 1981 TO 2010
CLIMATE RECORD PERIOD 1885 TO 2014


WEATHER ITEM   OBSERVED TIME   RECORD YEAR NORMAL DEPARTURE LAST
                VALUE   (LST)  VALUE       VALUE  FROM      YEAR
                                                  NORMAL
..................................................................
TEMPERATURE (F)
 YESTERDAY
  MAXIMUM         63    129 PM  97    1893  62      1       73
  MINIMUM         46   1148 PM  16    1994  38      8       51
  AVERAGE         55                        50      5       62

PRECIPITATION (IN)
  YESTERDAY        T             1.50 2005   0.07  -0.07     0.00
  MONTH TO DATE    0.43                      0.45  -0.02     0.00
  SINCE MAR 1      0.66                      2.46  -1.80     0.89
  SINCE JAN 1      1.85                      3.83  -1.98     2.37

SNOWFALL (IN)
  YESTERDAY       MM             0.3  1994   0.0   MM        0.0
  MONTH TO DATE    T                         0.2   -0.2      0.0
  SINCE JAN 1     16.9                      13.4    3.5     17.9
  SINCE JUL 1     23.2                      19.9    3.3     26.4
  SNOW DEPTH       0

DEGREE DAYS
 HEATING
  YESTERDAY       10                        15     -5        3
  MONTH TO DATE  127                        96     31      111
  SINCE MAR 1    923                       780    143      928
  SINCE JUL 1   5405                      4987    418     4947

 COOLING
  YESTERDAY        0                         0      0        0
  MONTH TO DATE    0                         0      0        0
  SINCE MAR 1      0                         1     -1        0
  SINCE JAN 1      0                         1     -1        0
..................................................................


WIND (MPH)
  HIGHEST WIND SPEED    21   HIGHEST WIND DIRECTION    SE (150)
  HIGHEST GUST SPEED    24   HIGHEST GUST DIRECTION     S (170)
  AVERAGE WIND SPEED     9.2


SKY COVER
  AVERAGE SKY COVER 0.9


WEATHER CONDITIONS
 THE FOLLOWING WEATHER WAS RECORDED YESTERDAY.
  HAZE


RELATIVE HUMIDITY (PERCENT)
 HIGHEST    77           800 AM
 LOWEST     40           100 PM
 AVERAGE    59

..........................................................


THE CONCORDIA KS CLIMATE NORMALS FOR TODAY
                         NORMAL    RECORD    YEAR
 MAXIMUM TEMPERATURE (F)   62        90      1890
 MINIMUM TEMPERATURE (F)   38        17      2009
                                             2007


SUNRISE AND SUNSET
APRIL  7 2014.........SUNRISE   705 AM CDT   SUNSET   801 PM CDT
APRIL  8 2014.........SUNRISE   704 AM CDT   SUNSET   802 PM CDT


-  INDICATES NEGATIVE NUMBERS.
R  INDICATES RECORD WAS SET OR TIED.
MM INDICATES DATA IS MISSING.
T  INDICATES TRACE AMOUNT.




$$
