000
CDUS43 KTOP 040633
CLICNK


CLIMATE REPORT
NATIONAL WEATHER SERVICE TOPEKA KS
132 AM CDT WED OCT 4 2017


...................................

...THE CONCORDIA KS CLIMATE SUMMARY FOR OCTOBER 3 2017...

CLIMATE NORMAL PERIOD 1981 TO 2010
CLIMATE RECORD PERIOD 1885 TO 2017


WEATHER ITEM   OBSERVED TIME   RECORD YEAR NORMAL DEPARTURE LAST
                VALUE   (LST)  VALUE       VALUE  FROM      YEAR
                                                  NORMAL
..................................................................
TEMPERATURE (F)
 YESTERDAY
  MAXIMUM         74    227 AM  96    1938  72      2       82
  MINIMUM         60   1157 PM  35    2010  48     12       55
                                      1999
                                      1987
  AVERAGE         67                        60      7       69

PRECIPITATION (IN)
  YESTERDAY        0.01          2.89 1891   0.07  -0.06      T
  MONTH TO DATE    0.07                      0.24  -0.17      T
  SINCE SEP 1      5.32                      3.15   2.17     2.00
  SINCE JAN 1     32.77                     24.25   8.52    27.52

SNOWFALL (IN)
  YESTERDAY        0.0           0.0    MM   0.0    0.0      0.0
  MONTH TO DATE    0.0                       0.0    0.0      0.0
  SINCE JAN 1      2.1                      13.7  -11.6     12.3
  SINCE JUL 1      0.0                       0.0    0.0      0.0
  SNOW DEPTH       0

DEGREE DAYS
 HEATING
  YESTERDAY        0                         6     -6        0
  MONTH TO DATE    0                        18    -18        5
  SINCE SEP 1     27                        88    -61       46
  SINCE JUL 1     27                        91    -64       47

 COOLING
  YESTERDAY        2                         2      0        4
  MONTH TO DATE   15                         6      9        4
  SINCE SEP 1    223                       166     57      224
  SINCE JAN 1   1361                      1332     29     1506
..................................................................


WIND (MPH)
  HIGHEST WIND SPEED    33   HIGHEST WIND DIRECTION     S (180)
  HIGHEST GUST SPEED    42   HIGHEST GUST DIRECTION     S (180)
  AVERAGE WIND SPEED    12.1


SKY COVER
  AVERAGE SKY COVER 0.8


WEATHER CONDITIONS
 THE FOLLOWING WEATHER WAS RECORDED YESTERDAY.
  THUNDERSTORM
  LIGHT RAIN
  FOG


RELATIVE HUMIDITY (PERCENT)
 HIGHEST    90          1200 PM
 LOWEST     78           400 PM
 AVERAGE    84

..........................................................


THE CONCORDIA KS CLIMATE NORMALS FOR TODAY
                         NORMAL    RECORD    YEAR
 MAXIMUM TEMPERATURE (F)   72        96      1963
                                             1938
 MINIMUM TEMPERATURE (F)   48        29      1885


SUNRISE AND SUNSET
OCTOBER  4 2017.......SUNRISE   730 AM CDT   SUNSET   708 PM CDT
OCTOBER  5 2017.......SUNRISE   731 AM CDT   SUNSET   706 PM CDT


-  INDICATES NEGATIVE NUMBERS.
R  INDICATES RECORD WAS SET OR TIED.
MM INDICATES DATA IS MISSING.
T  INDICATES TRACE AMOUNT.




$$
