000
CDUS43 KTOP 062234
CLICNK


CLIMATE REPORT
NATIONAL WEATHER SERVICE TOPEKA KS
433 PM CST MON NOV 6 2017


...................................

...THE CONCORDIA KS CLIMATE SUMMARY FOR NOVEMBER 6 2017...
VALID TODAY AS OF 0400 PM LOCAL TIME.

CLIMATE NORMAL PERIOD 1981 TO 2010
CLIMATE RECORD PERIOD 1885 TO 2017


WEATHER ITEM   OBSERVED TIME   RECORD YEAR NORMAL DEPARTURE LAST
                VALUE   (LST)  VALUE       VALUE  FROM      YEAR
                                                  NORMAL
..................................................................
TEMPERATURE (F)
 TODAY
  MAXIMUM         49    326 PM  84    1980  58     -9       71
  MINIMUM         28    735 AM  13    1959  36     -8       48
  AVERAGE         39                        47     -8       60

PRECIPITATION (IN)
  TODAY            0.00          1.00 1946   0.04  -0.04     0.00
  MONTH TO DATE    0.00                      0.28  -0.28     0.01
  SINCE SEP 1      8.75                      5.11   3.64     3.01
  SINCE JAN 1     36.20                     26.21   9.99    28.53

SNOWFALL (IN)
  TODAY            0.0           2.8  1953   0.0    0.0      0.0
  MONTH TO DATE    0.0                       0.2   -0.2      0.0
  SINCE JAN 1      2.1                      14.1  -12.0     12.3
  SINCE JUL 1      T                         0.4   -0.4      0.0
  SNOW DEPTH       0

DEGREE DAYS
 HEATING
  TODAY           26                        18      8        5
  MONTH TO DATE  137                       102     35       31
  SINCE SEP 1    463                       490    -27      243
  SINCE JUL 1    463                       493    -30      244

 COOLING
  TODAY            0                         0      0        0
  MONTH TO DATE    0                         0      0        0
  SINCE SEP 1    232                       182     50      258
  SINCE JAN 1   1370                      1348     22     1540
..................................................................


WIND (MPH)
  HIGHEST WIND SPEED    13   HIGHEST WIND DIRECTION     E (80)
  HIGHEST GUST SPEED    16   HIGHEST GUST DIRECTION    NE (50)
  AVERAGE WIND SPEED     7.7



WEATHER CONDITIONS
 THE FOLLOWING WEATHER WAS RECORDED TODAY.
  NO SIGNIFICANT WEATHER WAS OBSERVED.


RELATIVE HUMIDITY (PERCENT)
 HIGHEST    78           600 AM
 LOWEST     29           300 PM
 AVERAGE    54

..........................................................


THE CONCORDIA KS CLIMATE NORMALS FOR TOMORROW
                         NORMAL    RECORD    YEAR
 MAXIMUM TEMPERATURE (F)   57        82      1915
 MINIMUM TEMPERATURE (F)   35         7      1991


SUNRISE AND SUNSET
NOVEMBER  6 2017......SUNRISE   705 AM CST   SUNSET   523 PM CST
NOVEMBER  7 2017......SUNRISE   706 AM CST   SUNSET   522 PM CST


-  INDICATES NEGATIVE NUMBERS.
R  INDICATES RECORD WAS SET OR TIED.
MM INDICATES DATA IS MISSING.
T  INDICATES TRACE AMOUNT.




$$
