000
CDUS43 KTOP 160636
CLICNK


CLIMATE REPORT
NATIONAL WEATHER SERVICE TOPEKA KS
135 AM CDT FRI SEP 16 2016


...................................

...THE CONCORDIA KS CLIMATE SUMMARY FOR SEPTEMBER 15 2016...

CLIMATE NORMAL PERIOD 1981 TO 2010
CLIMATE RECORD PERIOD 1885 TO 2016


WEATHER ITEM   OBSERVED TIME   RECORD YEAR NORMAL DEPARTURE LAST
                VALUE   (LST)  VALUE       VALUE  FROM      YEAR
                                                  NORMAL
..................................................................
TEMPERATURE (F)
 YESTERDAY
  MAXIMUM         85    326 PM 100    1895  80      5       94
  MINIMUM         64   1159 PM  34    1993  56      8       69
  AVERAGE         75                        68      7       82

PRECIPITATION (IN)
  YESTERDAY        T             2.30 1996   0.11  -0.11     0.00
  MONTH TO DATE    1.18                      1.46  -0.28     0.93
  SINCE SEP 1      1.18                      1.46  -0.28     0.93
  SINCE JAN 1     26.70                     22.56   4.14    22.89

SNOWFALL (IN)
  YESTERDAY        0.0           0.0    MM   0.0    0.0      0.0
  MONTH TO DATE    0.0                       0.0    0.0      0.0
  SINCE JAN 1     12.3                      13.7   -1.4      5.6
  SINCE JUL 1      0.0                       0.0    0.0      0.0
  SNOW DEPTH       0

DEGREE DAYS
 HEATING
  YESTERDAY        0                         2     -2        0
  MONTH TO DATE   13                        16     -3        3
  SINCE SEP 1     13                        16     -3        3
  SINCE JUL 1     14                        19     -5        5

 COOLING
  YESTERDAY       10                         5      5       17
  MONTH TO DATE  114                       109      5      193
  SINCE SEP 1    114                       109      5      193
  SINCE JAN 1   1396                      1275    121     1232
..................................................................


WIND (MPH)
  HIGHEST WIND SPEED    33   HIGHEST WIND DIRECTION    NW (310)
  HIGHEST GUST SPEED    40   HIGHEST GUST DIRECTION    NW (310)
  AVERAGE WIND SPEED    12.5


SKY COVER
  AVERAGE SKY COVER 0.5


WEATHER CONDITIONS
 THE FOLLOWING WEATHER WAS RECORDED YESTERDAY.
  THUNDERSTORM
  FOG
  FOG W/VISIBILITY <= 1/4 MILE


RELATIVE HUMIDITY (PERCENT)
 HIGHEST   100           200 AM
 LOWEST     58           300 PM
 AVERAGE    79

..........................................................


THE CONCORDIA KS CLIMATE NORMALS FOR TODAY
                         NORMAL    RECORD    YEAR
 MAXIMUM TEMPERATURE (F)   80       104      1895
 MINIMUM TEMPERATURE (F)   56        36      1903


SUNRISE AND SUNSET
SEPTEMBER 16 2016.....SUNRISE   713 AM CDT   SUNSET   737 PM CDT
SEPTEMBER 17 2016.....SUNRISE   714 AM CDT   SUNSET   735 PM CDT


-  INDICATES NEGATIVE NUMBERS.
R  INDICATES RECORD WAS SET OR TIED.
MM INDICATES DATA IS MISSING.
T  INDICATES TRACE AMOUNT.




$$
