000
CDUS43 KTOP 192232
CLICNK


CLIMATE REPORT
NATIONAL WEATHER SERVICE TOPEKA KS
431 PM CST SAT NOV 19 2016


...................................

...THE CONCORDIA KS CLIMATE SUMMARY FOR NOVEMBER 19 2016...
VALID TODAY AS OF 430 PM LOCAL TIME.

CLIMATE NORMAL PERIOD 1981 TO 2010
CLIMATE RECORD PERIOD 1885 TO 2016


WEATHER ITEM   OBSERVED TIME   RECORD YEAR NORMAL DEPARTURE LAST
                VALUE   (LST)  VALUE       VALUE  FROM      YEAR
                                                  NORMAL
..................................................................
TEMPERATURE (F)
 TODAY
  MAXIMUM         45    347 PM  78    1942  50     -5       50
  MINIMUM         20    701 AM   7    1914  29     -9       30
  AVERAGE         33                        40     -7       40

PRECIPITATION (IN)
  TODAY            0.00          2.00 1930   0.03  -0.03     0.00
  MONTH TO DATE    0.35                      0.76  -0.41     1.40
  SINCE SEP 1      3.35                      5.59  -2.24     3.98
  SINCE JAN 1     28.87                     26.69   2.18    25.94

SNOWFALL (IN)
  TODAY            0.0           1.7  1948   0.1   -0.1      0.0
  MONTH TO DATE    0.0                       1.2   -1.2       T
  SINCE JAN 1     12.3                      15.1   -2.8      5.6
  SINCE JUL 1      0.0                       1.4   -1.4       T
  SNOW DEPTH       0

DEGREE DAYS
 HEATING
  TODAY           32                        25      7       25
  MONTH TO DATE  233                       388   -155      233
  SINCE SEP 1    445                       776   -331      463
  SINCE JUL 1    446                       779   -333      465

 COOLING
  TODAY            0                         0      0        0
  MONTH TO DATE    0                         0      0        1
  SINCE SEP 1    258                       182     76      336
  SINCE JAN 1   1540                      1348    192     1375
..................................................................


WIND (MPH)
  HIGHEST WIND SPEED    14   HIGHEST WIND DIRECTION     W (290)
  HIGHEST GUST SPEED    18   HIGHEST GUST DIRECTION     W (290)
  AVERAGE WIND SPEED     7.0



WEATHER CONDITIONS
 THE FOLLOWING WEATHER WAS RECORDED TODAY.
  NO SIGNIFICANT WEATHER WAS OBSERVED.


RELATIVE HUMIDITY (PERCENT)
 HIGHEST    92           400 AM
 LOWEST     40           200 PM
 AVERAGE    66

..........................................................


THE CONCORDIA KS CLIMATE NORMALS FOR TOMORROW
                         NORMAL    RECORD    YEAR
 MAXIMUM TEMPERATURE (F)   50        79      1897
 MINIMUM TEMPERATURE (F)   29         8      1985


SUNRISE AND SUNSET
NOVEMBER 19 2016......SUNRISE   720 AM CST   SUNSET   512 PM CST
NOVEMBER 20 2016......SUNRISE   721 AM CST   SUNSET   511 PM CST


-  INDICATES NEGATIVE NUMBERS.
R  INDICATES RECORD WAS SET OR TIED.
MM INDICATES DATA IS MISSING.
T  INDICATES TRACE AMOUNT.




$$
