000
CDUS43 KTOP 170639
CLICNK


CLIMATE REPORT
NATIONAL WEATHER SERVICE TOPEKA KS
138 AM CDT SUN SEP 17 2017


...................................

...THE CONCORDIA KS CLIMATE SUMMARY FOR SEPTEMBER 16 2017...

CLIMATE NORMAL PERIOD 1981 TO 2010
CLIMATE RECORD PERIOD 1885 TO 2017


WEATHER ITEM   OBSERVED TIME   RECORD YEAR NORMAL DEPARTURE LAST
                VALUE   (LST)  VALUE       VALUE  FROM      YEAR
                                                  NORMAL
..................................................................
TEMPERATURE (F)
 YESTERDAY
  MAXIMUM         81    201 PM 104    1895  80      1       77
  MINIMUM         57   1159 PM  36    1903  56      1       61
  AVERAGE         69                        68      1       69

PRECIPITATION (IN)
  YESTERDAY        1.01          1.44 1968   0.10   0.91     0.54
  MONTH TO DATE    1.04                      1.56  -0.52     1.72
  SINCE SEP 1      1.04                      1.56  -0.52     1.72
  SINCE JAN 1     28.49                     22.66   5.83    27.24

SNOWFALL (IN)
  YESTERDAY        0.0           0.0    MM   0.0    0.0      0.0
  MONTH TO DATE    0.0                       0.0    0.0      0.0
  SINCE JAN 1      2.1                      13.7  -11.6     12.3
  SINCE JUL 1      0.0                       0.0    0.0      0.0
  SNOW DEPTH       0

DEGREE DAYS
 HEATING
  YESTERDAY        0                         2     -2        0
  MONTH TO DATE    7                        18    -11       13
  SINCE SEP 1      7                        18    -11       13
  SINCE JUL 1      7                        21    -14       14

 COOLING
  YESTERDAY        4                         5     -1        4
  MONTH TO DATE  113                       114     -1      118
  SINCE SEP 1    113                       114     -1      118
  SINCE JAN 1   1251                      1280    -29     1400
..................................................................


WIND (MPH)
  HIGHEST WIND SPEED    25   HIGHEST WIND DIRECTION     S (180)
  HIGHEST GUST SPEED    34   HIGHEST GUST DIRECTION     S (170)
  AVERAGE WIND SPEED    13.0


SKY COVER
  AVERAGE SKY COVER 0.2


WEATHER CONDITIONS
 THE FOLLOWING WEATHER WAS RECORDED YESTERDAY.
  THUNDERSTORM
  HEAVY RAIN
  RAIN
  LIGHT RAIN
  FOG


RELATIVE HUMIDITY (PERCENT)
 HIGHEST   100          1100 PM
 LOWEST     60           400 PM
 AVERAGE    80

..........................................................


THE CONCORDIA KS CLIMATE NORMALS FOR TODAY
                         NORMAL    RECORD    YEAR
 MAXIMUM TEMPERATURE (F)   80       102      1953
 MINIMUM TEMPERATURE (F)   55        37      1981


SUNRISE AND SUNSET
SEPTEMBER 17 2017.....SUNRISE   714 AM CDT   SUNSET   735 PM CDT
SEPTEMBER 18 2017.....SUNRISE   715 AM CDT   SUNSET   734 PM CDT


-  INDICATES NEGATIVE NUMBERS.
R  INDICATES RECORD WAS SET OR TIED.
MM INDICATES DATA IS MISSING.
T  INDICATES TRACE AMOUNT.




$$
