000
CDUS43 KTOP 170643
CLICNK


CLIMATE REPORT
NATIONAL WEATHER SERVICE TOPEKA KS
1242 AM CST SAT JAN 17 2015


...................................

...THE CONCORDIA KS CLIMATE SUMMARY FOR JANUARY 16 2015...

CLIMATE NORMAL PERIOD 1981 TO 2010
CLIMATE RECORD PERIOD 1885 TO 2015


WEATHER ITEM   OBSERVED TIME   RECORD YEAR NORMAL DEPARTURE LAST
                VALUE   (LST)  VALUE       VALUE  FROM      YEAR
                                                  NORMAL
..................................................................
TEMPERATURE (F)
 YESTERDAY
  MAXIMUM         64    347 PM  72    1894  39     25       49
  MINIMUM         29    357 AM -18    1888  19     10       25
  AVERAGE         47                        28     19       37

PRECIPITATION (IN)
  YESTERDAY        0.00          0.38 1980   0.01  -0.01     0.00
  MONTH TO DATE    0.11                      0.24  -0.13     0.21
  SINCE DEC 1      0.85                      1.09  -0.24     0.75
  SINCE JAN 1      0.11                      0.24  -0.13     0.21

SNOWFALL (IN)
  YESTERDAY        0.0           5.0  2008   0.2   -0.2      0.0
  MONTH TO DATE    1.3                       2.7   -1.4      2.0
  SINCE JAN 1      1.3                       2.7   -1.4      2.0
  SINCE JUL 1      7.4                       9.2   -1.8      8.3
  SNOW DEPTH       0

DEGREE DAYS
 HEATING
  YESTERDAY       18                        36    -18       28
  MONTH TO DATE  673                       590     83      618
  SINCE DEC 1   1648                      1675    -27     1789
  SINCE JUL 1   2811                      2767     44     2845

 COOLING
  YESTERDAY        0                         0      0        0
  MONTH TO DATE    0                         0      0        0
  SINCE DEC 1      0                         0      0        0
  SINCE JAN 1      0                         0      0        0
..................................................................


WIND (MPH)
  HIGHEST WIND SPEED    26   HIGHEST WIND DIRECTION    SW (210)
  HIGHEST GUST SPEED    31   HIGHEST GUST DIRECTION    SW (220)
  AVERAGE WIND SPEED    12.5


SKY COVER
  AVERAGE SKY COVER 0.0


WEATHER CONDITIONS
 THE FOLLOWING WEATHER WAS RECORDED YESTERDAY.
  NO SIGNIFICANT WEATHER WAS OBSERVED.


RELATIVE HUMIDITY (PERCENT)
 HIGHEST    78           300 AM
 LOWEST     22           300 PM
 AVERAGE    50

..........................................................


THE CONCORDIA KS CLIMATE NORMALS FOR TODAY
                         NORMAL    RECORD    YEAR
 MAXIMUM TEMPERATURE (F)   39        67      1986
 MINIMUM TEMPERATURE (F)   19       -14      1978


SUNRISE AND SUNSET
JANUARY 17 2015.......SUNRISE   749 AM CST   SUNSET   533 PM CST
JANUARY 18 2015.......SUNRISE   748 AM CST   SUNSET   534 PM CST


-  INDICATES NEGATIVE NUMBERS.
R  INDICATES RECORD WAS SET OR TIED.
MM INDICATES DATA IS MISSING.
T  INDICATES TRACE AMOUNT.




$$
