000
CDUS43 KTOP 110637
CLICNK


CLIMATE REPORT
NATIONAL WEATHER SERVICE TOPEKA KS
135 AM CDT FRI APR 11 2014


...................................

...THE CONCORDIA KS CLIMATE SUMMARY FOR APRIL 10 2014...

CLIMATE NORMAL PERIOD 1981 TO 2010
CLIMATE RECORD PERIOD 1885 TO 2014


WEATHER ITEM   OBSERVED TIME   RECORD YEAR NORMAL DEPARTURE LAST
                VALUE   (LST)  VALUE       VALUE  FROM      YEAR
                                                  NORMAL
..................................................................
TEMPERATURE (F)
 YESTERDAY
  MAXIMUM         67    430 PM  92    1896  63      4       31
  MINIMUM         47   1159 PM  19    1989  39      8       28
  AVERAGE         57                        51      6       30

PRECIPITATION (IN)
  YESTERDAY        0.00          0.96 1972   0.07  -0.07     0.09
  MONTH TO DATE    0.53                      0.75  -0.22     0.63
  SINCE MAR 1      0.76                      2.76  -2.00     1.52
  SINCE JAN 1      1.95                      4.13  -2.18     3.00

SNOWFALL (IN)
  YESTERDAY        0.0           T    2013   0.1   -0.1       T
                                      1994
  MONTH TO DATE    T                         0.4   -0.4       T
  SINCE JAN 1     16.9                      13.6    3.3     17.9
  SINCE JUL 1     23.2                      20.1    3.1     26.4
  SNOW DEPTH       0

DEGREE DAYS
 HEATING
  YESTERDAY        8                        14     -6       35
  MONTH TO DATE  165                       154     11      164
  SINCE MAR 1    961                       838    123      981
  SINCE JUL 1   5443                      5045    398     5000

 COOLING
  YESTERDAY        0                         0      0        0
  MONTH TO DATE    1                         0      1        0
  SINCE MAR 1      1                         1      0        0
  SINCE JAN 1      1                         1      0        0
..................................................................


WIND (MPH)
  HIGHEST WIND SPEED    31   HIGHEST WIND DIRECTION    NW (320)
  HIGHEST GUST SPEED    38   HIGHEST GUST DIRECTION    NW (320)
  AVERAGE WIND SPEED    13.2


SKY COVER
  AVERAGE SKY COVER 0.0


WEATHER CONDITIONS
 THE FOLLOWING WEATHER WAS RECORDED YESTERDAY.
  NO SIGNIFICANT WEATHER WAS OBSERVED.


RELATIVE HUMIDITY (PERCENT)
 HIGHEST    51           600 AM
 LOWEST     19           300 PM
 AVERAGE    35

..........................................................


THE CONCORDIA KS CLIMATE NORMALS FOR TODAY
                         NORMAL    RECORD    YEAR
 MAXIMUM TEMPERATURE (F)   64        92      1890
 MINIMUM TEMPERATURE (F)   40        22      1997


SUNRISE AND SUNSET
APRIL 11 2014.........SUNRISE   659 AM CDT   SUNSET   805 PM CDT
APRIL 12 2014.........SUNRISE   658 AM CDT   SUNSET   806 PM CDT


-  INDICATES NEGATIVE NUMBERS.
R  INDICATES RECORD WAS SET OR TIED.
MM INDICATES DATA IS MISSING.
T  INDICATES TRACE AMOUNT.




$$
