000
CDUS43 KTOP 200632
CLICNK


CLIMATE REPORT
NATIONAL WEATHER SERVICE TOPEKA KS
1231 AM CST TUE JAN 20 2015


...................................

...THE CONCORDIA KS CLIMATE SUMMARY FOR JANUARY 19 2015...

CLIMATE NORMAL PERIOD 1981 TO 2010
CLIMATE RECORD PERIOD 1885 TO 2015


WEATHER ITEM   OBSERVED TIME   RECORD YEAR NORMAL DEPARTURE LAST
                VALUE   (LST)  VALUE       VALUE  FROM      YEAR
                                                  NORMAL
..................................................................
TEMPERATURE (F)
 YESTERDAY
  MAXIMUM         63    210 PM  69    1895  39     24       65
  MINIMUM         33    613 AM -24    1892  19     14       26
  AVERAGE         48                        29     19       46

PRECIPITATION (IN)
  YESTERDAY        0.00          0.44 1958   0.02  -0.02     0.00
  MONTH TO DATE    0.11                      0.30  -0.19     0.21
  SINCE DEC 1      0.85                      1.15  -0.30     0.75
  SINCE JAN 1      0.11                      0.30  -0.19     0.21

SNOWFALL (IN)
  YESTERDAY        0.0           4.0  1958   0.2   -0.2      0.0
  MONTH TO DATE    1.3                       3.3   -2.0      2.0
  SINCE JAN 1      1.3                       3.3   -2.0      2.0
  SINCE JUL 1      7.4                       9.8   -2.4      8.3
  SNOW DEPTH       0

DEGREE DAYS
 HEATING
  YESTERDAY       17                        36    -19       19
  MONTH TO DATE  731                       698     33      701
  SINCE DEC 1   1706                      1783    -77     1872
  SINCE JUL 1   2869                      2875     -6     2928

 COOLING
  YESTERDAY        0                         0      0        0
  MONTH TO DATE    0                         0      0        0
  SINCE DEC 1      0                         0      0        0
  SINCE JAN 1      0                         0      0        0
..................................................................


WIND (MPH)
  HIGHEST WIND SPEED    22   HIGHEST WIND DIRECTION    NW (330)
  HIGHEST GUST SPEED    29   HIGHEST GUST DIRECTION    NW (310)
  AVERAGE WIND SPEED     9.2


SKY COVER
  AVERAGE SKY COVER 0.0


WEATHER CONDITIONS
 THE FOLLOWING WEATHER WAS RECORDED YESTERDAY.
  NO SIGNIFICANT WEATHER WAS OBSERVED.


RELATIVE HUMIDITY (PERCENT)
 HIGHEST    64           600 AM
 LOWEST     29           400 PM
 AVERAGE    47

..........................................................


THE CONCORDIA KS CLIMATE NORMALS FOR TODAY
                         NORMAL    RECORD    YEAR
 MAXIMUM TEMPERATURE (F)   39        70      1986
 MINIMUM TEMPERATURE (F)   19       -17      1985


SUNRISE AND SUNSET
JANUARY 20 2015.......SUNRISE   747 AM CST   SUNSET   536 PM CST
JANUARY 21 2015.......SUNRISE   747 AM CST   SUNSET   538 PM CST


-  INDICATES NEGATIVE NUMBERS.
R  INDICATES RECORD WAS SET OR TIED.
MM INDICATES DATA IS MISSING.
T  INDICATES TRACE AMOUNT.




$$
