564
CDUS43 KTOP 220632
CLICNK


CLIMATE REPORT
NATIONAL WEATHER SERVICE TOPEKA KS
131 AM CDT SAT APR 22 2017


...................................

...THE CONCORDIA KS CLIMATE SUMMARY FOR APRIL 21 2017...

CLIMATE NORMAL PERIOD 1981 TO 2010
CLIMATE RECORD PERIOD 1885 TO 2017


WEATHER ITEM   OBSERVED TIME   RECORD YEAR NORMAL DEPARTURE LAST
                VALUE   (LST)  VALUE       VALUE  FROM      YEAR
                                                  NORMAL
..................................................................
TEMPERATURE (F)
 YESTERDAY
  MAXIMUM         54   1206 AM  93    1989  67    -13       70
                                      1888
  MINIMUM         45    548 AM  24    1966  43      2       47
  AVERAGE         50                        55     -5       59

PRECIPITATION (IN)
  YESTERDAY        0.02          0.86 1968   0.09  -0.07     0.01
  MONTH TO DATE    2.95                      1.61   1.34     1.18
  SINCE MAR 1      6.14                      3.62   2.52     1.63
  SINCE JAN 1      7.99                      4.99   3.00     3.19

SNOWFALL (IN)
  YESTERDAY        0.0           0.5  1992   0.0    0.0      0.0
  MONTH TO DATE    0.0                       0.5   -0.5      0.0
  SINCE JAN 1      2.1                      13.7  -11.6     12.3
  SINCE JUL 1      4.3                      20.2  -15.9     13.6
  SNOW DEPTH       0

DEGREE DAYS
 HEATING
  YESTERDAY       15                        11      4        6
  MONTH TO DATE  197                       289    -92      193
  SINCE MAR 1    766                       973   -207      681
  SINCE JUL 1   4267                      5180   -913     4152

 COOLING
  YESTERDAY        0                         1     -1        0
  MONTH TO DATE   15                         6      9        1
  SINCE MAR 1     19                         7     12        4
  SINCE JAN 1     19                         7     12        4
..................................................................


WIND (MPH)
  HIGHEST WIND SPEED    20   HIGHEST WIND DIRECTION    NE (40)
  HIGHEST GUST SPEED    33   HIGHEST GUST DIRECTION    NE (30)
  AVERAGE WIND SPEED     9.9


SKY COVER
  AVERAGE SKY COVER 0.6


WEATHER CONDITIONS
 THE FOLLOWING WEATHER WAS RECORDED YESTERDAY.
  LIGHT RAIN


RELATIVE HUMIDITY (PERCENT)
 HIGHEST    89           500 AM
 LOWEST     59           800 PM
 AVERAGE    74

..........................................................


THE CONCORDIA KS CLIMATE NORMALS FOR TODAY
                         NORMAL    RECORD    YEAR
 MAXIMUM TEMPERATURE (F)   67        97      1989
 MINIMUM TEMPERATURE (F)   44        30      1992


SUNRISE AND SUNSET
APRIL 22 2017.........SUNRISE   643 AM CDT   SUNSET   816 PM CDT
APRIL 23 2017.........SUNRISE   642 AM CDT   SUNSET   817 PM CDT


-  INDICATES NEGATIVE NUMBERS.
R  INDICATES RECORD WAS SET OR TIED.
MM INDICATES DATA IS MISSING.
T  INDICATES TRACE AMOUNT.




$$
