000
CDUS43 KTOP 190632
CLICNK


CLIMATE REPORT
NATIONAL WEATHER SERVICE TOPEKA KS
132 AM CDT SUN OCT 19 2014


...................................

...THE CONCORDIA KS CLIMATE SUMMARY FOR OCTOBER 18 2014...

CLIMATE NORMAL PERIOD 1981 TO 2010
CLIMATE RECORD PERIOD 1885 TO 2014


WEATHER ITEM   OBSERVED TIME   RECORD YEAR NORMAL DEPARTURE LAST
                VALUE   (LST)  VALUE       VALUE  FROM      YEAR
                                                  NORMAL
..................................................................
TEMPERATURE (F)
 YESTERDAY
  MAXIMUM         61    400 PM  89    2005  66     -5       46
  MINIMUM         38    659 AM  25    1972  43     -5       35
  AVERAGE         50                        55     -5       41

PRECIPITATION (IN)
  YESTERDAY        0.00          1.99 1885   0.06  -0.06      T
  MONTH TO DATE    2.25                      1.20   1.05     0.75
  SINCE SEP 1      5.50                      4.11   1.39     1.88
  SINCE JAN 1     26.16                     25.21   0.95    25.45

SNOWFALL (IN)
  YESTERDAY        0.0           T    1976   0.0    0.0      0.0
  MONTH TO DATE    0.0                       0.0    0.0      0.0
  SINCE JAN 1     16.9                      13.7    3.2     20.3
  SINCE JUL 1      0.0                       0.0    0.0      0.0
  SNOW DEPTH       0

DEGREE DAYS
 HEATING
  YESTERDAY       15                        11      4       24
  MONTH TO DATE  159                       147     12      125
  SINCE SEP 1    241                       217     24      139
  SINCE JUL 1    243                       220     23      146

 COOLING
  YESTERDAY        0                         0      0        0
  MONTH TO DATE    8                        20    -12       32
  SINCE SEP 1    143                       180    -37      274
  SINCE JAN 1   1352                      1346      6     1359
..................................................................


WIND (MPH)
  HIGHEST WIND SPEED     9   HIGHEST WIND DIRECTION    NE (30)
  HIGHEST GUST SPEED    11   HIGHEST GUST DIRECTION     N (20)
  AVERAGE WIND SPEED     4.7


SKY COVER
  AVERAGE SKY COVER 0.0


WEATHER CONDITIONS
 THE FOLLOWING WEATHER WAS RECORDED YESTERDAY.
  NO SIGNIFICANT WEATHER WAS OBSERVED.


RELATIVE HUMIDITY (PERCENT)
 HIGHEST    93           800 AM
 LOWEST     42           400 PM
 AVERAGE    68

..........................................................


THE CONCORDIA KS CLIMATE NORMALS FOR TODAY
                         NORMAL    RECORD    YEAR
 MAXIMUM TEMPERATURE (F)   66        87      1903
 MINIMUM TEMPERATURE (F)   43        17      1972


SUNRISE AND SUNSET
OCTOBER 19 2014.......SUNRISE   745 AM CDT   SUNSET   646 PM CDT
OCTOBER 20 2014.......SUNRISE   746 AM CDT   SUNSET   644 PM CDT


-  INDICATES NEGATIVE NUMBERS.
R  INDICATES RECORD WAS SET OR TIED.
MM INDICATES DATA IS MISSING.
T  INDICATES TRACE AMOUNT.




$$
