000
CDUS43 KTOP 040635
CLICNK


CLIMATE REPORT
NATIONAL WEATHER SERVICE TOPEKA KS
134 AM CDT FRI APR 4 2014


...................................

...THE CONCORDIA KS CLIMATE SUMMARY FOR APRIL 3 2014...

CLIMATE NORMAL PERIOD 1981 TO 2010
CLIMATE RECORD PERIOD 1885 TO 2014


WEATHER ITEM   OBSERVED TIME   RECORD YEAR NORMAL DEPARTURE LAST
                VALUE   (LST)  VALUE       VALUE  FROM      YEAR
                                                  NORMAL
..................................................................
TEMPERATURE (F)
 YESTERDAY
  MAXIMUM         42    113 AM  89    1929  61    -19       51
                                      1928
  MINIMUM         33    931 PM  14    1975  37     -4       28
                                      1936
  AVERAGE         38                        49    -11       40

PRECIPITATION (IN)
  YESTERDAY        0.33          1.28 1945   0.08   0.25     0.00
  MONTH TO DATE    0.43                      0.23   0.20     0.00
  SINCE MAR 1      0.66                      2.24  -1.58     0.89
  SINCE JAN 1      1.85                      3.61  -1.76     2.37

SNOWFALL (IN)
  YESTERDAY        T             2.4  1950   0.0    0.0      0.0
  MONTH TO DATE    T                         0.1   -0.1      0.0
  SINCE JAN 1     16.9                      13.3    3.6     17.9
  SINCE JUL 1     23.2                      19.8    3.4     26.4
  SNOW DEPTH       0

DEGREE DAYS
 HEATING
  YESTERDAY       27                        16     11       25
  MONTH TO DATE   77                        49     28       78
  SINCE MAR 1    873                       733    140      895
  SINCE JUL 1   5355                      4940    415     4914

 COOLING
  YESTERDAY        0                         0      0        0
  MONTH TO DATE    0                         0      0        0
  SINCE MAR 1      0                         1     -1        0
  SINCE JAN 1      0                         1     -1        0
..................................................................


WIND (MPH)
  HIGHEST WIND SPEED    28   HIGHEST WIND DIRECTION     N (350)
  HIGHEST GUST SPEED    35   HIGHEST GUST DIRECTION    NW (310)
  AVERAGE WIND SPEED    15.6


SKY COVER
  AVERAGE SKY COVER 0.8


WEATHER CONDITIONS
 THE FOLLOWING WEATHER WAS RECORDED YESTERDAY.
  THUNDERSTORM
  RAIN
  LIGHT RAIN
  LIGHT SNOW
  FOG


RELATIVE HUMIDITY (PERCENT)
 HIGHEST   100           500 AM
 LOWEST     92           500 PM
 AVERAGE    96

..........................................................


THE CONCORDIA KS CLIMATE NORMALS FOR TODAY
                         NORMAL    RECORD    YEAR
 MAXIMUM TEMPERATURE (F)   62        90      1929
 MINIMUM TEMPERATURE (F)   37        18      1899


SUNRISE AND SUNSET
APRIL  4 2014.........SUNRISE   710 AM CDT   SUNSET   758 PM CDT
APRIL  5 2014.........SUNRISE   709 AM CDT   SUNSET   759 PM CDT


-  INDICATES NEGATIVE NUMBERS.
R  INDICATES RECORD WAS SET OR TIED.
MM INDICATES DATA IS MISSING.
T  INDICATES TRACE AMOUNT.




$$
