000
CDUS43 KTOP 102132
CLICNK


CLIMATE REPORT
NATIONAL WEATHER SERVICE TOPEKA KS
431 PM CDT TUE MAY 10 2016


...................................

...THE CONCORDIA KS CLIMATE SUMMARY FOR MAY 10 2016...
VALID TODAY AS OF 430 PM LOCAL TIME.

CLIMATE NORMAL PERIOD 1981 TO 2010
CLIMATE RECORD PERIOD 1885 TO 2016


WEATHER ITEM   OBSERVED TIME   RECORD YEAR NORMAL DEPARTURE LAST
                VALUE   (LST)  VALUE       VALUE  FROM      YEAR
                                                  NORMAL
..................................................................
TEMPERATURE (F)
 TODAY
  MAXIMUM         81    242 PM  98    1895  72      9       66
  MINIMUM         48    513 AM  33    1885  50     -2       44
  AVERAGE         65                        61      4       55

PRECIPITATION (IN)
  TODAY            0.00          3.12 1999   0.14  -0.14     0.23
  MONTH TO DATE    1.94                      1.20   0.74     1.04
  SINCE MAR 1      4.29                      5.66  -1.37     3.38
  SINCE JAN 1      5.85                      7.03  -1.18     4.90

SNOWFALL (IN)
  TODAY            0.0           T    1912   0.0    0.0      0.0
  MONTH TO DATE    0.0                       0.0    0.0      0.0
  SINCE JAN 1     12.3                      13.7   -1.4      5.6
  SINCE JUL 1     13.6                      20.2   -6.6     11.7
  SNOW DEPTH       0

DEGREE DAYS
 HEATING
  TODAY            0                         5     -5       10
  MONTH TO DATE   47                        64    -17       20
  SINCE MAR 1    801                      1121   -320      856
  SINCE JUL 1   4272                      5328  -1056     5063

 COOLING
  TODAY            0                         1     -1        0
  MONTH TO DATE    8                        10     -2       29
  SINCE MAR 1     19                        27     -8       37
  SINCE JAN 1     19                        27     -8       37
..................................................................


WIND (MPH)
  HIGHEST WIND SPEED    12   HIGHEST WIND DIRECTION     S (180)
  HIGHEST GUST SPEED    15   HIGHEST GUST DIRECTION     S (170)
  AVERAGE WIND SPEED     5.2



WEATHER CONDITIONS
 THE FOLLOWING WEATHER WAS RECORDED TODAY.
  FOG


RELATIVE HUMIDITY (PERCENT)
 HIGHEST   100          1200 AM
 LOWEST     42           200 PM
 AVERAGE    71

..........................................................


THE CONCORDIA KS CLIMATE NORMALS FOR TOMORROW
                         NORMAL    RECORD    YEAR
 MAXIMUM TEMPERATURE (F)   73        93      2000
                                             1898
 MINIMUM TEMPERATURE (F)   50        31      1979


SUNRISE AND SUNSET
MAY 10 2016...........SUNRISE   621 AM CDT   SUNSET   834 PM CDT
MAY 11 2016...........SUNRISE   620 AM CDT   SUNSET   835 PM CDT


-  INDICATES NEGATIVE NUMBERS.
R  INDICATES RECORD WAS SET OR TIED.
MM INDICATES DATA IS MISSING.
T  INDICATES TRACE AMOUNT.




$$
