560
CDUS43 KTOP 180633
CLICNK


CLIMATE REPORT
NATIONAL WEATHER SERVICE TOPEKA KS
1232 AM CST SAT FEB 18 2017


...................................

...THE CONCORDIA KS CLIMATE SUMMARY FOR FEBRUARY 17 2017...

CLIMATE NORMAL PERIOD 1981 TO 2010
CLIMATE RECORD PERIOD 1885 TO 2017


WEATHER ITEM   OBSERVED TIME   RECORD YEAR NORMAL DEPARTURE LAST
                VALUE   (LST)  VALUE       VALUE  FROM      YEAR
                                                  NORMAL
..................................................................
TEMPERATURE (F)
 YESTERDAY
  MAXIMUM         71    457 PM  79    1970  44     27       64
  MINIMUM         40    730 AM -11    1903  23     17       28
  AVERAGE         56                        33     23       46

PRECIPITATION (IN)
  YESTERDAY        0.00          1.06 1911   0.02  -0.02     0.00
  MONTH TO DATE    0.02                      0.44  -0.42     0.51
  SINCE DEC 1      2.70                      1.87   0.83     4.20
  SINCE JAN 1      1.77                      1.02   0.75     1.56

SNOWFALL (IN)
  YESTERDAY        0.0           3.0  1975   0.2   -0.2      0.0
  MONTH TO DATE    T                         3.5   -3.5      4.7
  SINCE JAN 1      1.0                       9.2   -8.2     12.3
  SINCE JUL 1      3.2                      15.7  -12.5     13.6
  SNOW DEPTH       0

DEGREE DAYS
 HEATING
  YESTERDAY        9                        32    -23       19
  MONTH TO DATE  449                       575   -126      532
  SINCE DEC 1   2595                      2787   -192     2496
  SINCE JUL 1   3292                      3879   -587     3264

 COOLING
  YESTERDAY        0                         0      0        0
  MONTH TO DATE    0                         0      0        0
  SINCE DEC 1      0                         0      0        0
  SINCE JAN 1      0                         0      0        0
..................................................................


WIND (MPH)
  HIGHEST WIND SPEED    22   HIGHEST WIND DIRECTION     S (200)
  HIGHEST GUST SPEED    26   HIGHEST GUST DIRECTION     S (200)
  AVERAGE WIND SPEED    11.8


SKY COVER
  AVERAGE SKY COVER 0.0


WEATHER CONDITIONS
 THE FOLLOWING WEATHER WAS RECORDED YESTERDAY.
  NO SIGNIFICANT WEATHER WAS OBSERVED.


RELATIVE HUMIDITY (PERCENT)
 HIGHEST    73           700 AM
 LOWEST     24           500 PM
 AVERAGE    49

..........................................................


THE CONCORDIA KS CLIMATE NORMALS FOR TODAY
                         NORMAL    RECORD    YEAR
 MAXIMUM TEMPERATURE (F)   44        79      2016
 MINIMUM TEMPERATURE (F)   23       -10      1978


SUNRISE AND SUNSET
FEBRUARY 18 2017......SUNRISE   718 AM CST   SUNSET   611 PM CST
FEBRUARY 19 2017......SUNRISE   717 AM CST   SUNSET   612 PM CST


-  INDICATES NEGATIVE NUMBERS.
R  INDICATES RECORD WAS SET OR TIED.
MM INDICATES DATA IS MISSING.
T  INDICATES TRACE AMOUNT.

$$
