350
CDUS43 KTOP 102232
CLICNK


CLIMATE REPORT
NATIONAL WEATHER SERVICE TOPEKA KS
431 PM CST FRI NOV 10 2017


...................................

...THE CONCORDIA KS CLIMATE SUMMARY FOR NOVEMBER 10 2017...
VALID TODAY AS OF 430 PM LOCAL TIME.

CLIMATE NORMAL PERIOD 1981 TO 2010
CLIMATE RECORD PERIOD 1885 TO 2017


WEATHER ITEM   OBSERVED TIME   RECORD YEAR NORMAL DEPARTURE LAST
                VALUE   (LST)  VALUE       VALUE  FROM      YEAR
                                                  NORMAL
..................................................................
TEMPERATURE (F)
 TODAY
  MAXIMUM         42    359 PM  80    1927  56    -14       73
  MINIMUM         25   1251 AM   9    1986  34     -9       42
  AVERAGE         34                        45    -11       58

PRECIPITATION (IN)
  TODAY            0.00          0.84 1915   0.04  -0.04     0.00
  MONTH TO DATE    0.00                      0.45  -0.45     0.35
  SINCE SEP 1      8.75                      5.28   3.47     3.35
  SINCE JAN 1     36.20                     26.38   9.82    28.87

SNOWFALL (IN)
  TODAY            0.0           2.3  1995   0.0    0.0      0.0
  MONTH TO DATE    0.0                       0.4   -0.4      0.0
  SINCE JAN 1      2.1                      14.3  -12.2     12.3
  SINCE JUL 1      T                         0.6   -0.6      0.0
  SNOW DEPTH       0

DEGREE DAYS
 HEATING
  TODAY           31                        20     11        7
  MONTH TO DATE  254                       180     74       83
  SINCE SEP 1    580                       568     12      295
  SINCE JUL 1    580                       571      9      296

 COOLING
  TODAY            0                         0      0        0
  MONTH TO DATE    0                         0      0        0
  SINCE SEP 1    232                       182     50      258
  SINCE JAN 1   1370                      1348     22     1540
..................................................................


WIND (MPH)
  HIGHEST WIND SPEED    17   HIGHEST WIND DIRECTION    SE (150)
  HIGHEST GUST SPEED    22   HIGHEST GUST DIRECTION    SE (130)
  AVERAGE WIND SPEED    12.0



WEATHER CONDITIONS
 THE FOLLOWING WEATHER WAS RECORDED TODAY.
  NO SIGNIFICANT WEATHER WAS OBSERVED.


RELATIVE HUMIDITY (PERCENT)
 HIGHEST    68          1200 AM
 LOWEST     45           300 PM
 AVERAGE    57

..........................................................


THE CONCORDIA KS CLIMATE NORMALS FOR TOMORROW
                         NORMAL    RECORD    YEAR
 MAXIMUM TEMPERATURE (F)   55        77      1989
 MINIMUM TEMPERATURE (F)   33         6      1986


SUNRISE AND SUNSET
NOVEMBER 10 2017......SUNRISE   709 AM CST   SUNSET   519 PM CST
NOVEMBER 11 2017......SUNRISE   710 AM CST   SUNSET   518 PM CST


-  INDICATES NEGATIVE NUMBERS.
R  INDICATES RECORD WAS SET OR TIED.
MM INDICATES DATA IS MISSING.
T  INDICATES TRACE AMOUNT.




$$
