389
CDUS43 KTOP 230634
CLICNK


CLIMATE REPORT
NATIONAL WEATHER SERVICE TOPEKA KS
133 AM CDT MON MAY 23 2016


...................................

...THE CONCORDIA KS CLIMATE SUMMARY FOR MAY 22 2016...

CLIMATE NORMAL PERIOD 1981 TO 2010
CLIMATE RECORD PERIOD 1885 TO 2016


WEATHER ITEM   OBSERVED TIME   RECORD YEAR NORMAL DEPARTURE LAST
                VALUE   (LST)  VALUE       VALUE  FROM      YEAR
                                                  NORMAL
..................................................................
TEMPERATURE (F)
 YESTERDAY
  MAXIMUM         81    522 PM  94    1966  76      5       59
  MINIMUM         59    500 AM  35    1963  54      5       45
  AVERAGE         70                        65      5       52

PRECIPITATION (IN)
  YESTERDAY        0.00          1.99 1978   0.14  -0.14      T
  MONTH TO DATE    4.77                      2.87   1.90     2.88
  SINCE MAR 1      7.12                      7.33  -0.21     5.22
  SINCE JAN 1      8.68                      8.70  -0.02     6.74

SNOWFALL (IN)
  YESTERDAY        0.0           T    1942   0.0    0.0      0.0
  MONTH TO DATE    0.0                       0.0    0.0      0.0
  SINCE JAN 1     12.3                      13.7   -1.4      5.6
  SINCE JUL 1     13.6                      20.2   -6.6     11.7
  SNOW DEPTH       0

DEGREE DAYS
 HEATING
  YESTERDAY        0                         3     -3       13
  MONTH TO DATE  139                       111     28      118
  SINCE MAR 1    893                      1168   -275      954
  SINCE JUL 1   4364                      5375  -1011     5161

 COOLING
  YESTERDAY        5                         3      2        0
  MONTH TO DATE   13                        37    -24       35
  SINCE MAR 1     24                        54    -30       43
  SINCE JAN 1     24                        54    -30       43
..................................................................


WIND (MPH)
  HIGHEST WIND SPEED    29   HIGHEST WIND DIRECTION     S (160)
  HIGHEST GUST SPEED    36   HIGHEST GUST DIRECTION     S (180)
  AVERAGE WIND SPEED    18.0


SKY COVER
  AVERAGE SKY COVER 0.6


WEATHER CONDITIONS
 THE FOLLOWING WEATHER WAS RECORDED YESTERDAY.
  NO SIGNIFICANT WEATHER WAS OBSERVED.


RELATIVE HUMIDITY (PERCENT)
 HIGHEST    84          1100 PM
 LOWEST     58          1200 PM
 AVERAGE    71

..........................................................


THE CONCORDIA KS CLIMATE NORMALS FOR TODAY
                         NORMAL    RECORD    YEAR
 MAXIMUM TEMPERATURE (F)   76        96      2012
 MINIMUM TEMPERATURE (F)   54        38      1893


SUNRISE AND SUNSET
MAY 23 2016...........SUNRISE   610 AM CDT   SUNSET   845 PM CDT
MAY 24 2016...........SUNRISE   609 AM CDT   SUNSET   846 PM CDT


-  INDICATES NEGATIVE NUMBERS.
R  INDICATES RECORD WAS SET OR TIED.
MM INDICATES DATA IS MISSING.
T  INDICATES TRACE AMOUNT.




$$
