000
CDUS43 KTOP 120632
CLICNK


CLIMATE REPORT
NATIONAL WEATHER SERVICE TOPEKA KS
131 AM CDT MON SEP 12 2016


...................................

...THE CONCORDIA KS CLIMATE SUMMARY FOR SEPTEMBER 11 2016...

CLIMATE NORMAL PERIOD 1981 TO 2010
CLIMATE RECORD PERIOD 1885 TO 2016


WEATHER ITEM   OBSERVED TIME   RECORD YEAR NORMAL DEPARTURE LAST
                VALUE   (LST)  VALUE       VALUE  FROM      YEAR
                                                  NORMAL
..................................................................
TEMPERATURE (F)
 YESTERDAY
  MAXIMUM         82    307 PM 102    1956  82      0       74
  MINIMUM         57    647 AM  40    1940  58     -1       53
                                      1894
  AVERAGE         70                        70      0       64

PRECIPITATION (IN)
  YESTERDAY        0.00          2.37 2008   0.10  -0.10     0.00
  MONTH TO DATE    0.98                      1.06  -0.08     0.93
  SINCE SEP 1      0.98                      1.06  -0.08     0.93
  SINCE JAN 1     26.50                     22.16   4.34    22.89

SNOWFALL (IN)
  YESTERDAY        0.0           T    1945   0.0    0.0      0.0
  MONTH TO DATE    0.0                       0.0    0.0      0.0
  SINCE JAN 1     12.3                      13.7   -1.4      5.6
  SINCE JUL 1      0.0                       0.0    0.0      0.0
  SNOW DEPTH       0

DEGREE DAYS
 HEATING
  YESTERDAY        0                         1     -1        1
  MONTH TO DATE    2                         9     -7        1
  SINCE SEP 1      2                         9     -7        1
  SINCE JUL 1      3                        12     -9        3

 COOLING
  YESTERDAY        5                         6     -1        0
  MONTH TO DATE   93                        86      7      161
  SINCE SEP 1     93                        86      7      161
  SINCE JAN 1   1375                      1252    123     1200
..................................................................


WIND (MPH)
  HIGHEST WIND SPEED    25   HIGHEST WIND DIRECTION     S (200)
  HIGHEST GUST SPEED    31   HIGHEST GUST DIRECTION     S (170)
  AVERAGE WIND SPEED    16.0


SKY COVER
  AVERAGE SKY COVER 0.0


WEATHER CONDITIONS
 THE FOLLOWING WEATHER WAS RECORDED YESTERDAY.
  NO SIGNIFICANT WEATHER WAS OBSERVED.


RELATIVE HUMIDITY (PERCENT)
 HIGHEST    77           600 AM
 LOWEST     33           300 PM
 AVERAGE    55

..........................................................


THE CONCORDIA KS CLIMATE NORMALS FOR TODAY
                         NORMAL    RECORD    YEAR
 MAXIMUM TEMPERATURE (F)   82       103      1956
 MINIMUM TEMPERATURE (F)   58        36      1902


SUNRISE AND SUNSET
SEPTEMBER 12 2016.....SUNRISE   709 AM CDT   SUNSET   743 PM CDT
SEPTEMBER 13 2016.....SUNRISE   710 AM CDT   SUNSET   741 PM CDT


-  INDICATES NEGATIVE NUMBERS.
R  INDICATES RECORD WAS SET OR TIED.
MM INDICATES DATA IS MISSING.
T  INDICATES TRACE AMOUNT.




$$
