000
CDUS43 KTOP 212136
CLICNK


CLIMATE REPORT
NATIONAL WEATHER SERVICE TOPEKA KS
434 PM CDT THU MAY 21 2015


...................................

...THE CONCORDIA KS CLIMATE SUMMARY FOR MAY 21 2015...
VALID TODAY AS OF 0400 PM LOCAL TIME.

CLIMATE NORMAL PERIOD 1981 TO 2010
CLIMATE RECORD PERIOD 1885 TO 2015


WEATHER ITEM   OBSERVED TIME   RECORD YEAR NORMAL DEPARTURE LAST
                VALUE   (LST)  VALUE       VALUE  FROM      YEAR
                                                  NORMAL
..................................................................
TEMPERATURE (F)
 TODAY
  MAXIMUM         66    253 PM  96    2005  76    -10       89
  MINIMUM         39    537 AM  36    1968  54    -15       64
                                      1892
  AVERAGE         53                        65    -12       77

PRECIPITATION (IN)
  TODAY            0.00          2.14 1989   0.15  -0.15     0.00
  MONTH TO DATE    2.88                      2.73   0.15     0.07
  SINCE MAR 1      5.22                      7.19  -1.97     1.59
  SINCE JAN 1      6.74                      8.56  -1.82     2.78

SNOWFALL (IN)
  TODAY            0.0           T    1952   0.0    0.0      0.0
  MONTH TO DATE    0.0                       0.0    0.0      0.0
  SINCE JAN 1      5.6                      13.7   -8.1     16.9
  SINCE JUL 1     11.7                      20.2   -8.5     23.2
  SNOW DEPTH       0

DEGREE DAYS
 HEATING
  TODAY           12                         3      9        0
  MONTH TO DATE  105                       108     -3      131
  SINCE MAR 1    941                      1165   -224     1276
  SINCE JUL 1   5148                      5372   -224     5758

 COOLING
  TODAY            0                         3     -3       12
  MONTH TO DATE   35                        34      1       75
  SINCE MAR 1     43                        51     -8      100
  SINCE JAN 1     43                        51     -8      100
..................................................................


WIND (MPH)
  HIGHEST WIND SPEED    12   HIGHEST WIND DIRECTION    SW (220)
  HIGHEST GUST SPEED    15   HIGHEST GUST DIRECTION    NW (330)
  AVERAGE WIND SPEED     6.0



WEATHER CONDITIONS
 THE FOLLOWING WEATHER WAS RECORDED TODAY.
  FOG


RELATIVE HUMIDITY (PERCENT)
 HIGHEST   100           600 AM
 LOWEST     37           300 PM
 AVERAGE    69

..........................................................


THE CONCORDIA KS CLIMATE NORMALS FOR TOMORROW
                         NORMAL    RECORD    YEAR
 MAXIMUM TEMPERATURE (F)   76        94      1966
 MINIMUM TEMPERATURE (F)   54        35      1963


SUNRISE AND SUNSET
MAY 21 2015...........SUNRISE   612 AM CDT   SUNSET   843 PM CDT
MAY 22 2015...........SUNRISE   611 AM CDT   SUNSET   844 PM CDT


-  INDICATES NEGATIVE NUMBERS.
R  INDICATES RECORD WAS SET OR TIED.
MM INDICATES DATA IS MISSING.
T  INDICATES TRACE AMOUNT.




$$
