000
CDUS43 KTOP 092136
CLICNK


CLIMATE REPORT
NATIONAL WEATHER SERVICE TOPEKA KS
435 PM CDT MON MAY 9 2016


...................................

...THE CONCORDIA KS CLIMATE SUMMARY FOR MAY 9 2016...
VALID TODAY AS OF 0400 PM LOCAL TIME.

CLIMATE NORMAL PERIOD 1981 TO 2010
CLIMATE RECORD PERIOD 1885 TO 2016


WEATHER ITEM   OBSERVED TIME   RECORD YEAR NORMAL DEPARTURE LAST
                VALUE   (LST)  VALUE       VALUE  FROM      YEAR
                                                  NORMAL
..................................................................
TEMPERATURE (F)
 TODAY
  MAXIMUM         78    259 PM 100    1895  72      6       70
  MINIMUM         52    259 AM  32    1923  50      2       54
  AVERAGE         65                        61      4       62

PRECIPITATION (IN)
  TODAY            1.49R         1.28 1971   0.13   1.36     0.01
  MONTH TO DATE    1.84                      1.06   0.78     0.81
  SINCE MAR 1      4.19                      5.52  -1.33     3.15
  SINCE JAN 1      5.75                      6.89  -1.14     4.67

SNOWFALL (IN)
  TODAY            0.0           T    1990   0.0    0.0      0.0
  MONTH TO DATE    0.0                       0.0    0.0      0.0
  SINCE JAN 1     12.3                      13.7   -1.4      5.6
  SINCE JUL 1     13.6                      20.2   -6.6     11.7
  SNOW DEPTH       0

DEGREE DAYS
 HEATING
  TODAY            0                         5     -5        3
  MONTH TO DATE   46                        59    -13       10
  SINCE MAR 1    800                      1116   -316      846
  SINCE JUL 1   4271                      5323  -1052     5053

 COOLING
  TODAY            0                         1     -1        0
  MONTH TO DATE    8                         9     -1       29
  SINCE MAR 1     19                        26     -7       37
  SINCE JAN 1     19                        26     -7       37
..................................................................


WIND (MPH)
  HIGHEST WIND SPEED    24   HIGHEST WIND DIRECTION    SW (230)
  HIGHEST GUST SPEED    35   HIGHEST GUST DIRECTION    SW (230)
  AVERAGE WIND SPEED    13.9



WEATHER CONDITIONS
 THE FOLLOWING WEATHER WAS RECORDED TODAY.
  THUNDERSTORM
  HEAVY RAIN
  RAIN
  LIGHT RAIN
  FOG


RELATIVE HUMIDITY (PERCENT)
 HIGHEST    93           500 AM
 LOWEST     48           300 PM
 AVERAGE    71

..........................................................


THE CONCORDIA KS CLIMATE NORMALS FOR TOMORROW
                         NORMAL    RECORD    YEAR
 MAXIMUM TEMPERATURE (F)   72        98      1895
 MINIMUM TEMPERATURE (F)   50        33      1885


SUNRISE AND SUNSET
MAY  9 2016...........SUNRISE   622 AM CDT   SUNSET   833 PM CDT
MAY 10 2016...........SUNRISE   621 AM CDT   SUNSET   834 PM CDT


-  INDICATES NEGATIVE NUMBERS.
R  INDICATES RECORD WAS SET OR TIED.
MM INDICATES DATA IS MISSING.
T  INDICATES TRACE AMOUNT.




$$
