000
CDUS43 KTOP 092133
CLICNK


CLIMATE REPORT
NATIONAL WEATHER SERVICE TOPEKA KS
432 PM CDT TUE AUG 9 2016


...................................

...THE CONCORDIA KS CLIMATE SUMMARY FOR AUGUST 9 2016...
VALID TODAY AS OF 0400 PM LOCAL TIME.

CLIMATE NORMAL PERIOD 1981 TO 2010
CLIMATE RECORD PERIOD 1885 TO 2016


WEATHER ITEM   OBSERVED TIME   RECORD YEAR NORMAL DEPARTURE LAST
                VALUE   (LST)  VALUE       VALUE  FROM      YEAR
                                                  NORMAL
..................................................................
TEMPERATURE (F)
 TODAY
  MAXIMUM         92    259 PM 108    1934  90      2       91
  MINIMUM         70    432 AM  55    1927  67      3       73
                                      1888
  AVERAGE         81                        78      3       82

PRECIPITATION (IN)
  TODAY            0.00          2.19 1968   0.11  -0.11     0.01
  MONTH TO DATE    1.65                      0.97   0.68     3.72
  SINCE JUN 1      8.99                      8.94   0.05    13.40
  SINCE JAN 1     21.16                     18.93   2.23    21.48

SNOWFALL (IN)
  TODAY            0.0           0.0    MM   0.0    0.0      0.0
  MONTH TO DATE    0.0                       0.0    0.0      0.0
  SINCE JAN 1     12.3                      13.7   -1.4      5.6
  SINCE JUL 1      0.0                       0.0    0.0      0.0
  SNOW DEPTH       0

DEGREE DAYS
 HEATING
  TODAY            0                         0      0        0
  MONTH TO DATE    0                         0      0        0
  SINCE JUN 1      1                        13    -12        2
  SINCE JUL 1      1                         0      1        0

 COOLING
  TODAY           16                        13      3       17
  MONTH TO DATE  114                       122     -8      117
  SINCE JUN 1    981                       823    158      822
  SINCE JAN 1   1041                       912    129      877
..................................................................


WIND (MPH)
  HIGHEST WIND SPEED    16   HIGHEST WIND DIRECTION     S (160)
  HIGHEST GUST SPEED    21   HIGHEST GUST DIRECTION    SE (140)
  AVERAGE WIND SPEED     9.0



WEATHER CONDITIONS
 THE FOLLOWING WEATHER WAS RECORDED TODAY.
  NO SIGNIFICANT WEATHER WAS OBSERVED.


RELATIVE HUMIDITY (PERCENT)
 HIGHEST    93          1200 AM
 LOWEST     52           200 PM
 AVERAGE    73

..........................................................


THE CONCORDIA KS CLIMATE NORMALS FOR TOMORROW
                         NORMAL    RECORD    YEAR
 MAXIMUM TEMPERATURE (F)   90       106      1911
 MINIMUM TEMPERATURE (F)   67        52      1985


SUNRISE AND SUNSET
AUGUST  9 2016........SUNRISE   638 AM CDT   SUNSET   833 PM CDT
AUGUST 10 2016........SUNRISE   639 AM CDT   SUNSET   832 PM CDT


-  INDICATES NEGATIVE NUMBERS.
R  INDICATES RECORD WAS SET OR TIED.
MM INDICATES DATA IS MISSING.
T  INDICATES TRACE AMOUNT.




$$
