661
CDUS43 KTOP 220632
CLICNK


CLIMATE REPORT
NATIONAL WEATHER SERVICE TOPEKA KS
132 AM CDT THU SEP 22 2016


...................................

...THE CONCORDIA KS CLIMATE SUMMARY FOR SEPTEMBER 21 2016...

CLIMATE NORMAL PERIOD 1981 TO 2010
CLIMATE RECORD PERIOD 1885 TO 2016


WEATHER ITEM   OBSERVED TIME   RECORD YEAR NORMAL DEPARTURE LAST
                VALUE   (LST)  VALUE       VALUE  FROM      YEAR
                                                  NORMAL
..................................................................
TEMPERATURE (F)
 YESTERDAY
  MAXIMUM         91    146 PM 103    2005  78     13       79
                                      1956
  MINIMUM         74    551 AM  33    1995  54     20       62
                                      1983
  AVERAGE         83                        66     17       71

PRECIPITATION (IN)
  YESTERDAY        0.00          2.30 2009   0.10  -0.10     0.00
  MONTH TO DATE    1.73                      2.07  -0.34     0.98
  SINCE SEP 1      1.73                      2.07  -0.34     0.98
  SINCE JAN 1     27.25                     23.17   4.08    22.94

SNOWFALL (IN)
  YESTERDAY        0.0           0.0    MM   0.0    0.0      0.0
  MONTH TO DATE    0.0                       0.0    0.0      0.0
  SINCE JAN 1     12.3                      13.7   -1.4      5.6
  SINCE JUL 1      0.0                       0.0    0.0      0.0
  SNOW DEPTH       0

DEGREE DAYS
 HEATING
  YESTERDAY        0                         3     -3        0
  MONTH TO DATE   13                        31    -18        8
  SINCE SEP 1     13                        31    -18        8
  SINCE JUL 1     14                        34    -20       10

 COOLING
  YESTERDAY       18                         4     14        6
  MONTH TO DATE  175                       135     40      237
  SINCE SEP 1    175                       135     40      237
  SINCE JAN 1   1457                      1301    156     1276
..................................................................


WIND (MPH)
  HIGHEST WIND SPEED    26   HIGHEST WIND DIRECTION     S (190)
  HIGHEST GUST SPEED    34   HIGHEST GUST DIRECTION     S (200)
  AVERAGE WIND SPEED    16.8


SKY COVER
  AVERAGE SKY COVER 0.0


WEATHER CONDITIONS
 THE FOLLOWING WEATHER WAS RECORDED YESTERDAY.
  LIGHT RAIN


RELATIVE HUMIDITY (PERCENT)
 HIGHEST    82           300 AM
 LOWEST     52           300 PM
 AVERAGE    67

..........................................................


THE CONCORDIA KS CLIMATE NORMALS FOR TODAY
                         NORMAL    RECORD    YEAR
 MAXIMUM TEMPERATURE (F)   77        98      1937
                                             1892
 MINIMUM TEMPERATURE (F)   53        29      1995


SUNRISE AND SUNSET
SEPTEMBER 22 2016.....SUNRISE   719 AM CDT   SUNSET   727 PM CDT
SEPTEMBER 23 2016.....SUNRISE   720 AM CDT   SUNSET   725 PM CDT


-  INDICATES NEGATIVE NUMBERS.
R  INDICATES RECORD WAS SET OR TIED.
MM INDICATES DATA IS MISSING.
T  INDICATES TRACE AMOUNT.




$$
