000
CDUS43 KTOP 130641
CLICNK


CLIMATE REPORT
NATIONAL WEATHER SERVICE TOPEKA KS
1240 AM CST SAT DEC 13 2014


...................................

...THE CONCORDIA KS CLIMATE SUMMARY FOR DECEMBER 12 2014...

CLIMATE NORMAL PERIOD 1981 TO 2010
CLIMATE RECORD PERIOD 1885 TO 2014


WEATHER ITEM   OBSERVED TIME   RECORD YEAR NORMAL DEPARTURE LAST
                VALUE   (LST)  VALUE       VALUE  FROM      YEAR
                                                  NORMAL
..................................................................
TEMPERATURE (F)
 YESTERDAY
  MAXIMUM         58    215 PM  70    1921  40     18       42
  MINIMUM         37    720 AM -11    1932  21     16       13
  AVERAGE         48                        30     18       28

PRECIPITATION (IN)
  YESTERDAY        0.00          0.30 1907   0.04  -0.04     0.00
  MONTH TO DATE    0.01                      0.40  -0.39     0.19
  SINCE DEC 1      0.01                      0.40  -0.39     0.19
  SINCE JAN 1     26.47                     27.44  -0.97    26.84

SNOWFALL (IN)
  YESTERDAY        0.0           3.2  1972   0.1   -0.1      0.0
  MONTH TO DATE    0.0                       1.5   -1.5      2.6
  SINCE JAN 1     18.0                      17.9    0.1     22.9
  SINCE JUL 1      1.1                       4.2   -3.1      2.6
  SNOW DEPTH       0

DEGREE DAYS
 HEATING
  YESTERDAY       17                        35    -18       37
  MONTH TO DATE  355                       398    -43      510
  SINCE DEC 1    355                       398    -43      510
  SINCE JUL 1   1518                      1490     28     1566

 COOLING
  YESTERDAY        0                         0      0        0
  MONTH TO DATE    0                         0      0        0
  SINCE DEC 1      0                         0      0        0
  SINCE JAN 1   1368                      1349     19     1359
..................................................................


WIND (MPH)
  HIGHEST WIND SPEED    17   HIGHEST WIND DIRECTION     S (180)
  HIGHEST GUST SPEED    22   HIGHEST GUST DIRECTION     S (180)
  AVERAGE WIND SPEED     6.9


SKY COVER
  AVERAGE SKY COVER 1.0


WEATHER CONDITIONS
 THE FOLLOWING WEATHER WAS RECORDED YESTERDAY.
  FOG
  HAZE


RELATIVE HUMIDITY (PERCENT)
 HIGHEST   100          1200 AM
 LOWEST     72           200 PM
 AVERAGE    86

..........................................................


THE CONCORDIA KS CLIMATE NORMALS FOR TODAY
                         NORMAL    RECORD    YEAR
 MAXIMUM TEMPERATURE (F)   39        75      1921
 MINIMUM TEMPERATURE (F)   21        -8      1985
                                             1917


SUNRISE AND SUNSET
DECEMBER 13 2014......SUNRISE   742 AM CST   SUNSET   507 PM CST
DECEMBER 14 2014......SUNRISE   743 AM CST   SUNSET   507 PM CST


-  INDICATES NEGATIVE NUMBERS.
R  INDICATES RECORD WAS SET OR TIED.
MM INDICATES DATA IS MISSING.
T  INDICATES TRACE AMOUNT.




$$
