000
CDUS43 KTOP 060632
CLICNK


CLIMATE REPORT
NATIONAL WEATHER SERVICE TOPEKA KS
1232 AM CST SAT JAN 6 2018


...................................

...THE CONCORDIA KS CLIMATE SUMMARY FOR JANUARY 5 2018...

CLIMATE NORMAL PERIOD 1981 TO 2010
CLIMATE RECORD PERIOD 1885 TO 2018


WEATHER ITEM   OBSERVED TIME   RECORD YEAR NORMAL DEPARTURE LAST
                VALUE   (LST)  VALUE       VALUE  FROM      YEAR
                                                  NORMAL
..................................................................
TEMPERATURE (F)
 YESTERDAY
  MAXIMUM         28    314 PM  66    2012  38    -10       15
  MINIMUM          8    827 AM -18    1924  19    -11        1
  AVERAGE         18                        28    -10        8

PRECIPITATION (IN)
  YESTERDAY        0.00          0.73 1955   0.01  -0.01     0.07
  MONTH TO DATE    0.00                      0.07  -0.07     0.10
  SINCE DEC 1      0.13                      0.92  -0.79     1.03
  SINCE JAN 1      0.00                      0.07  -0.07     0.10

SNOWFALL (IN)
  YESTERDAY        0.0           6.0  2005   0.2   -0.2      0.5
  MONTH TO DATE    0.0                       0.8   -0.8      1.0
  SINCE JAN 1      0.0                       0.8   -0.8      1.0
  SINCE JUL 1      1.8                       7.3   -5.5      3.2
  SNOW DEPTH       0

DEGREE DAYS
 HEATING
  YESTERDAY       47                        37     10       57
  MONTH TO DATE  248                       185     63      211
  SINCE DEC 1   1284                      1270     14     1315
  SINCE JUL 1   2221                      2362   -141     2012

 COOLING
  YESTERDAY        0                         0      0        0
  MONTH TO DATE    0                         0      0        0
  SINCE DEC 1      0                         0      0        0
  SINCE JAN 1      0                         0      0        0
..................................................................


WIND (MPH)
  HIGHEST WIND SPEED    14   HIGHEST WIND DIRECTION    NE (30)
  HIGHEST GUST SPEED    17   HIGHEST GUST DIRECTION     N (360)
  AVERAGE WIND SPEED     8.4


SKY COVER
  AVERAGE SKY COVER 0.0


WEATHER CONDITIONS
 THE FOLLOWING WEATHER WAS RECORDED YESTERDAY.
  NO SIGNIFICANT WEATHER WAS OBSERVED.


RELATIVE HUMIDITY (PERCENT)
 HIGHEST    84           300 AM
 LOWEST     46           200 PM
 AVERAGE    65

..........................................................


THE CONCORDIA KS CLIMATE NORMALS FOR TODAY
                         NORMAL    RECORD    YEAR
 MAXIMUM TEMPERATURE (F)   38        64      1896
 MINIMUM TEMPERATURE (F)   19       -15      1912


SUNRISE AND SUNSET
JANUARY  6 2018.......SUNRISE   751 AM CST   SUNSET   522 PM CST
JANUARY  7 2018.......SUNRISE   751 AM CST   SUNSET   523 PM CST


-  INDICATES NEGATIVE NUMBERS.
R  INDICATES RECORD WAS SET OR TIED.
MM INDICATES DATA IS MISSING.
T  INDICATES TRACE AMOUNT.




$$
