000
CDUS43 KTOP 112247
CLICNK


CLIMATE REPORT
NATIONAL WEATHER SERVICE TOPEKA KS
445 PM CST TUE NOV 11 2014


...................................

...THE CONCORDIA KS CLIMATE SUMMARY FOR NOVEMBER 11 2014...
VALID TODAY AS OF 0400 PM LOCAL TIME.

CLIMATE NORMAL PERIOD 1981 TO 2010
CLIMATE RECORD PERIOD 1885 TO 2014


WEATHER ITEM   OBSERVED TIME   RECORD YEAR NORMAL DEPARTURE LAST
                VALUE   (LST)  VALUE       VALUE  FROM      YEAR
                                                  NORMAL
..................................................................
TEMPERATURE (F)
 TODAY
  MAXIMUM         27    342 PM  77    1989  55    -28       49
  MINIMUM         16    732 AM   6    1986  33    -17       25
  AVERAGE         22                        44    -22       37

PRECIPITATION (IN)
  TODAY            0.02          1.14 2010   0.03  -0.01     0.00
  MONTH TO DATE    0.03                      0.48  -0.45     1.09
  SINCE SEP 1      5.72                      5.31   0.41     3.02
  SINCE JAN 1     26.38                     26.41  -0.03    26.59

SNOWFALL (IN)
  TODAY            0.1           0.2  1970   0.1    0.0      0.0
  MONTH TO DATE    0.3                       0.5   -0.2      0.0
  SINCE JAN 1     17.2                      14.4    2.8     20.3
  SINCE JUL 1      0.3                       0.7   -0.4      0.0
  SNOW DEPTH       T

DEGREE DAYS
 HEATING
  TODAY           43                        21     22       28
  MONTH TO DATE  193                       201     -8      177
  SINCE SEP 1    522                       589    -67      514
  SINCE JUL 1    524                       592    -68      521

 COOLING
  TODAY            0                         0      0        0
  MONTH TO DATE    0                         0      0        0
  SINCE SEP 1    159                       182    -23      274
  SINCE JAN 1   1368                      1348     20     1359
..................................................................


WIND (MPH)
  HIGHEST WIND SPEED    28   HIGHEST WIND DIRECTION     N (350)
  HIGHEST GUST SPEED    35   HIGHEST GUST DIRECTION     N (340)
  AVERAGE WIND SPEED    19.3



WEATHER CONDITIONS
 THE FOLLOWING WEATHER WAS RECORDED TODAY.
  SNOW
  LIGHT SNOW
  FOG


RELATIVE HUMIDITY (PERCENT)
 HIGHEST   100          1200 AM
 LOWEST     55          1200 PM
 AVERAGE    78

..........................................................


THE CONCORDIA KS CLIMATE NORMALS FOR TOMORROW
                         NORMAL    RECORD    YEAR
 MAXIMUM TEMPERATURE (F)   54        79      1894
 MINIMUM TEMPERATURE (F)   33         4      1911


SUNRISE AND SUNSET
NOVEMBER 11 2014......SUNRISE   710 AM CST   SUNSET   519 PM CST
NOVEMBER 12 2014......SUNRISE   711 AM CST   SUNSET   518 PM CST


-  INDICATES NEGATIVE NUMBERS.
R  INDICATES RECORD WAS SET OR TIED.
MM INDICATES DATA IS MISSING.
T  INDICATES TRACE AMOUNT.




$$
