000
CDUS43 KTOP 082132
CLICNK


CLIMATE REPORT
NATIONAL WEATHER SERVICE TOPEKA KS
431 PM CDT FRI SEP 8 2017


...................................

...THE CONCORDIA KS CLIMATE SUMMARY FOR SEPTEMBER 8 2017...
VALID TODAY AS OF 430 PM LOCAL TIME.

CLIMATE NORMAL PERIOD 1981 TO 2010
CLIMATE RECORD PERIOD 1885 TO 2017


WEATHER ITEM   OBSERVED TIME   RECORD YEAR NORMAL DEPARTURE LAST
                VALUE   (LST)  VALUE       VALUE  FROM      YEAR
                                                  NORMAL
..................................................................
TEMPERATURE (F)
 TODAY
  MAXIMUM         88    259 PM 102    2013  83      5       82
  MINIMUM         56    648 AM  43    1890  59     -3       66
  AVERAGE         72                        71      1       74

PRECIPITATION (IN)
  TODAY            0.00          1.77 1989   0.10  -0.10      T
  MONTH TO DATE    0.02                      0.77  -0.75     0.98
  SINCE SEP 1      0.02                      0.77  -0.75     0.98
  SINCE JAN 1     27.47                     21.87   5.60    26.50

SNOWFALL (IN)
  TODAY           MM             T    1936   0.0   MM        0.0
  MONTH TO DATE    0.0                       0.0    0.0      0.0
  SINCE JAN 1      2.1                      13.7  -11.6     12.3
  SINCE JUL 1      0.0                       0.0    0.0      0.0
  SNOW DEPTH      MM

DEGREE DAYS
 HEATING
  TODAY            0                         1     -1        0
  MONTH TO DATE    7                         6      1        0
  SINCE SEP 1      7                         6      1        0
  SINCE JUL 1      7                         9     -2        1

 COOLING
  TODAY            7                         7      0        9
  MONTH TO DATE   39                        66    -27       80
  SINCE SEP 1     39                        66    -27       80
  SINCE JAN 1   1177                      1232    -55     1362
..................................................................


WIND (MPH)
  HIGHEST WIND SPEED    18   HIGHEST WIND DIRECTION     S (170)
  HIGHEST GUST SPEED    23   HIGHEST GUST DIRECTION    SE (140)
  AVERAGE WIND SPEED     8.9



WEATHER CONDITIONS
 THE FOLLOWING WEATHER WAS RECORDED TODAY.
  NO SIGNIFICANT WEATHER WAS OBSERVED.


RELATIVE HUMIDITY (PERCENT)
 HIGHEST    80           700 AM
 LOWEST     29           200 PM
 AVERAGE    55

..........................................................


THE CONCORDIA KS CLIMATE NORMALS FOR TOMORROW
                         NORMAL    RECORD    YEAR
 MAXIMUM TEMPERATURE (F)   83       100      1919
                                             1904
 MINIMUM TEMPERATURE (F)   59        43      2008
                                             1943
                                             1902


SUNRISE AND SUNSET
SEPTEMBER  8 2017.....SUNRISE   706 AM CDT   SUNSET   750 PM CDT
SEPTEMBER  9 2017.....SUNRISE   706 AM CDT   SUNSET   748 PM CDT


-  INDICATES NEGATIVE NUMBERS.
R  INDICATES RECORD WAS SET OR TIED.
MM INDICATES DATA IS MISSING.
T  INDICATES TRACE AMOUNT.




$$
