000
CDUS43 KTOP 200640
CLICNK


CLIMATE REPORT
NATIONAL WEATHER SERVICE TOPEKA KS
1240 AM CST FRI FEB 20 2015


...................................

...THE CONCORDIA KS CLIMATE SUMMARY FOR FEBRUARY 19 2015...

CLIMATE NORMAL PERIOD 1981 TO 2010
CLIMATE RECORD PERIOD 1885 TO 2015


WEATHER ITEM   OBSERVED TIME   RECORD YEAR NORMAL DEPARTURE LAST
                VALUE   (LST)  VALUE       VALUE  FROM      YEAR
                                                  NORMAL
..................................................................
TEMPERATURE (F)
 YESTERDAY
  MAXIMUM         27    352 PM  77    1930  45    -18       57
  MINIMUM         16    318 AM  -3    1978  23     -7       30
                                      1889
  AVERAGE         22                        34    -12       44

PRECIPITATION (IN)
  YESTERDAY        0.00          0.60 2002   0.03  -0.03     0.00
  MONTH TO DATE    0.27                      0.50  -0.23     0.55
  SINCE DEC 1      2.18                      1.93   0.25     1.52
  SINCE JAN 1      1.44                      1.08   0.36     0.98

SNOWFALL (IN)
  YESTERDAY        0.0           2.8  1959   0.1   -0.1      0.0
  MONTH TO DATE    1.7                       3.8   -2.1      6.4
  SINCE JAN 1      4.0                       9.5   -5.5     12.0
  SINCE JUL 1     10.1                      16.0   -5.9     18.3
  SNOW DEPTH       T

DEGREE DAYS
 HEATING
  YESTERDAY       43                        31     12       21
  MONTH TO DATE  660                       637     23      774
  SINCE DEC 1   2662                      2849   -187     3123
  SINCE JUL 1   3825                      3941   -116     4179

 COOLING
  YESTERDAY        0                         0      0        0
  MONTH TO DATE    0                         0      0        0
  SINCE DEC 1      0                         0      0        0
  SINCE JAN 1      0                         0      0        0
..................................................................


WIND (MPH)
  HIGHEST WIND SPEED    22   HIGHEST WIND DIRECTION    SE (130)
  HIGHEST GUST SPEED    26   HIGHEST GUST DIRECTION    SE (130)
  AVERAGE WIND SPEED    12.7


SKY COVER
  AVERAGE SKY COVER 0.6


WEATHER CONDITIONS
 THE FOLLOWING WEATHER WAS RECORDED YESTERDAY.
  NO SIGNIFICANT WEATHER WAS OBSERVED.


RELATIVE HUMIDITY (PERCENT)
 HIGHEST    80          1100 PM
 LOWEST     54          1200 AM
 AVERAGE    67

..........................................................


THE CONCORDIA KS CLIMATE NORMALS FOR TODAY
                         NORMAL    RECORD    YEAR
 MAXIMUM TEMPERATURE (F)   45        73      1981
 MINIMUM TEMPERATURE (F)   24        -5      1918


SUNRISE AND SUNSET
FEBRUARY 20 2015......SUNRISE   717 AM CST   SUNSET   613 PM CST
FEBRUARY 21 2015......SUNRISE   715 AM CST   SUNSET   614 PM CST


-  INDICATES NEGATIVE NUMBERS.
R  INDICATES RECORD WAS SET OR TIED.
MM INDICATES DATA IS MISSING.
T  INDICATES TRACE AMOUNT.




$$
