000
CDUS43 KTOP 060638
CLICNK


CLIMATE REPORT
NATIONAL WEATHER SERVICE TOPEKA KS
1236 AM CST FRI JAN 6 2017


...................................

...THE CONCORDIA KS CLIMATE SUMMARY FOR JANUARY 5 2017...

CLIMATE NORMAL PERIOD 1981 TO 2010
CLIMATE RECORD PERIOD 1885 TO 2017


WEATHER ITEM   OBSERVED TIME   RECORD YEAR NORMAL DEPARTURE LAST
                VALUE   (LST)  VALUE       VALUE  FROM      YEAR
                                                  NORMAL
..................................................................
TEMPERATURE (F)
 YESTERDAY
  MAXIMUM         15    329 PM  66    2012  38    -23       45
  MINIMUM          1   1142 PM -18    1924  19    -18       21
  AVERAGE          8                        28    -20       33

PRECIPITATION (IN)
  YESTERDAY        0.04          0.73 1955   0.01   0.03      T
  MONTH TO DATE    0.07                      0.07   0.00      T
  SINCE DEC 1      1.00                      0.92   0.08     2.64
  SINCE JAN 1      0.07                      0.07   0.00      T

SNOWFALL (IN)
  YESTERDAY        0.3           6.0  2005   0.2    0.1      0.0
  MONTH TO DATE    0.8                       0.8    0.0      0.0
  SINCE JAN 1      0.8                       0.8    0.0      0.0
  SINCE JUL 1      3.0                       7.3   -4.3      1.3
  SNOW DEPTH       1

DEGREE DAYS
 HEATING
  YESTERDAY       57                        37     20       32
  MONTH TO DATE  211                       185     26      179
  SINCE DEC 1   1315                      1270     45     1054
  SINCE JUL 1   2012                      2362   -350     1822

 COOLING
  YESTERDAY        0                         0      0        0
  MONTH TO DATE    0                         0      0        0
  SINCE DEC 1      0                         0      0        0
  SINCE JAN 1      0                         0      0        0
..................................................................


WIND (MPH)
  HIGHEST WIND SPEED    21   HIGHEST WIND DIRECTION    NW (330)
  HIGHEST GUST SPEED    26   HIGHEST GUST DIRECTION    NW (330)
  AVERAGE WIND SPEED     9.3


SKY COVER
  AVERAGE SKY COVER 0.4


WEATHER CONDITIONS
 THE FOLLOWING WEATHER WAS RECORDED YESTERDAY.
  SNOW
  LIGHT SNOW
  FOG


RELATIVE HUMIDITY (PERCENT)
 HIGHEST    91           300 AM
 LOWEST     53           300 PM
 AVERAGE    72

..........................................................


THE CONCORDIA KS CLIMATE NORMALS FOR TODAY
                         NORMAL    RECORD    YEAR
 MAXIMUM TEMPERATURE (F)   38        64      1896
 MINIMUM TEMPERATURE (F)   19       -15      1912


SUNRISE AND SUNSET
JANUARY  6 2017.......SUNRISE   751 AM CST   SUNSET   522 PM CST
JANUARY  7 2017.......SUNRISE   751 AM CST   SUNSET   523 PM CST


-  INDICATES NEGATIVE NUMBERS.
R  INDICATES RECORD WAS SET OR TIED.
MM INDICATES DATA IS MISSING.
T  INDICATES TRACE AMOUNT.




$$
