372
CDUS43 KTOP 220636
CLICNK


CLIMATE REPORT
NATIONAL WEATHER SERVICE TOPEKA KS
134 AM CDT FRI APR 22 2016


...................................

...THE CONCORDIA KS CLIMATE SUMMARY FOR APRIL 21 2016...

CLIMATE NORMAL PERIOD 1981 TO 2010
CLIMATE RECORD PERIOD 1885 TO 2016


WEATHER ITEM   OBSERVED TIME   RECORD YEAR NORMAL DEPARTURE LAST
                VALUE   (LST)  VALUE       VALUE  FROM      YEAR
                                                  NORMAL
..................................................................
TEMPERATURE (F)
 YESTERDAY
  MAXIMUM         70    432 PM  93    1989  67      3       72
                                      1888
  MINIMUM         47    100 AM  24    1966  43      4       35
  AVERAGE         59                        55      4       54

PRECIPITATION (IN)
  YESTERDAY        0.01          0.86 1968   0.09  -0.08     T
  MONTH TO DATE    1.18                      1.61  -0.43     1.07
  SINCE MAR 1      1.63                      3.62  -1.99     1.18
  SINCE JAN 1      3.19                      4.99  -1.80     2.70

SNOWFALL (IN)
  YESTERDAY        0.0           0.5  1992   0.0    0.0      0.0
  MONTH TO DATE    0.0                       0.5   -0.5      0.0
  SINCE JAN 1     12.3                      13.7   -1.4      5.6
  SINCE JUL 1     13.6                      20.2   -6.6     11.7
  SNOW DEPTH       0

DEGREE DAYS
 HEATING
  YESTERDAY        6                        11     -5       11
  MONTH TO DATE  193                       289    -96      194
  SINCE MAR 1    681                       973   -292      741
  SINCE JUL 1   4152                      5180  -1028     4948

 COOLING
  YESTERDAY        0                         1     -1        0
  MONTH TO DATE    1                         6     -5        4
  SINCE MAR 1      4                         7     -3        8
  SINCE JAN 1      4                         7     -3        8
..................................................................


WIND (MPH)
  HIGHEST WIND SPEED    22   HIGHEST WIND DIRECTION    NW (320)
  HIGHEST GUST SPEED    27   HIGHEST GUST DIRECTION    NW (310)
  AVERAGE WIND SPEED    11.1


SKY COVER
  AVERAGE SKY COVER 0.5


WEATHER CONDITIONS
 THE FOLLOWING WEATHER WAS RECORDED YESTERDAY.
  LIGHT RAIN


RELATIVE HUMIDITY (PERCENT)
 HIGHEST    86          1200 AM
 LOWEST     40           400 PM
 AVERAGE    63

..........................................................


THE CONCORDIA KS CLIMATE NORMALS FOR TODAY
                         NORMAL    RECORD    YEAR
 MAXIMUM TEMPERATURE (F)   67        97      1989
 MINIMUM TEMPERATURE (F)   44        30      1992


SUNRISE AND SUNSET
APRIL 22 2016.........SUNRISE   643 AM CDT   SUNSET   816 PM CDT
APRIL 23 2016.........SUNRISE   641 AM CDT   SUNSET   817 PM CDT


-  INDICATES NEGATIVE NUMBERS.
R  INDICATES RECORD WAS SET OR TIED.
MM INDICATES DATA IS MISSING.
T  INDICATES TRACE AMOUNT.




$$
