000
CDUS43 KTOP 250631
CLICNK


CLIMATE REPORT
NATIONAL WEATHER SERVICE TOPEKA KS
1231 AM CST SAT NOV 25 2017


...................................

...THE CONCORDIA KS CLIMATE SUMMARY FOR NOVEMBER 24 2017...

CLIMATE NORMAL PERIOD 1981 TO 2010
CLIMATE RECORD PERIOD 1885 TO 2017


WEATHER ITEM   OBSERVED TIME   RECORD YEAR NORMAL DEPARTURE LAST
                VALUE   (LST)  VALUE       VALUE  FROM      YEAR
                                                  NORMAL
..................................................................
TEMPERATURE (F)
 YESTERDAY
  MAXIMUM         83R  1244 PM  73    2011  47     36       41
                                      1990
  MINIMUM         46   1159 PM   5    1898  27     19       33
  AVERAGE         65                        37     28       37

PRECIPITATION (IN)
  YESTERDAY        0.00          0.48 1944   0.03  -0.03     0.00
  MONTH TO DATE    0.14                      0.91  -0.77     0.47
  SINCE SEP 1      8.89                      5.74   3.15     3.47
  SINCE JAN 1     36.34                     26.84   9.50    28.99

SNOWFALL (IN)
  YESTERDAY        0.0           1.6  1972   0.2   -0.2      0.0
  MONTH TO DATE    0.0                       1.8   -1.8      0.0
  SINCE JAN 1      2.1                      15.7  -13.6     12.3
  SINCE JUL 1      T                         2.0   -2.0      0.0
  SNOW DEPTH       0

DEGREE DAYS
 HEATING
  YESTERDAY        0                        28    -28       28
  MONTH TO DATE  511                       522    -11      354
  SINCE SEP 1    837                       910    -73      566
  SINCE JUL 1    837                       913    -76      567

 COOLING
  YESTERDAY        0                         0      0        0
  MONTH TO DATE    0                         0      0        0
  SINCE SEP 1    232                       182     50      258
  SINCE JAN 1   1370                      1348     22     1540
..................................................................


WIND (MPH)
  HIGHEST WIND SPEED    36   HIGHEST WIND DIRECTION    NW (310)
  HIGHEST GUST SPEED    47   HIGHEST GUST DIRECTION    NW (310)
  AVERAGE WIND SPEED    13.5


SKY COVER
  AVERAGE SKY COVER 0.0


WEATHER CONDITIONS
 THE FOLLOWING WEATHER WAS RECORDED YESTERDAY.
  NO SIGNIFICANT WEATHER WAS OBSERVED.


RELATIVE HUMIDITY (PERCENT)
 HIGHEST    63           600 AM
 LOWEST     18           100 PM
 AVERAGE    41

..........................................................


THE CONCORDIA KS CLIMATE NORMALS FOR TODAY
                         NORMAL    RECORD    YEAR
 MAXIMUM TEMPERATURE (F)   47        71      1960
                                             1894
 MINIMUM TEMPERATURE (F)   27         6      1993


SUNRISE AND SUNSET
NOVEMBER 25 2017......SUNRISE   726 AM CST   SUNSET   509 PM CST
NOVEMBER 26 2017......SUNRISE   727 AM CST   SUNSET   509 PM CST


-  INDICATES NEGATIVE NUMBERS.
R  INDICATES RECORD WAS SET OR TIED.
MM INDICATES DATA IS MISSING.
T  INDICATES TRACE AMOUNT.




$$
