000
CDUS43 KTOP 130633
CLICNK


CLIMATE REPORT
NATIONAL WEATHER SERVICE TOPEKA KS
133 AM CDT FRI MAY 13 2016


...................................

...THE CONCORDIA KS CLIMATE SUMMARY FOR MAY 12 2016...

CLIMATE NORMAL PERIOD 1981 TO 2010
CLIMATE RECORD PERIOD 1885 TO 2016


WEATHER ITEM   OBSERVED TIME   RECORD YEAR NORMAL DEPARTURE LAST
                VALUE   (LST)  VALUE       VALUE  FROM      YEAR
                                                  NORMAL
..................................................................
TEMPERATURE (F)
 YESTERDAY
  MAXIMUM         73    433 PM  99    1956  73      0       71
  MINIMUM         47    533 AM  36    1971  51     -4       39
                                      1943
  AVERAGE         60                        62     -2       55

PRECIPITATION (IN)
  YESTERDAY        0.00          2.25 1887   0.14  -0.14     0.00
  MONTH TO DATE    2.51                      1.47   1.04     1.04
  SINCE MAR 1      4.86                      5.93  -1.07     3.38
  SINCE JAN 1      6.42                      7.30  -0.88     4.90

SNOWFALL (IN)
  YESTERDAY        0.0           T    1934   0.0    0.0      0.0
  MONTH TO DATE    0.0                       0.0    0.0      0.0
  SINCE JAN 1     12.3                      13.7   -1.4      5.6
  SINCE JUL 1     13.6                      20.2   -6.6     11.7
  SNOW DEPTH       0

DEGREE DAYS
 HEATING
  YESTERDAY        5                         5      0       10
  MONTH TO DATE   55                        74    -19       45
  SINCE MAR 1    809                      1131   -322      881
  SINCE JUL 1   4280                      5338  -1058     5088

 COOLING
  YESTERDAY        0                         2     -2        0
  MONTH TO DATE    8                        14     -6       29
  SINCE MAR 1     19                        31    -12       37
  SINCE JAN 1     19                        31    -12       37
..................................................................


WIND (MPH)
  HIGHEST WIND SPEED    21   HIGHEST WIND DIRECTION     W (290)
  HIGHEST GUST SPEED    27   HIGHEST GUST DIRECTION    NW (300)
  AVERAGE WIND SPEED     9.3


SKY COVER
  AVERAGE SKY COVER 0.1


WEATHER CONDITIONS
 THE FOLLOWING WEATHER WAS RECORDED YESTERDAY.
  NO SIGNIFICANT WEATHER WAS OBSERVED.


RELATIVE HUMIDITY (PERCENT)
 HIGHEST    86           500 AM
 LOWEST     29           200 PM
 AVERAGE    58

..........................................................


THE CONCORDIA KS CLIMATE NORMALS FOR TODAY
                         NORMAL    RECORD    YEAR
 MAXIMUM TEMPERATURE (F)   73        93      1940
                                             1915
 MINIMUM TEMPERATURE (F)   51        33      1966


SUNRISE AND SUNSET
MAY 13 2016...........SUNRISE   618 AM CDT   SUNSET   837 PM CDT
MAY 14 2016...........SUNRISE   617 AM CDT   SUNSET   838 PM CDT


-  INDICATES NEGATIVE NUMBERS.
R  INDICATES RECORD WAS SET OR TIED.
MM INDICATES DATA IS MISSING.
T  INDICATES TRACE AMOUNT.




$$
