000
CDUS43 KTOP 030637
CLICNK


CLIMATE REPORT
NATIONAL WEATHER SERVICE TOPEKA KS
1237 AM CST TUE JAN 3 2017


...................................

...THE CONCORDIA KS CLIMATE SUMMARY FOR JANUARY 2 2017...

CLIMATE NORMAL PERIOD 1981 TO 2010
CLIMATE RECORD PERIOD 1885 TO 2017


WEATHER ITEM   OBSERVED TIME   RECORD YEAR NORMAL DEPARTURE LAST
                VALUE   (LST)  VALUE       VALUE  FROM      YEAR
                                                  NORMAL
..................................................................
TEMPERATURE (F)
 YESTERDAY
  MAXIMUM         47    319 PM  69    1939  38      9       46
  MINIMUM         31   1159 PM -12    1887  19     12       19
  AVERAGE         39                        28     11       33

PRECIPITATION (IN)
  YESTERDAY        0.00          0.32 1947   0.01  -0.01     0.00
  MONTH TO DATE    0.00                      0.03  -0.03     0.00
  SINCE DEC 1      0.93                      0.88   0.05     2.64
  SINCE JAN 1      0.00                      0.03  -0.03     0.00

SNOWFALL (IN)
  YESTERDAY        0.0           3.8  1975   0.1   -0.1      0.0
  MONTH TO DATE    0.0                       0.3   -0.3      0.0
  SINCE JAN 1      0.0                       0.3   -0.3      0.0
  SINCE JUL 1      2.2                       6.8   -4.6      1.3
  SNOW DEPTH       0

DEGREE DAYS
 HEATING
  YESTERDAY       26                        37    -11       32
  MONTH TO DATE   59                        74    -15       67
  SINCE DEC 1   1163                      1159      4      942
  SINCE JUL 1   1860                      2251   -391     1710

 COOLING
  YESTERDAY        0                         0      0        0
  MONTH TO DATE    0                         0      0        0
  SINCE DEC 1      0                         0      0        0
  SINCE JAN 1      0                         0      0        0
..................................................................


WIND (MPH)
  HIGHEST WIND SPEED    22   HIGHEST WIND DIRECTION     N (360)
  HIGHEST GUST SPEED    28   HIGHEST GUST DIRECTION     N (350)
  AVERAGE WIND SPEED    10.2


SKY COVER
  AVERAGE SKY COVER 1.0


WEATHER CONDITIONS
 THE FOLLOWING WEATHER WAS RECORDED YESTERDAY.
  FOG
  FOG W/VISIBILITY <= 1/4 MILE


RELATIVE HUMIDITY (PERCENT)
 HIGHEST   100           600 AM
 LOWEST     76           200 AM
 AVERAGE    88

..........................................................


THE CONCORDIA KS CLIMATE NORMALS FOR TODAY
                         NORMAL    RECORD    YEAR
 MAXIMUM TEMPERATURE (F)   38        64      1898
 MINIMUM TEMPERATURE (F)   19       -14      1919
                                             1911


SUNRISE AND SUNSET
JANUARY  3 2017.......SUNRISE   751 AM CST   SUNSET   519 PM CST
JANUARY  4 2017.......SUNRISE   751 AM CST   SUNSET   520 PM CST


-  INDICATES NEGATIVE NUMBERS.
R  INDICATES RECORD WAS SET OR TIED.
MM INDICATES DATA IS MISSING.
T  INDICATES TRACE AMOUNT.




$$
