000
CDUS43 KTOP 082133
CLICNK


CLIMATE REPORT
NATIONAL WEATHER SERVICE TOPEKA KS
432 PM CDT MON MAY 8 2017


...................................

...THE CONCORDIA KS CLIMATE SUMMARY FOR MAY 8 2017...
VALID TODAY AS OF 430 PM LOCAL TIME.

CLIMATE NORMAL PERIOD 1981 TO 2010
CLIMATE RECORD PERIOD 1885 TO 2017


WEATHER ITEM   OBSERVED TIME   RECORD YEAR NORMAL DEPARTURE LAST
                VALUE   (LST)  VALUE       VALUE  FROM      YEAR
                                                  NORMAL
..................................................................
TEMPERATURE (F)
 TODAY
  MAXIMUM         85    259 PM  94    1963  72     13       76
  MINIMUM         57    432 AM  31    1885  49      8       57
  AVERAGE         71                        60     11       67

PRECIPITATION (IN)
  TODAY            0.00          4.81 1950   0.12  -0.12     0.34
  MONTH TO DATE    0.12                      0.93  -0.81     0.35
  SINCE MAR 1      8.65                      5.39   3.26     2.70
  SINCE JAN 1     10.50                      6.76   3.74     4.26

SNOWFALL (IN)
  TODAY            0.0           T    1950   0.0    0.0      0.0
  MONTH TO DATE    T                         0.0    0.0      0.0
  SINCE JAN 1      2.1                      13.7  -11.6     12.3
  SINCE JUL 1      4.3                      20.2  -15.9     13.6
  SNOW DEPTH       0

DEGREE DAYS
 HEATING
  TODAY            0                         6     -6        0
  MONTH TO DATE   55                        54      1       46
  SINCE MAR 1    972                      1111   -139      800
  SINCE JUL 1   4473                      5318   -845     4271

 COOLING
  TODAY            6                         1      5        2
  MONTH TO DATE   16                         8      8        8
  SINCE MAR 1     35                        25     10       19
  SINCE JAN 1     35                        25     10       19
..................................................................


WIND (MPH)
  HIGHEST WIND SPEED    24   HIGHEST WIND DIRECTION     S (190)
  HIGHEST GUST SPEED    31   HIGHEST GUST DIRECTION     S (190)
  AVERAGE WIND SPEED    15.2



WEATHER CONDITIONS
 THE FOLLOWING WEATHER WAS RECORDED TODAY.
  NO SIGNIFICANT WEATHER WAS OBSERVED.


RELATIVE HUMIDITY (PERCENT)
 HIGHEST    87           400 AM
 LOWEST     40           200 PM
 AVERAGE    64

..........................................................


THE CONCORDIA KS CLIMATE NORMALS FOR TOMORROW
                         NORMAL    RECORD    YEAR
 MAXIMUM TEMPERATURE (F)   72       100      1895
 MINIMUM TEMPERATURE (F)   50        32      1923


SUNRISE AND SUNSET
MAY  8 2017...........SUNRISE   623 AM CDT   SUNSET   832 PM CDT
MAY  9 2017...........SUNRISE   622 AM CDT   SUNSET   833 PM CDT


-  INDICATES NEGATIVE NUMBERS.
R  INDICATES RECORD WAS SET OR TIED.
MM INDICATES DATA IS MISSING.
T  INDICATES TRACE AMOUNT.




$$
