224
CDUS43 KTOP 300634
CLICNK


CLIMATE REPORT
NATIONAL WEATHER SERVICE TOPEKA KS
1232 AM CST SAT JAN 30 2016


...................................

...THE CONCORDIA KS CLIMATE SUMMARY FOR JANUARY 29 2016...

CLIMATE NORMAL PERIOD 1981 TO 2010
CLIMATE RECORD PERIOD 1885 TO 2016


WEATHER ITEM   OBSERVED TIME   RECORD YEAR NORMAL DEPARTURE LAST
                VALUE   (LST)  VALUE       VALUE  FROM      YEAR
                                                  NORMAL
..................................................................
TEMPERATURE (F)
 YESTERDAY
  MAXIMUM         58    405 PM  70    1911  40     18       50
  MINIMUM         30    743 AM -11    1966  19     11       24
  AVERAGE         44                        29     15       37

PRECIPITATION (IN)
  YESTERDAY        0.00          0.54 1983   0.03  -0.03     0.00
  MONTH TO DATE    1.05                      0.53   0.52     0.11
  SINCE DEC 1      3.69                      1.38   2.31     0.85
  SINCE JAN 1      1.05                      0.53   0.52     0.11

SNOWFALL (IN)
  YESTERDAY        0.0           3.0  2013   0.2   -0.2      0.0
                                      1981
  MONTH TO DATE    7.6                       5.3    2.3      1.3
  SINCE JAN 1      7.6                       5.3    2.3      1.3
  SINCE JUL 1      8.9                      11.8   -2.9      7.4
  SNOW DEPTH       0

DEGREE DAYS
 HEATING
  YESTERDAY       21                        36    -15       28
  MONTH TO DATE 1046                      1058    -12      962
  SINCE DEC 1   1921                      2143   -222     1937
  SINCE JUL 1   2689                      3235   -546     3100

 COOLING
  YESTERDAY        0                         0      0        0
  MONTH TO DATE    0                         0      0        0
  SINCE DEC 1      0                         0      0        0
  SINCE JAN 1      0                         0      0        0
..................................................................


WIND (MPH)
  HIGHEST WIND SPEED    22   HIGHEST WIND DIRECTION     S (190)
  HIGHEST GUST SPEED    27   HIGHEST GUST DIRECTION     S (190)
  AVERAGE WIND SPEED     7.8


SKY COVER
  AVERAGE SKY COVER 0.0


WEATHER CONDITIONS
 THE FOLLOWING WEATHER WAS RECORDED YESTERDAY.
  NO SIGNIFICANT WEATHER WAS OBSERVED.


RELATIVE HUMIDITY (PERCENT)
 HIGHEST    85          1100 PM
 LOWEST     43           400 PM
 AVERAGE    64

..........................................................


THE CONCORDIA KS CLIMATE NORMALS FOR TODAY
                         NORMAL    RECORD    YEAR
 MAXIMUM TEMPERATURE (F)   40        70      2012
 MINIMUM TEMPERATURE (F)   19       -11      1918


SUNRISE AND SUNSET
JANUARY 30 2016.......SUNRISE   740 AM CST   SUNSET   548 PM CST
JANUARY 31 2016.......SUNRISE   739 AM CST   SUNSET   549 PM CST


-  INDICATES NEGATIVE NUMBERS.
R  INDICATES RECORD WAS SET OR TIED.
MM INDICATES DATA IS MISSING.
T  INDICATES TRACE AMOUNT.




$$
