078
CDUS43 KTOP 092232
CLICNK


CLIMATE REPORT
NATIONAL WEATHER SERVICE TOPEKA KS
432 PM CST FRI FEB 9 2018


...................................

...THE CONCORDIA KS CLIMATE SUMMARY FOR FEBRUARY 9 2018...
VALID TODAY AS OF 0400 PM LOCAL TIME.

CLIMATE NORMAL PERIOD 1981 TO 2010
CLIMATE RECORD PERIOD 1885 TO 2018


WEATHER ITEM   OBSERVED TIME   RECORD YEAR NORMAL DEPARTURE LAST
                VALUE   (LST)  VALUE       VALUE  FROM      YEAR
                                                  NORMAL
..................................................................
TEMPERATURE (F)
 TODAY
  MAXIMUM         28   1216 AM  70    1996  41    -13       40
                                      1976
  MINIMUM         16    949 AM -15    1899  21     -5       12
  AVERAGE         22                        31     -9       26

PRECIPITATION (IN)
  TODAY            T             0.46 1965   0.03  -0.03     0.00
  MONTH TO DATE    0.16                      0.23  -0.07     0.02
  SINCE DEC 1      0.71                      1.66  -0.95     2.70
  SINCE JAN 1      0.58                      0.81  -0.23     1.77

SNOWFALL (IN)
  TODAY            T             8.0  2001   0.2   -0.2      0.0
  MONTH TO DATE    3.1                       1.9    1.2       T
  SINCE JAN 1      6.7                       7.6   -0.9      1.0
  SINCE JUL 1      8.5                      14.1   -5.6      3.2
  SNOW DEPTH       1

DEGREE DAYS
 HEATING
  TODAY           43                        34      9       39
  MONTH TO DATE  385                       312     73      312
  SINCE DEC 1   2540                      2524     16     2458
  SINCE JUL 1   3477                      3616   -139     3155

 COOLING
  TODAY            0                         0      0        0
  MONTH TO DATE    0                         0      0        0
  SINCE DEC 1      0                         0      0        0
  SINCE JAN 1      0                         0      0        0
..................................................................


WIND (MPH)
  HIGHEST WIND SPEED    24   HIGHEST WIND DIRECTION     N (20)
  HIGHEST GUST SPEED    32   HIGHEST GUST DIRECTION     N (10)
  AVERAGE WIND SPEED    15.6



WEATHER CONDITIONS
 THE FOLLOWING WEATHER WAS RECORDED TODAY.
  LIGHT SNOW
  FOG


RELATIVE HUMIDITY (PERCENT)
 HIGHEST    92           300 AM
 LOWEST     73          1200 PM
 AVERAGE    83

..........................................................


THE CONCORDIA KS CLIMATE NORMALS FOR TOMORROW
                         NORMAL    RECORD    YEAR
 MAXIMUM TEMPERATURE (F)   42        77      1999
 MINIMUM TEMPERATURE (F)   21       -13      1899


SUNRISE AND SUNSET
FEBRUARY  9 2018......SUNRISE   730 AM CST   SUNSET   600 PM CST
FEBRUARY 10 2018......SUNRISE   729 AM CST   SUNSET   601 PM CST


-  INDICATES NEGATIVE NUMBERS.
R  INDICATES RECORD WAS SET OR TIED.
MM INDICATES DATA IS MISSING.
T  INDICATES TRACE AMOUNT.




$$
