000
CDUS43 KTOP 022135
CLICNK


CLIMATE REPORT
NATIONAL WEATHER SERVICE TOPEKA KS
433 PM CDT WED JUL 2 2014


...................................

...THE CONCORDIA KS CLIMATE SUMMARY FOR JULY 2 2014...
VALID TODAY AS OF 0400 PM LOCAL TIME.

CLIMATE NORMAL PERIOD 1981 TO 2010
CLIMATE RECORD PERIOD 1885 TO 2014


WEATHER ITEM   OBSERVED TIME   RECORD YEAR NORMAL DEPARTURE LAST
                VALUE   (LST)  VALUE       VALUE  FROM      YEAR
                                                  NORMAL
..................................................................
TEMPERATURE (F)
 TODAY
  MAXIMUM         76    258 PM 108    1990  90    -14       85
  MINIMUM         57    551 AM  51    1924  66     -9       55
  AVERAGE         67                        78    -11       70

PRECIPITATION (IN)
  TODAY            0.00          1.40 1981   0.13  -0.13      T
  MONTH TO DATE    0.00                      0.27  -0.27      T
  SINCE JUN 1      6.70                      4.32   2.38     1.28
  SINCE JAN 1     12.53                     14.31  -1.78    12.67

SNOWFALL (IN)
  TODAY            0.0           0.0    MM   0.0    0.0      0.0
  MONTH TO DATE    0.0                       0.0    0.0      0.0
  SINCE JAN 1     16.9                      13.7    3.2     20.3
  SINCE JUL 1      0.0                       0.0    0.0      0.0
  SNOW DEPTH       0

DEGREE DAYS
 HEATING
  TODAY            0                         0      0        0
  MONTH TO DATE    0                         0      0        0
  SINCE JUN 1      1                        13    -12       15
  SINCE JUL 1      0                         0      0        0

 COOLING
  TODAY            2                        13    -11        5
  MONTH TO DATE   12                        26    -14        8
  SINCE JUN 1    299                       291      8      304
  SINCE JAN 1    474                       380     94      407
..................................................................


WIND (MPH)
  HIGHEST WIND SPEED    22   HIGHEST WIND DIRECTION    NW (320)
  HIGHEST GUST SPEED    28   HIGHEST GUST DIRECTION     N (340)
  AVERAGE WIND SPEED    10.6



WEATHER CONDITIONS
 THE FOLLOWING WEATHER WAS RECORDED TODAY.
  NO SIGNIFICANT WEATHER WAS OBSERVED.


RELATIVE HUMIDITY (PERCENT)
 HIGHEST    86           100 AM
 LOWEST     38          1200 PM
 AVERAGE    62

..........................................................


THE CONCORDIA KS CLIMATE NORMALS FOR TOMORROW
                         NORMAL    RECORD    YEAR
 MAXIMUM TEMPERATURE (F)   90       106      2003
                                             1990
                                             1936
 MINIMUM TEMPERATURE (F)   67        50      1924


SUNRISE AND SUNSET
JULY  2 2014..........SUNRISE   607 AM CDT   SUNSET   902 PM CDT
JULY  3 2014..........SUNRISE   608 AM CDT   SUNSET   902 PM CDT


-  INDICATES NEGATIVE NUMBERS.
R  INDICATES RECORD WAS SET OR TIED.
MM INDICATES DATA IS MISSING.
T  INDICATES TRACE AMOUNT.

$$
