000
CDUS43 KTOP 100642
CLICNK


CLIMATE REPORT
NATIONAL WEATHER SERVICE TOPEKA KS
1242 AM CST WED DEC 10 2014


...................................

...THE CONCORDIA KS CLIMATE SUMMARY FOR DECEMBER 9 2014...

CLIMATE NORMAL PERIOD 1981 TO 2010
CLIMATE RECORD PERIOD 1885 TO 2014


WEATHER ITEM   OBSERVED TIME   RECORD YEAR NORMAL DEPARTURE LAST
                VALUE   (LST)  VALUE       VALUE  FROM      YEAR
                                                  NORMAL
..................................................................
TEMPERATURE (F)
 YESTERDAY
  MAXIMUM         39    326 PM  69    1939  40     -1       16
  MINIMUM         20    738 AM -11    1919  21     -1       -3
  AVERAGE         30                        31     -1        7

PRECIPITATION (IN)
  YESTERDAY        0.00          0.86 1911   0.03  -0.03     0.00
  MONTH TO DATE    0.01                      0.30  -0.29     0.19
  SINCE DEC 1      0.01                      0.30  -0.29     0.19
  SINCE JAN 1     26.47                     27.34  -0.87    26.84

SNOWFALL (IN)
  YESTERDAY        0.0           2.4  1961   0.1   -0.1      0.0
  MONTH TO DATE    0.0                       1.1   -1.1      2.6
  SINCE JAN 1     18.0                      17.5    0.5     22.9
  SINCE JUL 1      1.1                       3.8   -2.7      2.6
  SNOW DEPTH       0

DEGREE DAYS
 HEATING
  YESTERDAY       35                        34      1       58
  MONTH TO DATE  277                       294    -17      381
  SINCE DEC 1    277                       294    -17      381
  SINCE JUL 1   1440                      1386     54     1437

 COOLING
  YESTERDAY        0                         0      0        0
  MONTH TO DATE    0                         0      0        0
  SINCE DEC 1      0                         0      0        0
  SINCE JAN 1   1368                      1349     19     1359
..................................................................


WIND (MPH)
  HIGHEST WIND SPEED    12   HIGHEST WIND DIRECTION     N (20)
  HIGHEST GUST SPEED    15   HIGHEST GUST DIRECTION     N (10)
  AVERAGE WIND SPEED     5.7


SKY COVER
  AVERAGE SKY COVER 0.0


WEATHER CONDITIONS
 THE FOLLOWING WEATHER WAS RECORDED YESTERDAY.
  NO SIGNIFICANT WEATHER WAS OBSERVED.


RELATIVE HUMIDITY (PERCENT)
 HIGHEST    96           500 AM
 LOWEST     50           200 PM
 AVERAGE    73

..........................................................


THE CONCORDIA KS CLIMATE NORMALS FOR TODAY
                         NORMAL    RECORD    YEAR
 MAXIMUM TEMPERATURE (F)   40        71      1890
 MINIMUM TEMPERATURE (F)   21       -14      1919


SUNRISE AND SUNSET
DECEMBER 10 2014......SUNRISE   740 AM CST   SUNSET   507 PM CST
DECEMBER 11 2014......SUNRISE   741 AM CST   SUNSET   507 PM CST


-  INDICATES NEGATIVE NUMBERS.
R  INDICATES RECORD WAS SET OR TIED.
MM INDICATES DATA IS MISSING.
T  INDICATES TRACE AMOUNT.




$$
