000
CDUS43 KTOP 090632
CLICNK


CLIMATE REPORT
NATIONAL WEATHER SERVICE TOPEKA KS
132 AM CDT TUE AUG 9 2016


...................................

...THE CONCORDIA KS CLIMATE SUMMARY FOR AUGUST 8 2016...

CLIMATE NORMAL PERIOD 1981 TO 2010
CLIMATE RECORD PERIOD 1885 TO 2016


WEATHER ITEM   OBSERVED TIME   RECORD YEAR NORMAL DEPARTURE LAST
                VALUE   (LST)  VALUE       VALUE  FROM      YEAR
                                                  NORMAL
..................................................................
TEMPERATURE (F)
 YESTERDAY
  MAXIMUM         82    332 PM 109    1934  90     -8       87
  MINIMUM         66    620 AM  55    1989  67     -1       66
  AVERAGE         74                        78     -4       77

PRECIPITATION (IN)
  YESTERDAY        0.00          3.52 1910   0.11  -0.11     2.16
  MONTH TO DATE    1.65                      0.86   0.79     3.71
  SINCE JUN 1      8.99                      8.83   0.16    13.39
  SINCE JAN 1     21.16                     18.82   2.34    21.47

SNOWFALL (IN)
  YESTERDAY        0.0           T    1910   0.0    0.0      0.0
  MONTH TO DATE    0.0                       0.0    0.0      0.0
  SINCE JAN 1     12.3                      13.7   -1.4      5.6
  SINCE JUL 1      0.0                       0.0    0.0      0.0
  SNOW DEPTH       0

DEGREE DAYS
 HEATING
  YESTERDAY        0                         0      0        0
  MONTH TO DATE    0                         0      0        0
  SINCE JUN 1      1                        13    -12        2
  SINCE JUL 1      1                         0      1        0

 COOLING
  YESTERDAY        9                        13     -4       12
  MONTH TO DATE   98                       109    -11      100
  SINCE JUN 1    965                       810    155      805
  SINCE JAN 1   1025                       899    126      860
..................................................................


WIND (MPH)
  HIGHEST WIND SPEED    13   HIGHEST WIND DIRECTION    SE (130)
  HIGHEST GUST SPEED    16   HIGHEST GUST DIRECTION    SE (130)
  AVERAGE WIND SPEED     5.4


SKY COVER
  AVERAGE SKY COVER 0.8


WEATHER CONDITIONS
 THE FOLLOWING WEATHER WAS RECORDED YESTERDAY.
  NO SIGNIFICANT WEATHER WAS OBSERVED.


RELATIVE HUMIDITY (PERCENT)
 HIGHEST    93           300 AM
 LOWEST     67          1200 PM
 AVERAGE    80

..........................................................


THE CONCORDIA KS CLIMATE NORMALS FOR TODAY
                         NORMAL    RECORD    YEAR
 MAXIMUM TEMPERATURE (F)   90       108      1934
 MINIMUM TEMPERATURE (F)   67        55      1927
                                             1888


SUNRISE AND SUNSET
AUGUST  9 2016........SUNRISE   638 AM CDT   SUNSET   833 PM CDT
AUGUST 10 2016........SUNRISE   639 AM CDT   SUNSET   832 PM CDT


-  INDICATES NEGATIVE NUMBERS.
R  INDICATES RECORD WAS SET OR TIED.
MM INDICATES DATA IS MISSING.
T  INDICATES TRACE AMOUNT.




$$
