000
CDUS43 KTOP 092142
CLICNK


CLIMATE REPORT
NATIONAL WEATHER SERVICE TOPEKA KS
442 PM CDT FRI SEP 9 2016


...................................

...THE CONCORDIA KS CLIMATE SUMMARY FOR SEPTEMBER 9 2016...
VALID TODAY AS OF 430 PM LOCAL TIME.

CLIMATE NORMAL PERIOD 1981 TO 2010
CLIMATE RECORD PERIOD 1885 TO 2016


WEATHER ITEM   OBSERVED TIME   RECORD YEAR NORMAL DEPARTURE LAST
                VALUE   (LST)  VALUE       VALUE  FROM      YEAR
                                                  NORMAL
..................................................................
TEMPERATURE (F)
 TODAY
  MAXIMUM         85   1225 PM 100    1919  83      2       86
                                      1904
  MINIMUM         64    403 AM  43    2008  59      5       59
                                      1943
                                      1902
  AVERAGE         75                        71      4       73

PRECIPITATION (IN)
  TODAY            0.00          2.75 1914   0.10  -0.10     0.00
  MONTH TO DATE    0.98                      0.87   0.11     0.13
  SINCE SEP 1      0.98                      0.87   0.11     0.13
  SINCE JAN 1     26.50                     21.97   4.53    22.09

SNOWFALL (IN)
  TODAY           MM             T    1987   0.0   MM        0.0
  MONTH TO DATE    0.0                       0.0    0.0      0.0
  SINCE JAN 1     12.3                      13.7   -1.4      5.6
  SINCE JUL 1      0.0                       0.0    0.0      0.0
  SNOW DEPTH      MM

DEGREE DAYS
 HEATING
  TODAY            0                         1     -1        0
  MONTH TO DATE    0                         7     -7        0
  SINCE SEP 1      0                         7     -7        0
  SINCE JUL 1      1                        10     -9        2

 COOLING
  TODAY           10                         7      3        8
  MONTH TO DATE   90                        73     17      151
  SINCE SEP 1     90                        73     17      151
  SINCE JAN 1   1372                      1239    133     1190
..................................................................


WIND (MPH)
  HIGHEST WIND SPEED    24   HIGHEST WIND DIRECTION    SW (210)
  HIGHEST GUST SPEED    30   HIGHEST GUST DIRECTION     S (200)
  AVERAGE WIND SPEED    10.2



WEATHER CONDITIONS
 THE FOLLOWING WEATHER WAS RECORDED TODAY.
  NO SIGNIFICANT WEATHER WAS OBSERVED.


RELATIVE HUMIDITY (PERCENT)
 HIGHEST   100           200 AM
 LOWEST     58          1100 AM
 AVERAGE    79

..........................................................


THE CONCORDIA KS CLIMATE NORMALS FOR TOMORROW
                         NORMAL    RECORD    YEAR
 MAXIMUM TEMPERATURE (F)   83       100      2000
                                             1936
 MINIMUM TEMPERATURE (F)   59        42      1962
                                             1898


SUNRISE AND SUNSET
SEPTEMBER  9 2016.....SUNRISE   707 AM CDT   SUNSET   748 PM CDT
SEPTEMBER 10 2016.....SUNRISE   708 AM CDT   SUNSET   746 PM CDT


-  INDICATES NEGATIVE NUMBERS.
R  INDICATES RECORD WAS SET OR TIED.
MM INDICATES DATA IS MISSING.
T  INDICATES TRACE AMOUNT.




$$
