000
CDUS43 KTOP 040640
CLICNK


CLIMATE REPORT
NATIONAL WEATHER SERVICE TOPEKA KS
1240 AM CST SAT FEB 4 2017


...................................

...THE CONCORDIA KS CLIMATE SUMMARY FOR FEBRUARY 3 2017...

CLIMATE NORMAL PERIOD 1981 TO 2010
CLIMATE RECORD PERIOD 1885 TO 2017


WEATHER ITEM   OBSERVED TIME   RECORD YEAR NORMAL DEPARTURE LAST
                VALUE   (LST)  VALUE       VALUE  FROM      YEAR
                                                  NORMAL
..................................................................
TEMPERATURE (F)
 YESTERDAY
  MAXIMUM         33    350 PM  71    1962  40     -7       29
  MINIMUM         20    807 AM -15    1887  20      0       19
  AVERAGE         27                        30     -3       24

PRECIPITATION (IN)
  YESTERDAY        T             1.68 2012   0.03  -0.03     0.00
  MONTH TO DATE    T                         0.08  -0.08     0.49
  SINCE DEC 1      2.68                      1.51   1.17     4.18
  SINCE JAN 1      1.75                      0.66   1.09     1.54

SNOWFALL (IN)
  YESTERDAY        T             7.1  1955   0.2   -0.2      0.0
  MONTH TO DATE    T                         0.7   -0.7      4.7
  SINCE JAN 1      1.0                       6.4   -5.4     12.3
  SINCE JUL 1      3.2                      12.9   -9.7     13.6
  SNOW DEPTH       0

DEGREE DAYS
 HEATING
  YESTERDAY       38                        35      3       41
  MONTH TO DATE  116                       105     11       99
  SINCE DEC 1   2262                      2317    -55     2063
  SINCE JUL 1   2959                      3409   -450     2831

 COOLING
  YESTERDAY        0                         0      0        0
  MONTH TO DATE    0                         0      0        0
  SINCE DEC 1      0                         0      0        0
  SINCE JAN 1      0                         0      0        0
..................................................................


WIND (MPH)
  HIGHEST WIND SPEED    14   HIGHEST WIND DIRECTION     S (170)
  HIGHEST GUST SPEED    18   HIGHEST GUST DIRECTION     S (170)
  AVERAGE WIND SPEED     6.9


SKY COVER
  AVERAGE SKY COVER 0.5


WEATHER CONDITIONS
 THE FOLLOWING WEATHER WAS RECORDED YESTERDAY.
  LIGHT SNOW


RELATIVE HUMIDITY (PERCENT)
 HIGHEST    91           800 AM
 LOWEST     45           400 PM
 AVERAGE    68

..........................................................


THE CONCORDIA KS CLIMATE NORMALS FOR TODAY
                         NORMAL    RECORD    YEAR
 MAXIMUM TEMPERATURE (F)   40        73      1946
 MINIMUM TEMPERATURE (F)   20       -15      1905


SUNRISE AND SUNSET
FEBRUARY  4 2017......SUNRISE   735 AM CST   SUNSET   555 PM CST
FEBRUARY  5 2017......SUNRISE   734 AM CST   SUNSET   556 PM CST


-  INDICATES NEGATIVE NUMBERS.
R  INDICATES RECORD WAS SET OR TIED.
MM INDICATES DATA IS MISSING.
T  INDICATES TRACE AMOUNT.




$$
