000
CDUS43 KTOP 120632
CLICNK


CLIMATE REPORT
NATIONAL WEATHER SERVICE TOPEKA KS
132 AM CDT TUE APR 12 2016


...................................

...THE CONCORDIA KS CLIMATE SUMMARY FOR APRIL 11 2016...

CLIMATE NORMAL PERIOD 1981 TO 2010
CLIMATE RECORD PERIOD 1885 TO 2016


WEATHER ITEM   OBSERVED TIME   RECORD YEAR NORMAL DEPARTURE LAST
                VALUE   (LST)  VALUE       VALUE  FROM      YEAR
                                                  NORMAL
..................................................................
TEMPERATURE (F)
 YESTERDAY
  MAXIMUM         61    330 PM  92    1890  64     -3       74
  MINIMUM         37   1159 PM  22    1997  40     -3       43
  AVERAGE         49                        52     -3       59

PRECIPITATION (IN)
  YESTERDAY        0.00          1.28 1889   0.08  -0.08      T
  MONTH TO DATE    0.03                      0.83  -0.80     0.08
  SINCE MAR 1      0.48                      2.84  -2.36     0.19
  SINCE JAN 1      2.04                      4.21  -2.17     1.71

SNOWFALL (IN)
  YESTERDAY        0.0           7.8  1997   0.0    0.0      0.0
  MONTH TO DATE    0.0                       0.4   -0.4      0.0
  SINCE JAN 1     12.3                      13.6   -1.3      5.6
  SINCE JUL 1     13.6                      20.1   -6.5     11.7
  SNOW DEPTH       0

DEGREE DAYS
 HEATING
  YESTERDAY       16                        14      2        6
  MONTH TO DATE  126                       168    -42      119
  SINCE MAR 1    614                       852   -238      666
  SINCE JUL 1   4085                      5059   -974     4873

 COOLING
  YESTERDAY        0                         0      0        0
  MONTH TO DATE    0                         0      0        4
  SINCE MAR 1      3                         1      2        8
  SINCE JAN 1      3                         1      2        8
..................................................................


WIND (MPH)
  HIGHEST WIND SPEED    21   HIGHEST WIND DIRECTION    NE (40)
  HIGHEST GUST SPEED    27   HIGHEST GUST DIRECTION    NE (30)
  AVERAGE WIND SPEED    10.9


SKY COVER
  AVERAGE SKY COVER 0.3


WEATHER CONDITIONS
 THE FOLLOWING WEATHER WAS RECORDED YESTERDAY.
  NO SIGNIFICANT WEATHER WAS OBSERVED.


RELATIVE HUMIDITY (PERCENT)
 HIGHEST    62           100 AM
 LOWEST     22           400 PM
 AVERAGE    42

..........................................................


THE CONCORDIA KS CLIMATE NORMALS FOR TODAY
                         NORMAL    RECORD    YEAR
 MAXIMUM TEMPERATURE (F)   64        87      1899
 MINIMUM TEMPERATURE (F)   40        19      1940


SUNRISE AND SUNSET
APRIL 12 2016.........SUNRISE   657 AM CDT   SUNSET   806 PM CDT
APRIL 13 2016.........SUNRISE   656 AM CDT   SUNSET   807 PM CDT


-  INDICATES NEGATIVE NUMBERS.
R  INDICATES RECORD WAS SET OR TIED.
MM INDICATES DATA IS MISSING.
T  INDICATES TRACE AMOUNT.




$$
