000
CDUS43 KTOP 310631
CLICNK


CLIMATE REPORT
NATIONAL WEATHER SERVICE TOPEKA KS
1231 AM CST WED JAN 31 2018


...................................

...THE CONCORDIA KS CLIMATE SUMMARY FOR JANUARY 30 2018...

CLIMATE NORMAL PERIOD 1981 TO 2010
CLIMATE RECORD PERIOD 1885 TO 2018


WEATHER ITEM   OBSERVED TIME   RECORD YEAR NORMAL DEPARTURE LAST
                VALUE   (LST)  VALUE       VALUE  FROM      YEAR
                                                  NORMAL
..................................................................
TEMPERATURE (F)
 YESTERDAY
  MAXIMUM         54    429 PM  70    2012  40     14       65
  MINIMUM         23    405 AM -11    1918  19      4       31
  AVERAGE         39                        29     10       48

PRECIPITATION (IN)
  YESTERDAY        0.00          0.55 1983   0.02  -0.02     0.00
  MONTH TO DATE    0.42                      0.55  -0.13     1.75
  SINCE DEC 1      0.55                      1.40  -0.85     2.68
  SINCE JAN 1      0.42                      0.55  -0.13     1.75

SNOWFALL (IN)
  YESTERDAY        0.0           6.0  1983   0.2   -0.2      0.0
  MONTH TO DATE    3.6                       5.5   -1.9      1.0
  SINCE JAN 1      3.6                       5.5   -1.9      1.0
  SINCE JUL 1      5.4                      12.0   -6.6      3.2
  SNOW DEPTH       0

DEGREE DAYS
 HEATING
  YESTERDAY       26                        36    -10       17
  MONTH TO DATE 1097                      1094      3     1018
  SINCE DEC 1   2133                      2179    -46     2122
  SINCE JUL 1   3070                      3271   -201     2819

 COOLING
  YESTERDAY        0                         0      0        0
  MONTH TO DATE    0                         0      0        0
  SINCE DEC 1      0                         0      0        0
  SINCE JAN 1      0                         0      0        0
..................................................................


WIND (MPH)
  HIGHEST WIND SPEED    29   HIGHEST WIND DIRECTION     S (200)
  HIGHEST GUST SPEED    38   HIGHEST GUST DIRECTION     S (200)
  AVERAGE WIND SPEED    18.7


SKY COVER
  AVERAGE SKY COVER 0.0


WEATHER CONDITIONS
 THE FOLLOWING WEATHER WAS RECORDED YESTERDAY.
  NO SIGNIFICANT WEATHER WAS OBSERVED.


RELATIVE HUMIDITY (PERCENT)
 HIGHEST    74           400 AM
 LOWEST     26           400 PM
 AVERAGE    50

..........................................................


THE CONCORDIA KS CLIMATE NORMALS FOR TODAY
                         NORMAL    RECORD    YEAR
 MAXIMUM TEMPERATURE (F)   40        74      1989
 MINIMUM TEMPERATURE (F)   19       -14      1918


SUNRISE AND SUNSET
JANUARY 31 2018.......SUNRISE   739 AM CST   SUNSET   550 PM CST
FEBRUARY  1 2018......SUNRISE   738 AM CST   SUNSET   551 PM CST


-  INDICATES NEGATIVE NUMBERS.
R  INDICATES RECORD WAS SET OR TIED.
MM INDICATES DATA IS MISSING.
T  INDICATES TRACE AMOUNT.




$$
