000
CDUS43 KTOP 072131
CLICNK


CLIMATE REPORT
NATIONAL WEATHER SERVICE TOPEKA KS
430 PM CDT FRI APR 7 2017


...................................

...THE CONCORDIA KS CLIMATE SUMMARY FOR APRIL 7 2017...
VALID TODAY AS OF 430 PM LOCAL TIME.

CLIMATE NORMAL PERIOD 1981 TO 2010
CLIMATE RECORD PERIOD 1885 TO 2017


WEATHER ITEM   OBSERVED TIME   RECORD YEAR NORMAL DEPARTURE LAST
                VALUE   (LST)  VALUE       VALUE  FROM      YEAR
                                                  NORMAL
..................................................................
TEMPERATURE (F)
 TODAY
  MAXIMUM         67    236 PM  90    1890  62      5       65
  MINIMUM         36    624 AM  17    2009  38     -2       42
                                      2007
  AVERAGE         52                        50      2       54

PRECIPITATION (IN)
  TODAY            0.00          1.27 1998   0.08  -0.08     0.00
  MONTH TO DATE    0.81                      0.53   0.28     0.03
  SINCE MAR 1      4.00                      2.54   1.46     0.48
  SINCE JAN 1      5.85                      3.91   1.94     2.04

SNOWFALL (IN)
  TODAY            0.0           1.3  1982   0.1   -0.1      0.0
  MONTH TO DATE    0.0                       0.3   -0.3      0.0
  SINCE JAN 1      2.1                      13.5  -11.4     12.3
  SINCE JUL 1      4.3                      20.0  -15.7     13.6
  SNOW DEPTH       0

DEGREE DAYS
 HEATING
  TODAY           13                        15     -2       11
  MONTH TO DATE  113                       111      2       74
  SINCE MAR 1    682                       795   -113      562
  SINCE JUL 1   4183                      5002   -819     4033

 COOLING
  TODAY            0                         0      0        0
  MONTH TO DATE    0                         0      0        0
  SINCE MAR 1      4                         1      3        3
  SINCE JAN 1      4                         1      3        3
..................................................................


WIND (MPH)
  HIGHEST WIND SPEED    29   HIGHEST WIND DIRECTION     S (170)
  HIGHEST GUST SPEED    35   HIGHEST GUST DIRECTION     S (180)
  AVERAGE WIND SPEED    12.4



WEATHER CONDITIONS
 THE FOLLOWING WEATHER WAS RECORDED TODAY.
  NO SIGNIFICANT WEATHER WAS OBSERVED.


RELATIVE HUMIDITY (PERCENT)
 HIGHEST    82           600 AM
 LOWEST     39          1200 PM
 AVERAGE    61

..........................................................


THE CONCORDIA KS CLIMATE NORMALS FOR TOMORROW
                         NORMAL    RECORD    YEAR
 MAXIMUM TEMPERATURE (F)   63        89      1887
 MINIMUM TEMPERATURE (F)   39        15      2007


SUNRISE AND SUNSET
APRIL  7 2017.........SUNRISE   705 AM CDT   SUNSET   801 PM CDT
APRIL  8 2017.........SUNRISE   703 AM CDT   SUNSET   802 PM CDT


-  INDICATES NEGATIVE NUMBERS.
R  INDICATES RECORD WAS SET OR TIED.
MM INDICATES DATA IS MISSING.
T  INDICATES TRACE AMOUNT.




$$
