000
CDUS43 KTOP 060633
CLICNK


CLIMATE REPORT
NATIONAL WEATHER SERVICE TOPEKA KS
132 AM CDT SUN APR 6 2014


...................................

...THE CONCORDIA KS CLIMATE SUMMARY FOR APRIL 5 2014...

CLIMATE NORMAL PERIOD 1981 TO 2010
CLIMATE RECORD PERIOD 1885 TO 2014


WEATHER ITEM   OBSERVED TIME   RECORD YEAR NORMAL DEPARTURE LAST
                VALUE   (LST)  VALUE       VALUE  FROM      YEAR
                                                  NORMAL
..................................................................
TEMPERATURE (F)
 YESTERDAY
  MAXIMUM         66    441 PM  92    2000  62      4       71
  MINIMUM         32    218 AM  18    1886  38     -6       33
  AVERAGE         49                        50     -1       52

PRECIPITATION (IN)
  YESTERDAY        0.00          1.04 1999   0.08  -0.08     0.00
  MONTH TO DATE    0.43                      0.38   0.05     0.00
  SINCE MAR 1      0.66                      2.39  -1.73     0.89
  SINCE JAN 1      1.85                      3.76  -1.91     2.37

SNOWFALL (IN)
  YESTERDAY        0.0           2.2  1983   0.0    0.0      0.0
  MONTH TO DATE    T                         0.2   -0.2      0.0
  SINCE JAN 1     16.9                      13.4    3.5     17.9
  SINCE JUL 1     23.2                      19.9    3.3     26.4
  SNOW DEPTH       0

DEGREE DAYS
 HEATING
  YESTERDAY       16                        16      0       13
  MONTH TO DATE  117                        81     36      108
  SINCE MAR 1    913                       765    148      925
  SINCE JUL 1   5395                      4972    423     4944

 COOLING
  YESTERDAY        0                         0      0        0
  MONTH TO DATE    0                         0      0        0
  SINCE MAR 1      0                         1     -1        0
  SINCE JAN 1      0                         1     -1        0
..................................................................


WIND (MPH)
  HIGHEST WIND SPEED    25   HIGHEST WIND DIRECTION     S (170)
  HIGHEST GUST SPEED    33   HIGHEST GUST DIRECTION     S (180)
  AVERAGE WIND SPEED    15.6


SKY COVER
  AVERAGE SKY COVER 0.2


WEATHER CONDITIONS
 THE FOLLOWING WEATHER WAS RECORDED YESTERDAY.
  HAZE


RELATIVE HUMIDITY (PERCENT)
 HIGHEST    82           200 AM
 LOWEST     24           200 PM
 AVERAGE    53

..........................................................


THE CONCORDIA KS CLIMATE NORMALS FOR TODAY
                         NORMAL    RECORD    YEAR
 MAXIMUM TEMPERATURE (F)   62        97      1893
 MINIMUM TEMPERATURE (F)   38        16      1994


SUNRISE AND SUNSET
APRIL  6 2014.........SUNRISE   707 AM CDT   SUNSET   800 PM CDT
APRIL  7 2014.........SUNRISE   705 AM CDT   SUNSET   801 PM CDT


-  INDICATES NEGATIVE NUMBERS.
R  INDICATES RECORD WAS SET OR TIED.
MM INDICATES DATA IS MISSING.
T  INDICATES TRACE AMOUNT.




$$
