963
CDUS43 KTOP 010633
CLICNK


CLIMATE REPORT
NATIONAL WEATHER SERVICE TOPEKA KS
1231 AM CST MON FEB 1 2016


...................................

...THE CONCORDIA KS CLIMATE SUMMARY FOR JANUARY 31 2016...

CLIMATE NORMAL PERIOD 1981 TO 2010
CLIMATE RECORD PERIOD 1885 TO 2016


WEATHER ITEM   OBSERVED TIME   RECORD YEAR NORMAL DEPARTURE LAST
                VALUE   (LST)  VALUE       VALUE  FROM      YEAR
                                                  NORMAL
..................................................................
TEMPERATURE (F)
 YESTERDAY
  MAXIMUM         52    349 PM  74    1989  40     12       36
  MINIMUM         36    823 AM -14    1918  19     17       32
  AVERAGE         44                        29     15       34

PRECIPITATION (IN)
  YESTERDAY        0.00          0.94 2015   0.03  -0.03     0.94
  MONTH TO DATE    1.05                      0.58   0.47     1.17
  SINCE DEC 1      3.69                      1.43   2.26     1.91
  SINCE JAN 1      1.05                      0.58   0.47     1.17

SNOWFALL (IN)
  YESTERDAY        0.0           3.6  2014   0.2   -0.2      1.0
  MONTH TO DATE    7.6                       5.7    1.9      2.3
  SINCE JAN 1      7.6                       5.7    1.9      2.3
  SINCE JUL 1      8.9                      12.2   -3.3      8.4
  SNOW DEPTH       0

DEGREE DAYS
 HEATING
  YESTERDAY       21                        36    -15       31
  MONTH TO DATE 1089                      1130    -41     1027
  SINCE DEC 1   1964                      2212   -248     2002
  SINCE JUL 1   2732                      3304   -572     3165

 COOLING
  YESTERDAY        0                         0      0        0
  MONTH TO DATE    0                         0      0        0
  SINCE DEC 1      0                         0      0        0
  SINCE JAN 1      0                         0      0        0
..................................................................


WIND (MPH)
  HIGHEST WIND SPEED    21   HIGHEST WIND DIRECTION    NW (330)
  HIGHEST GUST SPEED    27   HIGHEST GUST DIRECTION     N (340)
  AVERAGE WIND SPEED     9.2


SKY COVER
  AVERAGE SKY COVER 0.3


WEATHER CONDITIONS
 THE FOLLOWING WEATHER WAS RECORDED YESTERDAY.
  NO SIGNIFICANT WEATHER WAS OBSERVED.


RELATIVE HUMIDITY (PERCENT)
 HIGHEST    85           100 AM
 LOWEST     35           400 PM
 AVERAGE    60

..........................................................


THE CONCORDIA KS CLIMATE NORMALS FOR TODAY
                         NORMAL    RECORD    YEAR
 MAXIMUM TEMPERATURE (F)   40        72      1992
 MINIMUM TEMPERATURE (F)   19       -15      1979
                                             1917


SUNRISE AND SUNSET
FEBRUARY  1 2016......SUNRISE   739 AM CST   SUNSET   550 PM CST
FEBRUARY  2 2016......SUNRISE   738 AM CST   SUNSET   551 PM CST


-  INDICATES NEGATIVE NUMBERS.
R  INDICATES RECORD WAS SET OR TIED.
MM INDICATES DATA IS MISSING.
T  INDICATES TRACE AMOUNT.




$$
