000
CDUS43 KTOP 212133
CLICNK


CLIMATE REPORT
NATIONAL WEATHER SERVICE TOPEKA KS
431 PM CDT SUN SEP 21 2014


...................................

...THE CONCORDIA KS CLIMATE SUMMARY FOR SEPTEMBER 21 2014...
VALID TODAY AS OF 0400 PM LOCAL TIME.

CLIMATE NORMAL PERIOD 1981 TO 2010
CLIMATE RECORD PERIOD 1885 TO 2014


WEATHER ITEM   OBSERVED TIME   RECORD YEAR NORMAL DEPARTURE LAST
                VALUE   (LST)  VALUE       VALUE  FROM      YEAR
                                                  NORMAL
..................................................................
TEMPERATURE (F)
 TODAY
  MAXIMUM         77    259 PM 103    2005  78     -1       85
                                      1956
  MINIMUM         53    642 AM  33    1995  54     -1       47
                                      1983
  AVERAGE         65                        66     -1       66

PRECIPITATION (IN)
  TODAY            0.00          2.30 2009   0.10  -0.10     0.00
  MONTH TO DATE    1.93                      2.07  -0.14     0.56
  SINCE SEP 1      1.93                      2.07  -0.14     0.56
  SINCE JAN 1     22.59                     23.17  -0.58    24.13

SNOWFALL (IN)
  TODAY            0.0           0.0    MM   0.0    0.0      0.0
  MONTH TO DATE    0.0                       0.0    0.0      0.0
  SINCE JAN 1     16.9                      13.7    3.2     20.3
  SINCE JUL 1      0.0                       0.0    0.0      0.0
  SNOW DEPTH       0

DEGREE DAYS
 HEATING
  TODAY            0                         3     -3        0
  MONTH TO DATE   73                        31     42        8
  SINCE SEP 1     73                        31     42        8
  SINCE JUL 1     75                        34     41       15

 COOLING
  TODAY            0                         4     -4        1
  MONTH TO DATE  102                       135    -33      202
  SINCE SEP 1    102                       135    -33      202
  SINCE JAN 1   1311                      1301     10     1287
..................................................................


WIND (MPH)
  HIGHEST WIND SPEED    18   HIGHEST WIND DIRECTION     N (10)
  HIGHEST GUST SPEED    24   HIGHEST GUST DIRECTION     N (10)
  AVERAGE WIND SPEED     8.8



WEATHER CONDITIONS
 THE FOLLOWING WEATHER WAS RECORDED TODAY.
  NO SIGNIFICANT WEATHER WAS OBSERVED.


RELATIVE HUMIDITY (PERCENT)
 HIGHEST    93           600 AM
 LOWEST     28           300 PM
 AVERAGE    61

..........................................................


THE CONCORDIA KS CLIMATE NORMALS FOR TOMORROW
                         NORMAL    RECORD    YEAR
 MAXIMUM TEMPERATURE (F)   77        98      1937
                                             1892
 MINIMUM TEMPERATURE (F)   53        29      1995


SUNRISE AND SUNSET
SEPTEMBER 21 2014.....SUNRISE   717 AM CDT   SUNSET   729 PM CDT
SEPTEMBER 22 2014.....SUNRISE   718 AM CDT   SUNSET   728 PM CDT


-  INDICATES NEGATIVE NUMBERS.
R  INDICATES RECORD WAS SET OR TIED.
MM INDICATES DATA IS MISSING.
T  INDICATES TRACE AMOUNT.




$$
