000
CDUS43 KTOP 150634
CLICNK


CLIMATE REPORT
NATIONAL WEATHER SERVICE TOPEKA KS
132 AM CDT TUE JUL 15 2014


...................................

...THE CONCORDIA KS CLIMATE SUMMARY FOR JULY 14 2014...

CLIMATE NORMAL PERIOD 1981 TO 2010
CLIMATE RECORD PERIOD 1885 TO 2014


WEATHER ITEM   OBSERVED TIME   RECORD YEAR NORMAL DEPARTURE LAST
                VALUE   (LST)  VALUE       VALUE  FROM      YEAR
                                                  NORMAL
..................................................................
TEMPERATURE (F)
 YESTERDAY
  MAXIMUM         81    314 PM 110    1913  91    -10       85
  MINIMUM         57   1146 PM  50    1990  68    -11       66
  AVERAGE         69                        79    -10       76

PRECIPITATION (IN)
  YESTERDAY        0.07          1.12 2010   0.14  -0.07     0.35
  MONTH TO DATE    0.91                      1.96  -1.05     0.52
  SINCE JUN 1      7.61                      6.01   1.60     1.80
  SINCE JAN 1     13.44                     16.00  -2.56    13.19

SNOWFALL (IN)
  YESTERDAY        0.0           0.0    MM   0.0    0.0      0.0
  MONTH TO DATE    0.0                       0.0    0.0      0.0
  SINCE JAN 1     16.9                      13.7    3.2     20.3
  SINCE JUL 1      0.0                       0.0    0.0      0.0
  SNOW DEPTH       0

DEGREE DAYS
 HEATING
  YESTERDAY        0                         0      0        0
  MONTH TO DATE    0                         0      0        0
  SINCE JUN 1      1                        13    -12       15
  SINCE JUL 1      0                         0      0        0

 COOLING
  YESTERDAY        4                        14    -10       11
  MONTH TO DATE  173                       192    -19      205
  SINCE JUN 1    460                       457      3      501
  SINCE JAN 1    635                       546     89      604
..................................................................


WIND (MPH)
  HIGHEST WIND SPEED    22   HIGHEST WIND DIRECTION     N (360)
  HIGHEST GUST SPEED    27   HIGHEST GUST DIRECTION     N (360)
  AVERAGE WIND SPEED     9.1


SKY COVER
  AVERAGE SKY COVER 0.2


WEATHER CONDITIONS
 THE FOLLOWING WEATHER WAS RECORDED YESTERDAY.
  LIGHT RAIN
  FOG


RELATIVE HUMIDITY (PERCENT)
 HIGHEST    90          1100 AM
 LOWEST     39           500 PM
 AVERAGE    65

..........................................................


THE CONCORDIA KS CLIMATE NORMALS FOR TODAY
                         NORMAL    RECORD    YEAR
 MAXIMUM TEMPERATURE (F)   91       110      1934
                                             1914
 MINIMUM TEMPERATURE (F)   68        54      1967


SUNRISE AND SUNSET
JULY 15 2014..........SUNRISE   616 AM CDT   SUNSET   857 PM CDT
JULY 16 2014..........SUNRISE   616 AM CDT   SUNSET   856 PM CDT


-  INDICATES NEGATIVE NUMBERS.
R  INDICATES RECORD WAS SET OR TIED.
MM INDICATES DATA IS MISSING.
T  INDICATES TRACE AMOUNT.


$$
