000
CDUS43 KTOP 160637
CLICNK


CLIMATE REPORT
NATIONAL WEATHER SERVICE TOPEKA KS
1237 AM CST SUN NOV 16 2014


...................................

...THE CONCORDIA KS CLIMATE SUMMARY FOR NOVEMBER 15 2014...

CLIMATE NORMAL PERIOD 1981 TO 2010
CLIMATE RECORD PERIOD 1885 TO 2014


WEATHER ITEM   OBSERVED TIME   RECORD YEAR NORMAL DEPARTURE LAST
                VALUE   (LST)  VALUE       VALUE  FROM      YEAR
                                                  NORMAL
..................................................................
TEMPERATURE (F)
 YESTERDAY
  MAXIMUM         29    504 PM  77    1952  53    -24       59
                                      1887
  MINIMUM         17   1159 PM   6    1940  31    -14       24
  AVERAGE         23                        42    -19       42

PRECIPITATION (IN)
  YESTERDAY        0.05          1.23 1961   0.03   0.02     0.00
  MONTH TO DATE    0.08                      0.63  -0.55     1.09
  SINCE SEP 1      5.77                      5.46   0.31     3.02
  SINCE JAN 1     26.43                     26.56  -0.13    26.59

SNOWFALL (IN)
  YESTERDAY        0.8           1.9  1988   0.1    0.7      0.0
  MONTH TO DATE    1.1                       0.8    0.3      0.0
  SINCE JAN 1     18.0                      14.7    3.3     20.3
  SINCE JUL 1      1.1                       1.0    0.1      0.0
  SNOW DEPTH       1

DEGREE DAYS
 HEATING
  YESTERDAY       42                        23     19       23
  MONTH TO DATE  371                       290     81      286
  SINCE SEP 1    700                       678     22      623
  SINCE JUL 1    702                       681     21      630

 COOLING
  YESTERDAY        0                         0      0        0
  MONTH TO DATE    0                         0      0        0
  SINCE SEP 1    159                       182    -23      274
  SINCE JAN 1   1368                      1348     20     1359
..................................................................


WIND (MPH)
  HIGHEST WIND SPEED    23   HIGHEST WIND DIRECTION    NW (320)
  HIGHEST GUST SPEED    28   HIGHEST GUST DIRECTION    NW (320)
  AVERAGE WIND SPEED     9.5


SKY COVER
  AVERAGE SKY COVER 0.8


WEATHER CONDITIONS
 THE FOLLOWING WEATHER WAS RECORDED YESTERDAY.
  SNOW
  LIGHT SNOW
  FOG
  FOG W/VISIBILITY <= 1/4 MILE


RELATIVE HUMIDITY (PERCENT)
 HIGHEST    92           900 AM
 LOWEST     55           400 AM
 AVERAGE    74

..........................................................


THE CONCORDIA KS CLIMATE NORMALS FOR TODAY
                         NORMAL    RECORD    YEAR
 MAXIMUM TEMPERATURE (F)   52        72      1999
                                             1958
                                             1954
 MINIMUM TEMPERATURE (F)   31         6      1955


SUNRISE AND SUNSET
NOVEMBER 16 2014......SUNRISE   716 AM CST   SUNSET   515 PM CST
NOVEMBER 17 2014......SUNRISE   717 AM CST   SUNSET   514 PM CST


-  INDICATES NEGATIVE NUMBERS.
R  INDICATES RECORD WAS SET OR TIED.
MM INDICATES DATA IS MISSING.
T  INDICATES TRACE AMOUNT.




$$
