000
CDUS43 KTOP 292135
CLICNK


CLIMATE REPORT
NATIONAL WEATHER SERVICE TOPEKA KS
432 PM CDT SAT MAR 29 2014


...................................

...THE CONCORDIA KS CLIMATE SUMMARY FOR MARCH 29 2014...
VALID TODAY AS OF 0400 PM LOCAL TIME.

CLIMATE NORMAL PERIOD 1981 TO 2010
CLIMATE RECORD PERIOD 1885 TO 2014


WEATHER ITEM   OBSERVED TIME   RECORD YEAR NORMAL DEPARTURE LAST
                VALUE   (LST)  VALUE       VALUE  FROM      YEAR
                                                  NORMAL
..................................................................
TEMPERATURE (F)
 TODAY
  MAXIMUM         60    259 PM  88    1986  60      0       72
  MINIMUM         22    553 AM  11    1886  35    -13       33
  AVERAGE         41                        47     -6       53

PRECIPITATION (IN)
  TODAY            0.00          1.08 1976   0.08  -0.08      T
  MONTH TO DATE    0.23                      1.84  -1.61     0.61
  SINCE MAR 1      0.23                      1.84  -1.61     0.61
  SINCE JAN 1      1.42                      3.21  -1.79     2.09

SNOWFALL (IN)
  TODAY            0.0           1.2  1976   0.1   -0.1      0.0
  MONTH TO DATE    2.2                       2.6   -0.4      4.3
  SINCE JAN 1     16.9                      13.0    3.9     17.9
  SINCE JUL 1     23.2                      19.5    3.7     26.4
  SNOW DEPTH       0

DEGREE DAYS
 HEATING
  TODAY           24                        18      6       12
  MONTH TO DATE  780                       650    130      798
  SINCE MAR 1    780                       650    130      798
  SINCE JUL 1   5262                      4857    405     4817

 COOLING
  TODAY            0                         0      0        0
  MONTH TO DATE    0                         0      0        0
  SINCE MAR 1      0                         0      0        0
  SINCE JAN 1      0                         0      0        0
..................................................................


WIND (MPH)
  HIGHEST WIND SPEED    15   HIGHEST WIND DIRECTION     S (170)
  HIGHEST GUST SPEED    21   HIGHEST GUST DIRECTION     S (180)
  AVERAGE WIND SPEED     7.1



WEATHER CONDITIONS
 THE FOLLOWING WEATHER WAS RECORDED TODAY.
  FOG
  HAZE


RELATIVE HUMIDITY (PERCENT)
 HIGHEST    96           600 AM
 LOWEST     29           300 PM
 AVERAGE    63

..........................................................


THE CONCORDIA KS CLIMATE NORMALS FOR TOMORROW
                         NORMAL    RECORD    YEAR
 MAXIMUM TEMPERATURE (F)   60        89      1917
 MINIMUM TEMPERATURE (F)   36         8      1886


SUNRISE AND SUNSET
MARCH 29 2014.........SUNRISE   720 AM CDT   SUNSET   752 PM CDT
MARCH 30 2014.........SUNRISE   718 AM CDT   SUNSET   753 PM CDT


-  INDICATES NEGATIVE NUMBERS.
R  INDICATES RECORD WAS SET OR TIED.
MM INDICATES DATA IS MISSING.
T  INDICATES TRACE AMOUNT.




$$
