000
CDUS43 KTOP 120634
CLICNK


CLIMATE REPORT
NATIONAL WEATHER SERVICE TOPEKA KS
131 AM CDT SAT JUL 12 2014


...................................

...THE CONCORDIA KS CLIMATE SUMMARY FOR JULY 11 2014...

CLIMATE NORMAL PERIOD 1981 TO 2010
CLIMATE RECORD PERIOD 1885 TO 2014


WEATHER ITEM   OBSERVED TIME   RECORD YEAR NORMAL DEPARTURE LAST
                VALUE   (LST)  VALUE       VALUE  FROM      YEAR
                                                  NORMAL
..................................................................
TEMPERATURE (F)
 YESTERDAY
  MAXIMUM         97    325 PM 111    1954  91      6       91
  MINIMUM         67    528 AM  51    1905  68     -1       66
                                      1895
  AVERAGE         82                        79      3       79

PRECIPITATION (IN)
  YESTERDAY        0.00          3.41 1923   0.14  -0.14     0.02
  MONTH TO DATE    0.84                      1.54  -0.70     0.17
  SINCE JUN 1      7.54                      5.59   1.95     1.45
  SINCE JAN 1     13.37                     15.58  -2.21    12.84

SNOWFALL (IN)
  YESTERDAY        0.0           T    1909   0.0    0.0      0.0
  MONTH TO DATE    0.0                       0.0    0.0      0.0
  SINCE JAN 1     16.9                      13.7    3.2     20.3
  SINCE JUL 1      0.0                       0.0    0.0      0.0
  SNOW DEPTH       0

DEGREE DAYS
 HEATING
  YESTERDAY        0                         0      0        0
  MONTH TO DATE    0                         0      0        0
  SINCE JUN 1      1                        13    -12       15
  SINCE JUL 1      0                         0      0        0

 COOLING
  YESTERDAY       17                        14      3       14
  MONTH TO DATE  135                       150    -15      154
  SINCE JUN 1    422                       415      7      450
  SINCE JAN 1    597                       504     93      553
..................................................................


WIND (MPH)
  HIGHEST WIND SPEED    24   HIGHEST WIND DIRECTION     S (190)
  HIGHEST GUST SPEED    32   HIGHEST GUST DIRECTION     S (180)
  AVERAGE WIND SPEED    12.7


SKY COVER
  AVERAGE SKY COVER 0.0


WEATHER CONDITIONS
 THE FOLLOWING WEATHER WAS RECORDED YESTERDAY.
  NO SIGNIFICANT WEATHER WAS OBSERVED.


RELATIVE HUMIDITY (PERCENT)
 HIGHEST    93           500 AM
 LOWEST     33           400 PM
 AVERAGE    63

..........................................................


THE CONCORDIA KS CLIMATE NORMALS FOR TODAY
                         NORMAL    RECORD    YEAR
 MAXIMUM TEMPERATURE (F)   91       111      1954
 MINIMUM TEMPERATURE (F)   68        54      1895


SUNRISE AND SUNSET
JULY 12 2014..........SUNRISE   614 AM CDT   SUNSET   859 PM CDT
JULY 13 2014..........SUNRISE   614 AM CDT   SUNSET   858 PM CDT


-  INDICATES NEGATIVE NUMBERS.
R  INDICATES RECORD WAS SET OR TIED.
MM INDICATES DATA IS MISSING.
T  INDICATES TRACE AMOUNT.




$$
