000
CDUS43 KTOP 070634
CLICNK


CLIMATE REPORT
NATIONAL WEATHER SERVICE TOPEKA KS
134 AM CDT SUN AUG 7 2016


...................................

...THE CONCORDIA KS CLIMATE SUMMARY FOR AUGUST 6 2016...

CLIMATE NORMAL PERIOD 1981 TO 2010
CLIMATE RECORD PERIOD 1885 TO 2016


WEATHER ITEM   OBSERVED TIME   RECORD YEAR NORMAL DEPARTURE LAST
                VALUE   (LST)  VALUE       VALUE  FROM      YEAR
                                                  NORMAL
..................................................................
TEMPERATURE (F)
 YESTERDAY
  MAXIMUM         78    501 PM 109    1934  90    -12       80
  MINIMUM         66    453 AM  54    1990  67     -1       64
  AVERAGE         72                        78     -6       72

PRECIPITATION (IN)
  YESTERDAY        0.00          1.62 1967   0.10  -0.10     0.00
  MONTH TO DATE    0.19                      0.64  -0.45     1.55
  SINCE JUN 1      7.53                      8.61  -1.08    11.23
  SINCE JAN 1     19.70                     18.60   1.10    19.31

SNOWFALL (IN)
  YESTERDAY        0.0           T    1928   0.0    0.0      0.0
  MONTH TO DATE    0.0                       0.0    0.0      0.0
  SINCE JAN 1     12.3                      13.7   -1.4      5.6
  SINCE JUL 1      0.0                       0.0    0.0      0.0
  SNOW DEPTH       0

DEGREE DAYS
 HEATING
  YESTERDAY        0                         0      0        0
  MONTH TO DATE    0                         0      0        0
  SINCE JUN 1      1                        13    -12        2
  SINCE JUL 1      1                         0      1        0

 COOLING
  YESTERDAY        7                        13     -6        7
  MONTH TO DATE   85                        83      2       76
  SINCE JUN 1    952                       784    168      781
  SINCE JAN 1   1012                       873    139      836
..................................................................


WIND (MPH)
  HIGHEST WIND SPEED    16   HIGHEST WIND DIRECTION     E (90)
  HIGHEST GUST SPEED    22   HIGHEST GUST DIRECTION     E (100)
  AVERAGE WIND SPEED     5.5


SKY COVER
  AVERAGE SKY COVER 0.7


WEATHER CONDITIONS
 THE FOLLOWING WEATHER WAS RECORDED YESTERDAY.
  NO SIGNIFICANT WEATHER WAS OBSERVED.


RELATIVE HUMIDITY (PERCENT)
 HIGHEST    90          1100 PM
 LOWEST     58           500 PM
 AVERAGE    74

..........................................................


THE CONCORDIA KS CLIMATE NORMALS FOR TODAY
                         NORMAL    RECORD    YEAR
 MAXIMUM TEMPERATURE (F)   90       110      1946
 MINIMUM TEMPERATURE (F)   67        50      1989


SUNRISE AND SUNSET
AUGUST  7 2016........SUNRISE   636 AM CDT   SUNSET   836 PM CDT
AUGUST  8 2016........SUNRISE   637 AM CDT   SUNSET   835 PM CDT


-  INDICATES NEGATIVE NUMBERS.
R  INDICATES RECORD WAS SET OR TIED.
MM INDICATES DATA IS MISSING.
T  INDICATES TRACE AMOUNT.




$$
