000
CDUS43 KTOP 050635
CLICNK


CLIMATE REPORT
NATIONAL WEATHER SERVICE TOPEKA KS
1234 AM CST THU JAN 5 2017


...................................

...THE CONCORDIA KS CLIMATE SUMMARY FOR JANUARY 4 2017...

CLIMATE NORMAL PERIOD 1981 TO 2010
CLIMATE RECORD PERIOD 1885 TO 2017


WEATHER ITEM   OBSERVED TIME   RECORD YEAR NORMAL DEPARTURE LAST
                VALUE   (LST)  VALUE       VALUE  FROM      YEAR
                                                  NORMAL
..................................................................
TEMPERATURE (F)
 YESTERDAY
  MAXIMUM         19    331 PM  68    1916  38    -19       26
  MINIMUM          7    602 AM -14    1947  19    -12       12
  AVERAGE         13                        28    -15       19

PRECIPITATION (IN)
  YESTERDAY        0.03          0.51 2005   0.01   0.02     0.00
  MONTH TO DATE    0.03                      0.06  -0.03     0.00
  SINCE DEC 1      0.96                      0.91   0.05     2.64
  SINCE JAN 1      0.03                      0.06  -0.03     0.00

SNOWFALL (IN)
  YESTERDAY        0.5           2.9  1977   0.1    0.4      0.0
  MONTH TO DATE    0.5                       0.6   -0.1      0.0
  SINCE JAN 1      0.5                       0.6   -0.1      0.0
  SINCE JUL 1      2.7                       7.1   -4.4      1.3
  SNOW DEPTH       0

DEGREE DAYS
 HEATING
  YESTERDAY       52                        37     15       46
  MONTH TO DATE  154                       148      6      147
  SINCE DEC 1   1258                      1233     25     1022
  SINCE JUL 1   1955                      2325   -370     1790

 COOLING
  YESTERDAY        0                         0      0        0
  MONTH TO DATE    0                         0      0        0
  SINCE DEC 1      0                         0      0        0
  SINCE JAN 1      0                         0      0        0
..................................................................


WIND (MPH)
  HIGHEST WIND SPEED    15   HIGHEST WIND DIRECTION    NE (30)
  HIGHEST GUST SPEED    19   HIGHEST GUST DIRECTION     N (360)
  AVERAGE WIND SPEED     8.2


SKY COVER
  AVERAGE SKY COVER 0.6


WEATHER CONDITIONS
 THE FOLLOWING WEATHER WAS RECORDED YESTERDAY.
  LIGHT SNOW
  FOG


RELATIVE HUMIDITY (PERCENT)
 HIGHEST    92          1000 PM
 LOWEST     61           100 PM
 AVERAGE    77

..........................................................


THE CONCORDIA KS CLIMATE NORMALS FOR TODAY
                         NORMAL    RECORD    YEAR
 MAXIMUM TEMPERATURE (F)   38        66      2012
 MINIMUM TEMPERATURE (F)   19       -18      1924


SUNRISE AND SUNSET
JANUARY  5 2017.......SUNRISE   751 AM CST   SUNSET   521 PM CST
JANUARY  6 2017.......SUNRISE   751 AM CST   SUNSET   522 PM CST


-  INDICATES NEGATIVE NUMBERS.
R  INDICATES RECORD WAS SET OR TIED.
MM INDICATES DATA IS MISSING.
T  INDICATES TRACE AMOUNT.




$$
