000
CDUS43 KTOP 110633
CLICNK


CLIMATE REPORT
NATIONAL WEATHER SERVICE TOPEKA KS
132 AM CDT SAT OCT 11 2014


...................................

...THE CONCORDIA KS CLIMATE SUMMARY FOR OCTOBER 10 2014...

CLIMATE NORMAL PERIOD 1981 TO 2010
CLIMATE RECORD PERIOD 1885 TO 2014


WEATHER ITEM   OBSERVED TIME   RECORD YEAR NORMAL DEPARTURE LAST
                VALUE   (LST)  VALUE       VALUE  FROM      YEAR
                                                  NORMAL
..................................................................
TEMPERATURE (F)
 YESTERDAY
  MAXIMUM         53    208 AM  95    1963  70    -17       83
  MINIMUM         39   1125 PM  25    1906  46     -7       57
  AVERAGE         46                        58    -12       70

PRECIPITATION (IN)
  YESTERDAY        0.05          2.54 1973   0.06  -0.01     0.00
  MONTH TO DATE    1.94                      0.71   1.23     0.05
  SINCE SEP 1      5.19                      3.62   1.57     1.18
  SINCE JAN 1     25.85                     24.72   1.13    24.75

SNOWFALL (IN)
  YESTERDAY        0.0           0.0    MM   0.0    0.0      0.0
  MONTH TO DATE    0.0                       0.0    0.0      0.0
  SINCE JAN 1     16.9                      13.7    3.2     20.3
  SINCE JUL 1      0.0                       0.0    0.0      0.0
  SNOW DEPTH       0

DEGREE DAYS
 HEATING
  YESTERDAY       19                         8     11        0
  MONTH TO DATE   78                        70      8       29
  SINCE SEP 1    160                       140     20       43
  SINCE JUL 1    162                       143     19       50

 COOLING
  YESTERDAY        0                         1     -1        5
  MONTH TO DATE    8                        14     -6       31
  SINCE SEP 1    143                       174    -31      273
  SINCE JAN 1   1352                      1340     12     1358
..................................................................


WIND (MPH)
  HIGHEST WIND SPEED    17   HIGHEST WIND DIRECTION    NE (40)
  HIGHEST GUST SPEED    22   HIGHEST GUST DIRECTION    NE (40)
  AVERAGE WIND SPEED     8.2


SKY COVER
  AVERAGE SKY COVER 0.7


WEATHER CONDITIONS
 THE FOLLOWING WEATHER WAS RECORDED YESTERDAY.
  LIGHT RAIN


RELATIVE HUMIDITY (PERCENT)
 HIGHEST   100           700 PM
 LOWEST     66           600 AM
 AVERAGE    83

..........................................................


THE CONCORDIA KS CLIMATE NORMALS FOR TODAY
                         NORMAL    RECORD    YEAR
 MAXIMUM TEMPERATURE (F)   69        94      1975
 MINIMUM TEMPERATURE (F)   46        28      1919


SUNRISE AND SUNSET
OCTOBER 11 2014.......SUNRISE   737 AM CDT   SUNSET   657 PM CDT
OCTOBER 12 2014.......SUNRISE   738 AM CDT   SUNSET   656 PM CDT


-  INDICATES NEGATIVE NUMBERS.
R  INDICATES RECORD WAS SET OR TIED.
MM INDICATES DATA IS MISSING.
T  INDICATES TRACE AMOUNT.




$$
