000
CDUS43 KTOP 142151
CLICNK


CLIMATE REPORT
NATIONAL WEATHER SERVICE TOPEKA KS
450 PM CDT WED SEP 14 2016


...................................

...THE CONCORDIA KS CLIMATE SUMMARY FOR SEPTEMBER 14 2016...
VALID TODAY AS OF 430 PM LOCAL TIME.

CLIMATE NORMAL PERIOD 1981 TO 2010
CLIMATE RECORD PERIOD 1885 TO 2016


WEATHER ITEM   OBSERVED TIME   RECORD YEAR NORMAL DEPARTURE LAST
                VALUE   (LST)  VALUE       VALUE  FROM      YEAR
                                                  NORMAL
..................................................................
TEMPERATURE (F)
 TODAY
  MAXIMUM         64    259 PM  98    1895  81    -17       89
  MINIMUM         55    216 AM  38    1904  57     -2       60
                                      1892
  AVERAGE         60                        69     -9       75

PRECIPITATION (IN)
  TODAY            0.00          1.64 1906   0.09  -0.09     0.00
  MONTH TO DATE    1.18                      1.35  -0.17     0.93
  SINCE SEP 1      1.18                      1.35  -0.17     0.93
  SINCE JAN 1     26.70                     22.45   4.25    22.89

SNOWFALL (IN)
  TODAY            0.0           0.0    MM   0.0    0.0      0.0
  MONTH TO DATE    0.0                       0.0    0.0      0.0
  SINCE JAN 1     12.3                      13.7   -1.4      5.6
  SINCE JUL 1      0.0                       0.0    0.0      0.0
  SNOW DEPTH       0

DEGREE DAYS
 HEATING
  TODAY            5                         2      3        0
  MONTH TO DATE   13                        14     -1        3
  SINCE SEP 1     13                        14     -1        3
  SINCE JUL 1     14                        17     -3        5

 COOLING
  TODAY            0                         6     -6       10
  MONTH TO DATE  104                       104      0      176
  SINCE SEP 1    104                       104      0      176
  SINCE JAN 1   1386                      1270    116     1215
..................................................................


WIND (MPH)
  HIGHEST WIND SPEED    10   HIGHEST WIND DIRECTION    NE (30)
  HIGHEST GUST SPEED    13   HIGHEST GUST DIRECTION    NE (30)
  AVERAGE WIND SPEED     5.1



WEATHER CONDITIONS
 THE FOLLOWING WEATHER WAS RECORDED TODAY.
  THUNDERSTORM
  FOG


RELATIVE HUMIDITY (PERCENT)
 HIGHEST   100           400 AM
 LOWEST     87           300 PM
 AVERAGE    94

..........................................................


THE CONCORDIA KS CLIMATE NORMALS FOR TOMORROW
                         NORMAL    RECORD    YEAR
 MAXIMUM TEMPERATURE (F)   80       100      1895
 MINIMUM TEMPERATURE (F)   56        34      1993


SUNRISE AND SUNSET
SEPTEMBER 14 2016.....SUNRISE   711 AM CDT   SUNSET   740 PM CDT
SEPTEMBER 15 2016.....SUNRISE   712 AM CDT   SUNSET   738 PM CDT


-  INDICATES NEGATIVE NUMBERS.
R  INDICATES RECORD WAS SET OR TIED.
MM INDICATES DATA IS MISSING.
T  INDICATES TRACE AMOUNT.




$$
