000
CDUS43 KTOP 120637
CLICNK


CLIMATE REPORT
NATIONAL WEATHER SERVICE TOPEKA KS
136 AM CDT FRI AUG 12 2016


...................................

...THE CONCORDIA KS CLIMATE SUMMARY FOR AUGUST 11 2016...

CLIMATE NORMAL PERIOD 1981 TO 2010
CLIMATE RECORD PERIOD 1885 TO 2016


WEATHER ITEM   OBSERVED TIME   RECORD YEAR NORMAL DEPARTURE LAST
                VALUE   (LST)  VALUE       VALUE  FROM      YEAR
                                                  NORMAL
..................................................................
TEMPERATURE (F)
 YESTERDAY
  MAXIMUM         98    321 PM 109    1936  89      9       83
  MINIMUM         73   1159 PM  47    1902  67      6       61
  AVERAGE         86                        78      8       72

PRECIPITATION (IN)
  YESTERDAY        0.17          1.51 1952   0.11   0.06     0.00
  MONTH TO DATE    1.82                      1.18   0.64     3.72
  SINCE JUN 1      9.16                      9.15   0.01    13.40
  SINCE JAN 1     21.33                     19.14   2.19    21.48

SNOWFALL (IN)
  YESTERDAY        0.0           T    1920   0.0    0.0      0.0
  MONTH TO DATE    0.0                       0.0    0.0      0.0
  SINCE JAN 1     12.3                      13.7   -1.4      5.6
  SINCE JUL 1      0.0                       0.0    0.0      0.0
  SNOW DEPTH       0

DEGREE DAYS
 HEATING
  YESTERDAY        0                         0      0        0
  MONTH TO DATE    0                         0      0        0
  SINCE JUN 1      1                        13    -12        2
  SINCE JUL 1      1                         0      1        0

 COOLING
  YESTERDAY       21                        13      8        7
  MONTH TO DATE  156                       148      8      135
  SINCE JUN 1   1023                       849    174      840
  SINCE JAN 1   1083                       938    145      895
..................................................................


WIND (MPH)
  HIGHEST WIND SPEED    29   HIGHEST WIND DIRECTION     W (280)
  HIGHEST GUST SPEED    38   HIGHEST GUST DIRECTION     W (290)
  AVERAGE WIND SPEED    15.2


SKY COVER
  AVERAGE SKY COVER 0.1


WEATHER CONDITIONS
 THE FOLLOWING WEATHER WAS RECORDED YESTERDAY.
  THUNDERSTORM
  RAIN
  LIGHT RAIN
  FOG
  HAZE


RELATIVE HUMIDITY (PERCENT)
 HIGHEST    93          1100 PM
 LOWEST     42           300 PM
 AVERAGE    68

..........................................................


THE CONCORDIA KS CLIMATE NORMALS FOR TODAY
                         NORMAL    RECORD    YEAR
 MAXIMUM TEMPERATURE (F)   89       116      1936
 MINIMUM TEMPERATURE (F)   66        45      1964


SUNRISE AND SUNSET
AUGUST 12 2016........SUNRISE   641 AM CDT   SUNSET   830 PM CDT
AUGUST 13 2016........SUNRISE   642 AM CDT   SUNSET   828 PM CDT


-  INDICATES NEGATIVE NUMBERS.
R  INDICATES RECORD WAS SET OR TIED.
MM INDICATES DATA IS MISSING.
T  INDICATES TRACE AMOUNT.




$$
