000
CDUS43 KTOP 090637
CLICNK


CLIMATE REPORT
NATIONAL WEATHER SERVICE TOPEKA KS
1236 AM CST TUE DEC 9 2014


...................................

...THE CONCORDIA KS CLIMATE SUMMARY FOR DECEMBER 8 2014...

CLIMATE NORMAL PERIOD 1981 TO 2010
CLIMATE RECORD PERIOD 1885 TO 2014


WEATHER ITEM   OBSERVED TIME   RECORD YEAR NORMAL DEPARTURE LAST
                VALUE   (LST)  VALUE       VALUE  FROM      YEAR
                                                  NORMAL
..................................................................
TEMPERATURE (F)
 YESTERDAY
  MAXIMUM         54    401 PM  67    1918  41     13       21
  MINIMUM         30    753 AM  -6    1927  22      8        4
                                      1909
  AVERAGE         42                        31     11       13

PRECIPITATION (IN)
  YESTERDAY        0.00          0.62 2009   0.04  -0.04     0.15
  MONTH TO DATE    0.01                      0.27  -0.26     0.19
  SINCE DEC 1      0.01                      0.27  -0.26     0.19
  SINCE JAN 1     26.47                     27.31  -0.84    26.84

SNOWFALL (IN)
  YESTERDAY        0.0          12.0  2009   0.2   -0.2      2.3
  MONTH TO DATE    0.0                       1.0   -1.0      2.6
  SINCE JAN 1     18.0                      17.4    0.6     22.9
  SINCE JUL 1      1.1                       3.7   -2.6      2.6
  SNOW DEPTH       0

DEGREE DAYS
 HEATING
  YESTERDAY       23                        34    -11       52
  MONTH TO DATE  242                       260    -18      323
  SINCE DEC 1    242                       260    -18      323
  SINCE JUL 1   1405                      1352     53     1379

 COOLING
  YESTERDAY        0                         0      0        0
  MONTH TO DATE    0                         0      0        0
  SINCE DEC 1      0                         0      0        0
  SINCE JAN 1   1368                      1349     19     1359
..................................................................


WIND (MPH)
  HIGHEST WIND SPEED    14   HIGHEST WIND DIRECTION    NE (40)
  HIGHEST GUST SPEED    17   HIGHEST GUST DIRECTION    NE (30)
  AVERAGE WIND SPEED     8.6


SKY COVER
  AVERAGE SKY COVER 0.1


WEATHER CONDITIONS
 THE FOLLOWING WEATHER WAS RECORDED YESTERDAY.
  FOG
  FOG W/VISIBILITY <= 1/4 MILE


RELATIVE HUMIDITY (PERCENT)
 HIGHEST   100          1200 AM
 LOWEST     38           400 PM
 AVERAGE    69

..........................................................


THE CONCORDIA KS CLIMATE NORMALS FOR TODAY
                         NORMAL    RECORD    YEAR
 MAXIMUM TEMPERATURE (F)   40        69      1939
 MINIMUM TEMPERATURE (F)   21       -11      1919


SUNRISE AND SUNSET
DECEMBER  9 2014......SUNRISE   739 AM CST   SUNSET   507 PM CST
DECEMBER 10 2014......SUNRISE   740 AM CST   SUNSET   507 PM CST


-  INDICATES NEGATIVE NUMBERS.
R  INDICATES RECORD WAS SET OR TIED.
MM INDICATES DATA IS MISSING.
T  INDICATES TRACE AMOUNT.




$$
