000
CDUS43 KTOP 142235
CLICNK


CLIMATE REPORT
NATIONAL WEATHER SERVICE TOPEKA KS
434 PM CST TUE FEB 14 2017


...................................

...THE CONCORDIA KS CLIMATE SUMMARY FOR FEBRUARY 14 2017...
VALID TODAY AS OF 0400 PM LOCAL TIME.

CLIMATE NORMAL PERIOD 1981 TO 2010
CLIMATE RECORD PERIOD 1885 TO 2017


WEATHER ITEM   OBSERVED TIME   RECORD YEAR NORMAL DEPARTURE LAST
                VALUE   (LST)  VALUE       VALUE  FROM      YEAR
                                                  NORMAL
..................................................................
TEMPERATURE (F)
 TODAY
  MAXIMUM         55    330 PM  77    1954  43     12       54
  MINIMUM         27    719 AM -12    1936  22      5       15
  AVERAGE         41                        32      9       35

PRECIPITATION (IN)
  TODAY            0.00          0.61 1969   0.03  -0.03     0.00
  MONTH TO DATE    0.02                      0.37  -0.35     0.49
  SINCE DEC 1      2.70                      1.80   0.90     4.18
  SINCE JAN 1      1.77                      0.95   0.82     1.54

SNOWFALL (IN)
  TODAY            0.0           5.9  1969   0.2   -0.2      0.0
  MONTH TO DATE    T                         3.0   -3.0      4.7
  SINCE JAN 1      1.0                       8.7   -7.7     12.3
  SINCE JUL 1      3.2                      15.2  -12.0     13.6
  SNOW DEPTH       0

DEGREE DAYS
 HEATING
  TODAY           24                        33     -9       30
  MONTH TO DATE  409                       479    -70      468
  SINCE DEC 1   2555                      2691   -136     2432
  SINCE JUL 1   3252                      3783   -531     3200

 COOLING
  TODAY            0                         0      0        0
  MONTH TO DATE    0                         0      0        0
  SINCE DEC 1      0                         0      0        0
  SINCE JAN 1      0                         0      0        0
..................................................................


WIND (MPH)
  HIGHEST WIND SPEED    21   HIGHEST WIND DIRECTION     N (10)
  HIGHEST GUST SPEED    27   HIGHEST GUST DIRECTION     N (20)
  AVERAGE WIND SPEED    10.4



WEATHER CONDITIONS
 THE FOLLOWING WEATHER WAS RECORDED TODAY.
  NO SIGNIFICANT WEATHER WAS OBSERVED.


RELATIVE HUMIDITY (PERCENT)
 HIGHEST   100           200 AM
 LOWEST     24           300 PM
 AVERAGE    62

..........................................................


THE CONCORDIA KS CLIMATE NORMALS FOR TOMORROW
                         NORMAL    RECORD    YEAR
 MAXIMUM TEMPERATURE (F)   43        75      1921
 MINIMUM TEMPERATURE (F)   22        -6      1936
                                             1905


SUNRISE AND SUNSET
FEBRUARY 14 2017......SUNRISE   724 AM CST   SUNSET   606 PM CST
FEBRUARY 15 2017......SUNRISE   722 AM CST   SUNSET   608 PM CST


-  INDICATES NEGATIVE NUMBERS.
R  INDICATES RECORD WAS SET OR TIED.
MM INDICATES DATA IS MISSING.
T  INDICATES TRACE AMOUNT.




$$
