000
CDUS43 KTOP 050632
CLICNK


CLIMATE REPORT
NATIONAL WEATHER SERVICE TOPEKA KS
1232 AM CST SUN MAR 5 2017


...................................

...THE CONCORDIA KS CLIMATE SUMMARY FOR MARCH 4 2017...

CLIMATE NORMAL PERIOD 1981 TO 2010
CLIMATE RECORD PERIOD 1885 TO 2017


WEATHER ITEM   OBSERVED TIME   RECORD YEAR NORMAL DEPARTURE LAST
                VALUE   (LST)  VALUE       VALUE  FROM      YEAR
                                                  NORMAL
..................................................................
TEMPERATURE (F)
 YESTERDAY
  MAXIMUM         71    316 PM  83    1921  50     21       70
  MINIMUM         40    702 AM  -7    1978  28     12       29
  AVERAGE         56                        39     17       50

PRECIPITATION (IN)
  YESTERDAY        0.00          1.26 2004   0.05  -0.05     0.00
  MONTH TO DATE    0.00                      0.17  -0.17      T
  SINCE MAR 1      0.00                      0.17  -0.17      T
  SINCE JAN 1      1.85                      1.54   0.31     1.56

SNOWFALL (IN)
  YESTERDAY        0.0           3.9  1958   0.1   -0.1      0.0
  MONTH TO DATE    0.0                       0.3   -0.3      0.0
  SINCE JAN 1      1.3                      10.7   -9.4     12.3
  SINCE JUL 1      3.5                      17.2  -13.7     13.6
  SNOW DEPTH       0

DEGREE DAYS
 HEATING
  YESTERDAY        9                        26    -17       15
  MONTH TO DATE   84                       107    -23       87
  SINCE MAR 1     84                       107    -23       87
  SINCE JUL 1   3585                      4314   -729     3558

 COOLING
  YESTERDAY        0                         0      0        0
  MONTH TO DATE    0                         0      0        0
  SINCE MAR 1      0                         0      0        0
  SINCE JAN 1      0                         0      0        0
..................................................................


WIND (MPH)
  HIGHEST WIND SPEED    37   HIGHEST WIND DIRECTION     S (180)
  HIGHEST GUST SPEED    44   HIGHEST GUST DIRECTION     S (180)
  AVERAGE WIND SPEED    20.0


SKY COVER
  AVERAGE SKY COVER 0.0


WEATHER CONDITIONS
 THE FOLLOWING WEATHER WAS RECORDED YESTERDAY.
  NO SIGNIFICANT WEATHER WAS OBSERVED.


RELATIVE HUMIDITY (PERCENT)
 HIGHEST    77          1000 PM
 LOWEST     20           200 PM
 AVERAGE    49

..........................................................


THE CONCORDIA KS CLIMATE NORMALS FOR TODAY
                         NORMAL    RECORD    YEAR
 MAXIMUM TEMPERATURE (F)   50        81      2009
 MINIMUM TEMPERATURE (F)   28         2      1960


SUNRISE AND SUNSET
MARCH  5 2017.........SUNRISE   657 AM CST   SUNSET   627 PM CST
MARCH  6 2017.........SUNRISE   656 AM CST   SUNSET   628 PM CST


-  INDICATES NEGATIVE NUMBERS.
R  INDICATES RECORD WAS SET OR TIED.
MM INDICATES DATA IS MISSING.
T  INDICATES TRACE AMOUNT.




$$
