147
CDUS43 KTOP 080639
CLICNK


CLIMATE REPORT
NATIONAL WEATHER SERVICE TOPEKA KS
1238 AM CST THU FEB 8 2018


...................................

...THE CONCORDIA KS CLIMATE SUMMARY FOR FEBRUARY 7 2018...

CLIMATE NORMAL PERIOD 1981 TO 2010
CLIMATE RECORD PERIOD 1885 TO 2018


WEATHER ITEM   OBSERVED TIME   RECORD YEAR NORMAL DEPARTURE LAST
                VALUE   (LST)  VALUE       VALUE  FROM      YEAR
                                                  NORMAL
..................................................................
TEMPERATURE (F)
 YESTERDAY
  MAXIMUM         23    443 PM  73    2015  41    -18       42
  MINIMUM          2    403 AM -17    1895  20    -18       24
  AVERAGE         13                        30    -17       33

PRECIPITATION (IN)
  YESTERDAY        0.00          0.26 1980   0.03  -0.03     0.00
  MONTH TO DATE    0.16                      0.18  -0.02     0.02
  SINCE DEC 1      0.71                      1.61  -0.90     2.70
  SINCE JAN 1      0.58                      0.76  -0.18     1.77

SNOWFALL (IN)
  YESTERDAY        0.0           8.2  1980   0.2   -0.2      0.0
  MONTH TO DATE    3.1                       1.5    1.6       T
  SINCE JAN 1      6.7                       7.2   -0.5      1.0
  SINCE JUL 1      8.5                      13.7   -5.2      3.2
  SNOW DEPTH       3

DEGREE DAYS
 HEATING
  YESTERDAY       52                        34     18       32
  MONTH TO DATE  304                       244     60      229
  SINCE DEC 1   2459                      2456      3     2375
  SINCE JUL 1   3396                      3548   -152     3072

 COOLING
  YESTERDAY        0                         0      0        0
  MONTH TO DATE    0                         0      0        0
  SINCE DEC 1      0                         0      0        0
  SINCE JAN 1      0                         0      0        0
..................................................................


WIND (MPH)
  HIGHEST WIND SPEED    14   HIGHEST WIND DIRECTION    NE (30)
  HIGHEST GUST SPEED    16   HIGHEST GUST DIRECTION    NE (30)
  AVERAGE WIND SPEED     4.5


SKY COVER
  AVERAGE SKY COVER 0.0


WEATHER CONDITIONS
 THE FOLLOWING WEATHER WAS RECORDED YESTERDAY.
  FOG


RELATIVE HUMIDITY (PERCENT)
 HIGHEST   100           400 AM
 LOWEST     54           400 PM
 AVERAGE    77

..........................................................


THE CONCORDIA KS CLIMATE NORMALS FOR TODAY
                         NORMAL    RECORD    YEAR
 MAXIMUM TEMPERATURE (F)   41        74      1999
 MINIMUM TEMPERATURE (F)   20       -17      1933


SUNRISE AND SUNSET
FEBRUARY  8 2018......SUNRISE   731 AM CST   SUNSET   559 PM CST
FEBRUARY  9 2018......SUNRISE   730 AM CST   SUNSET   600 PM CST


-  INDICATES NEGATIVE NUMBERS.
R  INDICATES RECORD WAS SET OR TIED.
MM INDICATES DATA IS MISSING.
T  INDICATES TRACE AMOUNT.




$$
