000
CDUS43 KTOP 110637
CLICNK


CLIMATE REPORT
NATIONAL WEATHER SERVICE TOPEKA KS
1236 AM CST THU DEC 11 2014


...................................

...THE CONCORDIA KS CLIMATE SUMMARY FOR DECEMBER 10 2014...

CLIMATE NORMAL PERIOD 1981 TO 2010
CLIMATE RECORD PERIOD 1885 TO 2014


WEATHER ITEM   OBSERVED TIME   RECORD YEAR NORMAL DEPARTURE LAST
                VALUE   (LST)  VALUE       VALUE  FROM      YEAR
                                                  NORMAL
..................................................................
TEMPERATURE (F)
 YESTERDAY
  MAXIMUM         41    308 PM  71    1890  40      1       35
  MINIMUM         23    239 AM -14    1919  21      2       13
  AVERAGE         32                        31      1       24

PRECIPITATION (IN)
  YESTERDAY        0.00          1.02 1943   0.03  -0.03     0.00
  MONTH TO DATE    0.01                      0.33  -0.32     0.19
  SINCE DEC 1      0.01                      0.33  -0.32     0.19
  SINCE JAN 1     26.47                     27.37  -0.90    26.84

SNOWFALL (IN)
  YESTERDAY        0.0           2.9  1955   0.1   -0.1      0.0
  MONTH TO DATE    0.0                       1.2   -1.2      2.6
  SINCE JAN 1     18.0                      17.6    0.4     22.9
  SINCE JUL 1      1.1                       3.9   -2.8      2.6
  SNOW DEPTH       0

DEGREE DAYS
 HEATING
  YESTERDAY       33                        34     -1       41
  MONTH TO DATE  310                       328    -18      422
  SINCE DEC 1    310                       328    -18      422
  SINCE JUL 1   1473                      1420     53     1478

 COOLING
  YESTERDAY        0                         0      0        0
  MONTH TO DATE    0                         0      0        0
  SINCE DEC 1      0                         0      0        0
  SINCE JAN 1   1368                      1349     19     1359
..................................................................


WIND (MPH)
  HIGHEST WIND SPEED    12   HIGHEST WIND DIRECTION    SE (140)
  HIGHEST GUST SPEED    13   HIGHEST GUST DIRECTION    SE (140)
  AVERAGE WIND SPEED     7.5


SKY COVER
  AVERAGE SKY COVER 0.9


WEATHER CONDITIONS
 THE FOLLOWING WEATHER WAS RECORDED YESTERDAY.
  FOG


RELATIVE HUMIDITY (PERCENT)
 HIGHEST   100           100 AM
 LOWEST     65           300 PM
 AVERAGE    83

..........................................................


THE CONCORDIA KS CLIMATE NORMALS FOR TODAY
                         NORMAL    RECORD    YEAR
 MAXIMUM TEMPERATURE (F)   40        72      1939
 MINIMUM TEMPERATURE (F)   21        -6      1932


SUNRISE AND SUNSET
DECEMBER 11 2014......SUNRISE   741 AM CST   SUNSET   507 PM CST
DECEMBER 12 2014......SUNRISE   742 AM CST   SUNSET   507 PM CST


-  INDICATES NEGATIVE NUMBERS.
R  INDICATES RECORD WAS SET OR TIED.
MM INDICATES DATA IS MISSING.
T  INDICATES TRACE AMOUNT.




$$
