000
CDUS43 KTOP 052132
CLICNK


CLIMATE REPORT
NATIONAL WEATHER SERVICE TOPEKA KS
431 PM CDT FRI AUG 5 2016


...................................

...THE CONCORDIA KS CLIMATE SUMMARY FOR AUGUST 5 2016...
VALID TODAY AS OF 430 PM LOCAL TIME.

CLIMATE NORMAL PERIOD 1981 TO 2010
CLIMATE RECORD PERIOD 1885 TO 2016


WEATHER ITEM   OBSERVED TIME   RECORD YEAR NORMAL DEPARTURE LAST
                VALUE   (LST)  VALUE       VALUE  FROM      YEAR
                                                  NORMAL
..................................................................
TEMPERATURE (F)
 TODAY
  MAXIMUM         80    254 PM 107    1913  90    -10       81
  MINIMUM         66    751 AM  55    1994  67     -1       67
                                      1948
                                      1890
  AVERAGE         73                        78     -5       74

PRECIPITATION (IN)
  TODAY            0.15          2.34 2011   0.11   0.04     1.40
  MONTH TO DATE    0.19                      0.54  -0.35     1.55
  SINCE JUN 1      7.53                      8.51  -0.98    11.23
  SINCE JAN 1     19.70                     18.50   1.20    19.31

SNOWFALL (IN)
  TODAY            0.0           0.0    MM   0.0    0.0      0.0
  MONTH TO DATE    0.0                       0.0    0.0      0.0
  SINCE JAN 1     12.3                      13.7   -1.4      5.6
  SINCE JUL 1      0.0                       0.0    0.0      0.0
  SNOW DEPTH       0

DEGREE DAYS
 HEATING
  TODAY            0                         0      0        0
  MONTH TO DATE    0                         0      0        0
  SINCE JUN 1      1                        13    -12        2
  SINCE JUL 1      1                         0      1        0

 COOLING
  TODAY            8                        14     -6        9
  MONTH TO DATE   78                        70      8       69
  SINCE JUN 1    945                       771    174      774
  SINCE JAN 1   1005                       860    145      829
..................................................................


WIND (MPH)
  HIGHEST WIND SPEED    20   HIGHEST WIND DIRECTION     W (260)
  HIGHEST GUST SPEED    26   HIGHEST GUST DIRECTION     W (250)
  AVERAGE WIND SPEED     8.6



WEATHER CONDITIONS
 THE FOLLOWING WEATHER WAS RECORDED TODAY.
  THUNDERSTORM
  LIGHT RAIN
  FOG


RELATIVE HUMIDITY (PERCENT)
 HIGHEST    87           500 AM
 LOWEST     62           200 PM
 AVERAGE    75

..........................................................


THE CONCORDIA KS CLIMATE NORMALS FOR TOMORROW
                         NORMAL    RECORD    YEAR
 MAXIMUM TEMPERATURE (F)   90       109      1934
 MINIMUM TEMPERATURE (F)   67        54      1990


SUNRISE AND SUNSET
AUGUST  5 2016........SUNRISE   634 AM CDT   SUNSET   838 PM CDT
AUGUST  6 2016........SUNRISE   635 AM CDT   SUNSET   837 PM CDT


-  INDICATES NEGATIVE NUMBERS.
R  INDICATES RECORD WAS SET OR TIED.
MM INDICATES DATA IS MISSING.
T  INDICATES TRACE AMOUNT.




$$
