000
CDUS43 KTOP 020633
CLICNK


CLIMATE REPORT
NATIONAL WEATHER SERVICE TOPEKA KS
132 AM CDT MON OCT 2 2017


...................................

...THE CONCORDIA KS CLIMATE SUMMARY FOR OCTOBER 1 2017...

CLIMATE NORMAL PERIOD 1981 TO 2010
CLIMATE RECORD PERIOD 1885 TO 2017


WEATHER ITEM   OBSERVED TIME   RECORD YEAR NORMAL DEPARTURE LAST
                VALUE   (LST)  VALUE       VALUE  FROM      YEAR
                                                  NORMAL
..................................................................
TEMPERATURE (F)
 YESTERDAY
  MAXIMUM         78    349 PM  94    2002  73      5       74
                                      2000
  MINIMUM         60    443 AM  33    1985  49     11       46
                                      1920
  AVERAGE         69                        61      8       60

PRECIPITATION (IN)
  YESTERDAY        0.06          3.10 1950   0.08  -0.02     0.00
  MONTH TO DATE    0.06                      0.08  -0.02     0.00
  SINCE SEP 1      5.31                      2.99   2.32     2.00
  SINCE JAN 1     32.76                     24.09   8.67    27.52

SNOWFALL (IN)
  YESTERDAY        0.0           0.0    MM   0.0    0.0      0.0
  MONTH TO DATE    0.0                       0.0    0.0      0.0
  SINCE JAN 1      2.1                      13.7  -11.6     12.3
  SINCE JUL 1      0.0                       0.0    0.0      0.0
  SNOW DEPTH       0

DEGREE DAYS
 HEATING
  YESTERDAY        0                         6     -6        5
  MONTH TO DATE    0                         6     -6        5
  SINCE SEP 1     27                        76    -49       46
  SINCE JUL 1     27                        79    -52       47

 COOLING
  YESTERDAY        4                         2      2        0
  MONTH TO DATE    4                         2      2        0
  SINCE SEP 1    212                       162     50      220
  SINCE JAN 1   1350                      1328     22     1502
..................................................................


WIND (MPH)
  HIGHEST WIND SPEED    31   HIGHEST WIND DIRECTION     S (180)
  HIGHEST GUST SPEED    42   HIGHEST GUST DIRECTION     S (180)
  AVERAGE WIND SPEED    18.6


SKY COVER
  AVERAGE SKY COVER 0.6


WEATHER CONDITIONS
 THE FOLLOWING WEATHER WAS RECORDED YESTERDAY.
  THUNDERSTORM
  LIGHT RAIN


RELATIVE HUMIDITY (PERCENT)
 HIGHEST    84           500 AM
 LOWEST     50           400 PM
 AVERAGE    67

..........................................................


THE CONCORDIA KS CLIMATE NORMALS FOR TODAY
                         NORMAL    RECORD    YEAR
 MAXIMUM TEMPERATURE (F)   73        95      1938
 MINIMUM TEMPERATURE (F)   49        32      2004


SUNRISE AND SUNSET
OCTOBER  2 2017.......SUNRISE   728 AM CDT   SUNSET   711 PM CDT
OCTOBER  3 2017.......SUNRISE   729 AM CDT   SUNSET   709 PM CDT


-  INDICATES NEGATIVE NUMBERS.
R  INDICATES RECORD WAS SET OR TIED.
MM INDICATES DATA IS MISSING.
T  INDICATES TRACE AMOUNT.




$$
