000
CDUS43 KTOP 080633
CLICNK


CLIMATE REPORT
NATIONAL WEATHER SERVICE TOPEKA KS
131 AM CDT MON SEP 8 2014


...................................

...THE CONCORDIA KS CLIMATE SUMMARY FOR SEPTEMBER 7 2014...

CLIMATE NORMAL PERIOD 1981 TO 2010
CLIMATE RECORD PERIOD 1885 TO 2014


WEATHER ITEM   OBSERVED TIME   RECORD YEAR NORMAL DEPARTURE LAST
                VALUE   (LST)  VALUE       VALUE  FROM      YEAR
                                                  NORMAL
..................................................................
TEMPERATURE (F)
 YESTERDAY
  MAXIMUM         77    414 PM 104    1947  84     -7      102
  MINIMUM         48    611 AM  41    1956  60    -12       70
                                      1898
  AVERAGE         63                        72     -9       86

PRECIPITATION (IN)
  YESTERDAY        0.00          2.81 1885   0.10  -0.10     0.00
  MONTH TO DATE    1.23                      0.67   0.56     0.01
  SINCE SEP 1      1.23                      0.67   0.56     0.01
  SINCE JAN 1     21.89                     21.77   0.12    23.58

SNOWFALL (IN)
  YESTERDAY        0.0           0.0    MM   0.0    0.0      0.0
  MONTH TO DATE    0.0                       0.0    0.0      0.0
  SINCE JAN 1     16.9                      13.7    3.2     20.3
  SINCE JUL 1      0.0                       0.0    0.0      0.0
  SNOW DEPTH       0

DEGREE DAYS
 HEATING
  YESTERDAY        2                         1      1        0
  MONTH TO DATE    6                         5      1        0
  SINCE SEP 1      6                         5      1        0
  SINCE JUL 1      8                         8      0        7

 COOLING
  YESTERDAY        0                         8     -8       21
  MONTH TO DATE   45                        59    -14       78
  SINCE SEP 1     45                        59    -14       78
  SINCE JAN 1   1254                      1225     29     1163
..................................................................


WIND (MPH)
  HIGHEST WIND SPEED    14   HIGHEST WIND DIRECTION    SE (150)
  HIGHEST GUST SPEED    18   HIGHEST GUST DIRECTION    SE (140)
  AVERAGE WIND SPEED     6.4


SKY COVER
  AVERAGE SKY COVER 0.0


WEATHER CONDITIONS
 THE FOLLOWING WEATHER WAS RECORDED YESTERDAY.
  NO SIGNIFICANT WEATHER WAS OBSERVED.


RELATIVE HUMIDITY (PERCENT)
 HIGHEST   100           200 AM
 LOWEST     40           400 PM
 AVERAGE    70

..........................................................


THE CONCORDIA KS CLIMATE NORMALS FOR TODAY
                         NORMAL    RECORD    YEAR
 MAXIMUM TEMPERATURE (F)   83       102      2013
 MINIMUM TEMPERATURE (F)   59        43      1890


SUNRISE AND SUNSET
SEPTEMBER  8 2014.....SUNRISE   705 AM CDT   SUNSET   750 PM CDT
SEPTEMBER  9 2014.....SUNRISE   706 AM CDT   SUNSET   749 PM CDT


-  INDICATES NEGATIVE NUMBERS.
R  INDICATES RECORD WAS SET OR TIED.
MM INDICATES DATA IS MISSING.
T  INDICATES TRACE AMOUNT.




$$
