000
CDUS43 KTOP 290633
CLICNK


CLIMATE REPORT
NATIONAL WEATHER SERVICE TOPEKA KS
131 AM CDT SUN JUN 29 2014


...................................

...THE CONCORDIA KS CLIMATE SUMMARY FOR JUNE 28 2014...

CLIMATE NORMAL PERIOD 1981 TO 2010
CLIMATE RECORD PERIOD 1885 TO 2014


WEATHER ITEM   OBSERVED TIME   RECORD YEAR NORMAL DEPARTURE LAST
                VALUE   (LST)  VALUE       VALUE  FROM      YEAR
                                                  NORMAL
..................................................................
TEMPERATURE (F)
 YESTERDAY
  MAXIMUM         82    439 PM 104    2012  89     -7       91
                                      1990
  MINIMUM         63    605 AM  52    1985  66     -3       65
  AVERAGE         73                        77     -4       78

PRECIPITATION (IN)
  YESTERDAY        0.25          1.51 1922   0.14   0.11     0.00
  MONTH TO DATE    6.70                      3.78   2.92     1.28
  SINCE JUN 1      6.70                      3.78   2.92     1.28
  SINCE JAN 1     12.53                     13.77  -1.24    12.67

SNOWFALL (IN)
  YESTERDAY        0.0           T    1949   0.0    0.0      0.0
  MONTH TO DATE    0.0                       0.0    0.0      0.0
  SINCE JAN 1     16.9                      13.7    3.2     20.3
  SINCE JUL 1     23.2                      20.2    3.0     28.8
  SNOW DEPTH       0

DEGREE DAYS
 HEATING
  YESTERDAY        0                         0      0        0
  MONTH TO DATE    1                        11    -10       15
  SINCE JUN 1      1                        11    -10       15
  SINCE JUL 1   5759                      5406    353     5514

 COOLING
  YESTERDAY        8                        12     -4       13
  MONTH TO DATE  258                       241     17      281
  SINCE JUN 1    258                       241     17      281
  SINCE JAN 1    433                       330    103      384
..................................................................


WIND (MPH)
  HIGHEST WIND SPEED    29   HIGHEST WIND DIRECTION     W (290)
  HIGHEST GUST SPEED    39   HIGHEST GUST DIRECTION     W (290)
  AVERAGE WIND SPEED    11.2


SKY COVER
  AVERAGE SKY COVER 0.2


WEATHER CONDITIONS
 THE FOLLOWING WEATHER WAS RECORDED YESTERDAY.
  THUNDERSTORM
  HEAVY RAIN
  RAIN
  LIGHT RAIN
  FOG


RELATIVE HUMIDITY (PERCENT)
 HIGHEST   100           600 AM
 LOWEST     58           400 PM
 AVERAGE    79

..........................................................


THE CONCORDIA KS CLIMATE NORMALS FOR TODAY
                         NORMAL    RECORD    YEAR
 MAXIMUM TEMPERATURE (F)   89       106      1933
 MINIMUM TEMPERATURE (F)   66        50      1923


SUNRISE AND SUNSET
JUNE 29 2014..........SUNRISE   606 AM CDT   SUNSET   902 PM CDT
JUNE 30 2014..........SUNRISE   606 AM CDT   SUNSET   902 PM CDT


-  INDICATES NEGATIVE NUMBERS.
R  INDICATES RECORD WAS SET OR TIED.
MM INDICATES DATA IS MISSING.
T  INDICATES TRACE AMOUNT.




$$
