189
CDUS43 KTOP 180632
CLICNK


CLIMATE REPORT
NATIONAL WEATHER SERVICE TOPEKA KS
131 AM CDT THU MAY 18 2017


...................................

...THE CONCORDIA KS CLIMATE SUMMARY FOR MAY 17 2017...

CLIMATE NORMAL PERIOD 1981 TO 2010
CLIMATE RECORD PERIOD 1885 TO 2017


WEATHER ITEM   OBSERVED TIME   RECORD YEAR NORMAL DEPARTURE LAST
                VALUE   (LST)  VALUE       VALUE  FROM      YEAR
                                                  NORMAL
..................................................................
TEMPERATURE (F)
 YESTERDAY
  MAXIMUM         72    352 PM  96    1996  74     -2       66
  MINIMUM         54   1157 AM  33    2014  52      2       48
  AVERAGE         63                        63      0       57

PRECIPITATION (IN)
  YESTERDAY        0.46          2.22 1892   0.14   0.32     0.01
  MONTH TO DATE    3.65                      2.15   1.50     4.68
  SINCE MAR 1     12.18                      6.61   5.57     7.03
  SINCE JAN 1     14.03                      7.98   6.05     8.59

SNOWFALL (IN)
  YESTERDAY        0.0           T    1996   0.0    0.0      0.0
  MONTH TO DATE    T                         0.0    0.0      0.0
  SINCE JAN 1      2.1                      13.7  -11.6     12.3
  SINCE JUL 1      4.3                      20.2  -15.9     13.6
  SNOW DEPTH       0

DEGREE DAYS
 HEATING
  YESTERDAY        2                         4     -2        8
  MONTH TO DATE   74                        95    -21      109
  SINCE MAR 1    991                      1152   -161      863
  SINCE JUL 1   4492                      5359   -867     4334

 COOLING
  YESTERDAY        0                         2     -2        0
  MONTH TO DATE   50                        24     26        8
  SINCE MAR 1     69                        41     28       19
  SINCE JAN 1     69                        41     28       19
..................................................................


WIND (MPH)
  HIGHEST WIND SPEED    25   HIGHEST WIND DIRECTION     W (260)
  HIGHEST GUST SPEED    32   HIGHEST GUST DIRECTION     W (280)
  AVERAGE WIND SPEED    11.6


SKY COVER
  AVERAGE SKY COVER 0.4


WEATHER CONDITIONS
 THE FOLLOWING WEATHER WAS RECORDED YESTERDAY.
  THUNDERSTORM
  HEAVY RAIN
  RAIN
  LIGHT RAIN
  FOG


RELATIVE HUMIDITY (PERCENT)
 HIGHEST   100          1200 AM
 LOWEST     61           300 PM
 AVERAGE    81

..........................................................


THE CONCORDIA KS CLIMATE NORMALS FOR TODAY
                         NORMAL    RECORD    YEAR
 MAXIMUM TEMPERATURE (F)   75        94      1988
                                             1967
 MINIMUM TEMPERATURE (F)   53        38      1915


SUNRISE AND SUNSET
MAY 18 2017...........SUNRISE   614 AM CDT   SUNSET   841 PM CDT
MAY 19 2017...........SUNRISE   613 AM CDT   SUNSET   842 PM CDT


-  INDICATES NEGATIVE NUMBERS.
R  INDICATES RECORD WAS SET OR TIED.
MM INDICATES DATA IS MISSING.
T  INDICATES TRACE AMOUNT.




$$
