000
CDUS43 KTOP 030634
CLICNK


CLIMATE REPORT
NATIONAL WEATHER SERVICE TOPEKA KS
132 AM CDT FRI NOV 3 2017


...................................

...THE CONCORDIA KS CLIMATE SUMMARY FOR NOVEMBER 2 2017...

CLIMATE NORMAL PERIOD 1981 TO 2010
CLIMATE RECORD PERIOD 1885 TO 2017


WEATHER ITEM   OBSERVED TIME   RECORD YEAR NORMAL DEPARTURE LAST
                VALUE   (LST)  VALUE       VALUE  FROM      YEAR
                                                  NORMAL
..................................................................
TEMPERATURE (F)
 YESTERDAY
  MAXIMUM         58    224 PM  80    2005  60     -2       66
                                      1978
  MINIMUM         38   1159 PM   8    1991  38      0       51
  AVERAGE         48                        49     -1       59

PRECIPITATION (IN)
  YESTERDAY        0.00          1.33 1938   0.05  -0.05     0.01
  MONTH TO DATE    0.00                      0.10  -0.10     0.01
  SINCE SEP 1      8.75                      4.93   3.82     3.01
  SINCE JAN 1     36.20                     26.03  10.17    28.53

SNOWFALL (IN)
  YESTERDAY        0.0           0.4  1995   0.1   -0.1      0.0
                                      1967
  MONTH TO DATE    0.0                       0.1   -0.1      0.0
  SINCE JAN 1      2.1                      14.0  -11.9     12.3
  SINCE JUL 1      T                         0.3   -0.3      0.0
  SNOW DEPTH       0

DEGREE DAYS
 HEATING
  YESTERDAY       17                        16      1        6
  MONTH TO DATE   39                        32      7        7
  SINCE SEP 1    365                       420    -55      219
  SINCE JUL 1    365                       423    -58      220

 COOLING
  YESTERDAY        0                         0      0        0
  MONTH TO DATE    0                         0      0        0
  SINCE SEP 1    232                       182     50      258
  SINCE JAN 1   1370                      1348     22     1540
..................................................................


WIND (MPH)
  HIGHEST WIND SPEED    25   HIGHEST WIND DIRECTION     N (20)
  HIGHEST GUST SPEED    34   HIGHEST GUST DIRECTION     N (10)
  AVERAGE WIND SPEED    12.4


SKY COVER
  AVERAGE SKY COVER 0.4


WEATHER CONDITIONS
 THE FOLLOWING WEATHER WAS RECORDED YESTERDAY.
  FOG
  FOG W/VISIBILITY <= 1/4 MILE


RELATIVE HUMIDITY (PERCENT)
 HIGHEST   100          1200 AM
 LOWEST     43           200 PM
 AVERAGE    72

..........................................................


THE CONCORDIA KS CLIMATE NORMALS FOR TODAY
                         NORMAL    RECORD    YEAR
 MAXIMUM TEMPERATURE (F)   59        81      1916
 MINIMUM TEMPERATURE (F)   37         4      1991


SUNRISE AND SUNSET
NOVEMBER  3 2017......SUNRISE   801 AM CDT   SUNSET   626 PM CDT
NOVEMBER  4 2017......SUNRISE   803 AM CDT   SUNSET   625 PM CDT


-  INDICATES NEGATIVE NUMBERS.
R  INDICATES RECORD WAS SET OR TIED.
MM INDICATES DATA IS MISSING.
T  INDICATES TRACE AMOUNT.




$$
