000
CDUS43 KTOP 280632
CLICNK


CLIMATE REPORT
NATIONAL WEATHER SERVICE TOPEKA KS
1232 AM CST WED DEC 28 2016


...................................

...THE CONCORDIA KS CLIMATE SUMMARY FOR DECEMBER 27 2016...

CLIMATE NORMAL PERIOD 1981 TO 2010
CLIMATE RECORD PERIOD 1885 TO 2016


WEATHER ITEM   OBSERVED TIME   RECORD YEAR NORMAL DEPARTURE LAST
                VALUE   (LST)  VALUE       VALUE  FROM      YEAR
                                                  NORMAL
..................................................................
TEMPERATURE (F)
 YESTERDAY
  MAXIMUM         49    257 PM  63    1976  38     11       26
                                      1928
  MINIMUM         24    747 AM  -6    1924  19      5       19
                                      1886
  AVERAGE         37                        28      9       23

PRECIPITATION (IN)
  YESTERDAY        0.00          0.72 1966   0.03  -0.03     0.00
  MONTH TO DATE    0.93                      0.78   0.15     2.64
  SINCE DEC 1      0.93                      0.78   0.15     2.64
  SINCE JAN 1     30.02                     27.82   2.20    29.35

SNOWFALL (IN)
  YESTERDAY        0.0          12.2  1966   0.1   -0.1      0.0
  MONTH TO DATE    2.2                       3.2   -1.0       T
  SINCE JAN 1     14.5                      19.6   -5.1      6.9
  SINCE JUL 1      2.2                       5.9   -3.7      1.3
  SNOW DEPTH       0

DEGREE DAYS
 HEATING
  YESTERDAY       28                        37     -9       42
  MONTH TO DATE  992                       937     55      715
  SINCE DEC 1    992                       937     55      715
  SINCE JUL 1   1689                      2029   -340     1483

 COOLING
  YESTERDAY        0                         0      0        0
  MONTH TO DATE    0                         0      0        0
  SINCE DEC 1      0                         0      0        0
  SINCE JAN 1   1540                      1349    191     1375
..................................................................


WIND (MPH)
  HIGHEST WIND SPEED    21   HIGHEST WIND DIRECTION     S (200)
  HIGHEST GUST SPEED    25   HIGHEST GUST DIRECTION     S (200)
  AVERAGE WIND SPEED     9.8


SKY COVER
  AVERAGE SKY COVER 0.0


WEATHER CONDITIONS
 THE FOLLOWING WEATHER WAS RECORDED YESTERDAY.
  NO SIGNIFICANT WEATHER WAS OBSERVED.


RELATIVE HUMIDITY (PERCENT)
 HIGHEST    81           100 AM
 LOWEST     36           200 PM
 AVERAGE    59

..........................................................


THE CONCORDIA KS CLIMATE NORMALS FOR TODAY
                         NORMAL    RECORD    YEAR
 MAXIMUM TEMPERATURE (F)   38        69      1889
 MINIMUM TEMPERATURE (F)   19       -10      1887


SUNRISE AND SUNSET
DECEMBER 28 2016......SUNRISE   750 AM CST   SUNSET   515 PM CST
DECEMBER 29 2016......SUNRISE   751 AM CST   SUNSET   515 PM CST


-  INDICATES NEGATIVE NUMBERS.
R  INDICATES RECORD WAS SET OR TIED.
MM INDICATES DATA IS MISSING.
T  INDICATES TRACE AMOUNT.




$$
