324
CDUS43 KTOP 200647
CLICNK


CLIMATE REPORT
NATIONAL WEATHER SERVICE TOPEKA KS
142 AM CDT FRI MAY 20 2016


...................................

...THE CONCORDIA KS CLIMATE SUMMARY FOR MAY 19 2016...

CLIMATE NORMAL PERIOD 1981 TO 2010
CLIMATE RECORD PERIOD 1885 TO 2016


WEATHER ITEM   OBSERVED TIME   RECORD YEAR NORMAL DEPARTURE LAST
                VALUE   (LST)  VALUE       VALUE  FROM      YEAR
                                                  NORMAL
..................................................................
TEMPERATURE (F)
 YESTERDAY
  MAXIMUM         66        MM  99    1933  75     -9       53
  MINIMUM         44        MM  34    1894  53     -9       44
  AVERAGE         55                        64     -9       49

PRECIPITATION (IN)
  YESTERDAY        0.08          3.61 2011   0.15  -0.07     0.37
  MONTH TO DATE    4.76                      2.44   2.32     2.85
  SINCE MAR 1      7.11                      6.90   0.21     5.19
  SINCE JAN 1      8.67                      8.27   0.40     6.71

SNOWFALL (IN)
  YESTERDAY        0.0           T    1898   0.0    0.0      0.0
  MONTH TO DATE    0.0                       0.0    0.0      0.0
  SINCE JAN 1     12.3                      13.7   -1.4      5.6
  SINCE JUL 1     13.6                      20.2   -6.6     11.7
  SNOW DEPTH       0

DEGREE DAYS
 HEATING
  YESTERDAY       10                         3      7       16
  MONTH TO DATE  128                       102     26       78
  SINCE MAR 1    882                      1159   -277      914
  SINCE JUL 1   4353                      5366  -1013     5121

 COOLING
  YESTERDAY        0                         2     -2        0
  MONTH TO DATE    8                        28    -20       35
  SINCE MAR 1     19                        45    -26       43
  SINCE JAN 1     19                        45    -26       43
..................................................................


WIND (MPH)
  HIGHEST WIND SPEED    17   HIGHEST WIND DIRECTION     S (180)
  HIGHEST GUST SPEED    27   HIGHEST GUST DIRECTION     S (180)
  AVERAGE WIND SPEED     8.8


SKY COVER
  AVERAGE SKY COVER 0.5


WEATHER CONDITIONS
 THE FOLLOWING WEATHER WAS RECORDED YESTERDAY.
  LIGHT RAIN
  FOG


RELATIVE HUMIDITY (PERCENT)
 HIGHEST   100           800 PM
 LOWEST     48          1200 PM
 AVERAGE    74

..........................................................


THE CONCORDIA KS CLIMATE NORMALS FOR TODAY
                         NORMAL    RECORD    YEAR
 MAXIMUM TEMPERATURE (F)   75        98      1956
 MINIMUM TEMPERATURE (F)   53        33      1931


SUNRISE AND SUNSET
MAY 20 2016...........SUNRISE   612 AM CDT   SUNSET   843 PM CDT
MAY 21 2016...........SUNRISE   611 AM CDT   SUNSET   844 PM CDT


-  INDICATES NEGATIVE NUMBERS.
R  INDICATES RECORD WAS SET OR TIED.
MM INDICATES DATA IS MISSING.
T  INDICATES TRACE AMOUNT.




$$
