000
CDUS43 KTOP 140635
CLICNK


CLIMATE REPORT
NATIONAL WEATHER SERVICE TOPEKA KS
134 AM CDT FRI JUL 14 2017


...................................

...THE CONCORDIA KS CLIMATE SUMMARY FOR JULY 13 2017...

CLIMATE NORMAL PERIOD 1981 TO 2010
CLIMATE RECORD PERIOD 1885 TO 2017


WEATHER ITEM   OBSERVED TIME   RECORD YEAR NORMAL DEPARTURE LAST
                VALUE   (LST)  VALUE       VALUE  FROM      YEAR
                                                  NORMAL
..................................................................
TEMPERATURE (F)
 YESTERDAY
  MAXIMUM         86   1222 PM 114    1934  91     -5       92
  MINIMUM         71    648 AM  52    1975  68      3       65
  AVERAGE         79                        79      0       79

PRECIPITATION (IN)
  YESTERDAY        0.04          2.85 1973   0.14  -0.10     0.61
  MONTH TO DATE    0.07                      1.82  -1.75     3.02
  SINCE JUN 1      3.41                      5.87  -2.46     4.19
  SINCE JAN 1     21.79                     15.86   5.93    16.36

SNOWFALL (IN)
  YESTERDAY        0.0           T    1952   0.0    0.0      0.0
  MONTH TO DATE    0.0                       0.0    0.0      0.0
  SINCE JAN 1      2.1                      13.7  -11.6     12.3
  SINCE JUL 1      0.0                       0.0    0.0      0.0
  SNOW DEPTH       0

DEGREE DAYS
 HEATING
  YESTERDAY        0                         0      0        0
  MONTH TO DATE    0                         0      0        1
  SINCE JUN 1      2                        13    -11        1
  SINCE JUL 1      0                         0      0        1

 COOLING
  YESTERDAY       14                        14      0       14
  MONTH TO DATE  202                       178     24      179
  SINCE JUN 1    535                       443     92      600
  SINCE JAN 1    613                       532     81      660
..................................................................


WIND (MPH)
  HIGHEST WIND SPEED    16   HIGHEST WIND DIRECTION     N (10)
  HIGHEST GUST SPEED    23   HIGHEST GUST DIRECTION    NE (40)
  AVERAGE WIND SPEED     8.9


SKY COVER
  AVERAGE SKY COVER 0.4


WEATHER CONDITIONS
 THE FOLLOWING WEATHER WAS RECORDED YESTERDAY.
  FOG


RELATIVE HUMIDITY (PERCENT)
 HIGHEST    94           900 PM
 LOWEST     69          1100 AM
 AVERAGE    82

..........................................................


THE CONCORDIA KS CLIMATE NORMALS FOR TODAY
                         NORMAL    RECORD    YEAR
 MAXIMUM TEMPERATURE (F)   91       110      1913
 MINIMUM TEMPERATURE (F)   68        50      1990


SUNRISE AND SUNSET
JULY 14 2017..........SUNRISE   615 AM CDT   SUNSET   857 PM CDT
JULY 15 2017..........SUNRISE   616 AM CDT   SUNSET   857 PM CDT


-  INDICATES NEGATIVE NUMBERS.
R  INDICATES RECORD WAS SET OR TIED.
MM INDICATES DATA IS MISSING.
T  INDICATES TRACE AMOUNT.

$$
