989
CDUS43 KTOP 100631
CLICNK


CLIMATE REPORT
NATIONAL WEATHER SERVICE TOPEKA KS
1231 AM CST FRI FEB 10 2017


...................................

...THE CONCORDIA KS CLIMATE SUMMARY FOR FEBRUARY 9 2017...

CLIMATE NORMAL PERIOD 1981 TO 2010
CLIMATE RECORD PERIOD 1885 TO 2017


WEATHER ITEM   OBSERVED TIME   RECORD YEAR NORMAL DEPARTURE LAST
                VALUE   (LST)  VALUE       VALUE  FROM      YEAR
                                                  NORMAL
..................................................................
TEMPERATURE (F)
 YESTERDAY
  MAXIMUM         40    440 PM  70    1996  41     -1       31
                                      1976
  MINIMUM         12    222 AM -15    1899  21     -9       21
  AVERAGE         26                        31     -5       26

PRECIPITATION (IN)
  YESTERDAY        0.00          0.46 1965   0.03  -0.03     0.00
  MONTH TO DATE    0.02                      0.23  -0.21     0.49
  SINCE DEC 1      2.70                      1.66   1.04     4.18
  SINCE JAN 1      1.77                      0.81   0.96     1.54

SNOWFALL (IN)
  YESTERDAY        0.0           8.0  2001   0.2   -0.2      0.0
  MONTH TO DATE    T                         1.9   -1.9      4.7
  SINCE JAN 1      1.0                       7.6   -6.6     12.3
  SINCE JUL 1      3.2                      14.1  -10.9     13.6
  SNOW DEPTH       0

DEGREE DAYS
 HEATING
  YESTERDAY       39                        34      5       39
  MONTH TO DATE  312                       312      0      300
  SINCE DEC 1   2458                      2524    -66     2264
  SINCE JUL 1   3155                      3616   -461     3032

 COOLING
  YESTERDAY        0                         0      0        0
  MONTH TO DATE    0                         0      0        0
  SINCE DEC 1      0                         0      0        0
  SINCE JAN 1      0                         0      0        0
..................................................................


WIND (MPH)
  HIGHEST WIND SPEED    23   HIGHEST WIND DIRECTION     S (180)
  HIGHEST GUST SPEED    27   HIGHEST GUST DIRECTION     S (170)
  AVERAGE WIND SPEED    10.5


SKY COVER
  AVERAGE SKY COVER 0.0


WEATHER CONDITIONS
 THE FOLLOWING WEATHER WAS RECORDED YESTERDAY.
  NO SIGNIFICANT WEATHER WAS OBSERVED.


RELATIVE HUMIDITY (PERCENT)
 HIGHEST    84           200 AM
 LOWEST     37           300 PM
 AVERAGE    61

..........................................................


THE CONCORDIA KS CLIMATE NORMALS FOR TODAY
                         NORMAL    RECORD    YEAR
 MAXIMUM TEMPERATURE (F)   42        77      1999
 MINIMUM TEMPERATURE (F)   21       -13      1899


SUNRISE AND SUNSET
FEBRUARY 10 2017......SUNRISE   728 AM CST   SUNSET   602 PM CST
FEBRUARY 11 2017......SUNRISE   727 AM CST   SUNSET   603 PM CST


-  INDICATES NEGATIVE NUMBERS.
R  INDICATES RECORD WAS SET OR TIED.
MM INDICATES DATA IS MISSING.
T  INDICATES TRACE AMOUNT.




$$
