000
CDUS43 KTOP 162238
CLICNK


CLIMATE REPORT
NATIONAL WEATHER SERVICE TOPEKA KS
436 PM CST MON FEB 16 2015


...................................

...THE CONCORDIA KS CLIMATE SUMMARY FOR FEBRUARY 16 2015...
VALID TODAY AS OF 0400 PM LOCAL TIME.

CLIMATE NORMAL PERIOD 1981 TO 2010
CLIMATE RECORD PERIOD 1885 TO 2015


WEATHER ITEM   OBSERVED TIME   RECORD YEAR NORMAL DEPARTURE LAST
                VALUE   (LST)  VALUE       VALUE  FROM      YEAR
                                                  NORMAL
..................................................................
TEMPERATURE (F)
 TODAY
  MAXIMUM         41    243 PM  71    1913  43     -2       45
  MINIMUM         14    653 AM -12    1903  22     -8       27
  AVERAGE         28                        33     -5       36

PRECIPITATION (IN)
  TODAY            0.00          1.34 1931   0.03  -0.03     0.00
  MONTH TO DATE    0.22                      0.42  -0.20     0.55
  SINCE DEC 1      2.13                      1.85   0.28     1.52
  SINCE JAN 1      1.39                      1.00   0.39     0.98

SNOWFALL (IN)
  TODAY            0.0           4.7  1975   0.1   -0.1      0.0
  MONTH TO DATE    1.3                       3.3   -2.0      6.4
  SINCE JAN 1      3.6                       9.0   -5.4     12.0
  SINCE JUL 1      9.7                      15.5   -5.8     18.3
  SNOW DEPTH       T

DEGREE DAYS
 HEATING
  TODAY           37                        32      5       29
  MONTH TO DATE  529                       543    -14      721
  SINCE DEC 1   2531                      2755   -224     3070
  SINCE JUL 1   3694                      3847   -153     4126

 COOLING
  TODAY            0                         0      0        0
  MONTH TO DATE    0                         0      0        0
  SINCE DEC 1      0                         0      0        0
  SINCE JAN 1      0                         0      0        0
..................................................................


WIND (MPH)
  HIGHEST WIND SPEED    16   HIGHEST WIND DIRECTION    NW (330)
  HIGHEST GUST SPEED    20   HIGHEST GUST DIRECTION     N (10)
  AVERAGE WIND SPEED     4.6



WEATHER CONDITIONS
 THE FOLLOWING WEATHER WAS RECORDED TODAY.
  NO SIGNIFICANT WEATHER WAS OBSERVED.


RELATIVE HUMIDITY (PERCENT)
 HIGHEST    88          1200 AM
 LOWEST     50           300 PM
 AVERAGE    69

..........................................................


THE CONCORDIA KS CLIMATE NORMALS FOR TOMORROW
                         NORMAL    RECORD    YEAR
 MAXIMUM TEMPERATURE (F)   44        79      1970
 MINIMUM TEMPERATURE (F)   23       -11      1903


SUNRISE AND SUNSET
FEBRUARY 16 2015......SUNRISE   722 AM CST   SUNSET   608 PM CST
FEBRUARY 17 2015......SUNRISE   720 AM CST   SUNSET   609 PM CST


-  INDICATES NEGATIVE NUMBERS.
R  INDICATES RECORD WAS SET OR TIED.
MM INDICATES DATA IS MISSING.
T  INDICATES TRACE AMOUNT.




$$
