000
CDUS43 KTOP 110633
CLICNK


CLIMATE REPORT
NATIONAL WEATHER SERVICE TOPEKA KS
1233 AM CST THU JAN 11 2018


...................................

...THE CONCORDIA KS CLIMATE SUMMARY FOR JANUARY 10 2018...

CLIMATE NORMAL PERIOD 1981 TO 2010
CLIMATE RECORD PERIOD 1885 TO 2018


WEATHER ITEM   OBSERVED TIME   RECORD YEAR NORMAL DEPARTURE LAST
                VALUE   (LST)  VALUE       VALUE  FROM      YEAR
                                                  NORMAL
..................................................................
TEMPERATURE (F)
 YESTERDAY
  MAXIMUM         58    248 PM  78    1911  38     20       48
  MINIMUM         35    726 AM -16    1982  19     16       35
  AVERAGE         47                        28     19       42

PRECIPITATION (IN)
  YESTERDAY        0.00          0.51 1918   0.01  -0.01     0.01
  MONTH TO DATE    0.00                      0.15  -0.15     0.11
  SINCE DEC 1      0.13                      1.00  -0.87     1.04
  SINCE JAN 1      0.00                      0.15  -0.15     0.11

SNOWFALL (IN)
  YESTERDAY        0.0           6.0  1975   0.2   -0.2      0.0
  MONTH TO DATE    0.0                       1.7   -1.7      1.0
  SINCE JAN 1      0.0                       1.7   -1.7      1.0
  SINCE JUL 1      1.8                       8.2   -6.4      3.2
  SNOW DEPTH       0

DEGREE DAYS
 HEATING
  YESTERDAY       18                        37    -19       23
  MONTH TO DATE  383                       370     13      420
  SINCE DEC 1   1419                      1455    -36     1524
  SINCE JUL 1   2356                      2547   -191     2221

 COOLING
  YESTERDAY        0                         0      0        0
  MONTH TO DATE    0                         0      0        0
  SINCE DEC 1      0                         0      0        0
  SINCE JAN 1      0                         0      0        0
..................................................................


WIND (MPH)
  HIGHEST WIND SPEED    26   HIGHEST WIND DIRECTION     N (350)
  HIGHEST GUST SPEED    34   HIGHEST GUST DIRECTION     N (350)
  AVERAGE WIND SPEED    12.3


SKY COVER
  AVERAGE SKY COVER 0.2


WEATHER CONDITIONS
 THE FOLLOWING WEATHER WAS RECORDED YESTERDAY.
  FOG


RELATIVE HUMIDITY (PERCENT)
 HIGHEST   100           200 AM
 LOWEST     51           200 PM
 AVERAGE    76

..........................................................


THE CONCORDIA KS CLIMATE NORMALS FOR TODAY
                         NORMAL    RECORD    YEAR
 MAXIMUM TEMPERATURE (F)   38        63      1986
 MINIMUM TEMPERATURE (F)   19       -20      1918


SUNRISE AND SUNSET
JANUARY 11 2018.......SUNRISE   751 AM CST   SUNSET   527 PM CST
JANUARY 12 2018.......SUNRISE   750 AM CST   SUNSET   528 PM CST


-  INDICATES NEGATIVE NUMBERS.
R  INDICATES RECORD WAS SET OR TIED.
MM INDICATES DATA IS MISSING.
T  INDICATES TRACE AMOUNT.




$$
