000
CDUS43 KTOP 032142
CLICNK


CLIMATE REPORT
NATIONAL WEATHER SERVICE TOPEKA KS
441 PM CDT SUN SEP 3 2017


...................................

...THE CONCORDIA KS CLIMATE SUMMARY FOR SEPTEMBER 3 2017...
VALID TODAY AS OF 0400 PM LOCAL TIME.

CLIMATE NORMAL PERIOD 1981 TO 2010
CLIMATE RECORD PERIOD 1885 TO 2017


WEATHER ITEM   OBSERVED TIME   RECORD YEAR NORMAL DEPARTURE LAST
                VALUE   (LST)  VALUE       VALUE  FROM      YEAR
                                                  NORMAL
..................................................................
TEMPERATURE (F)
 TODAY
  MAXIMUM         93    259 PM 112    1947  85      8       82
  MINIMUM         59    639 AM  40    1974  61     -2       61
  AVERAGE         76                        73      3       72

PRECIPITATION (IN)
  TODAY            0.00          2.17 1967   0.09  -0.09     0.00
  MONTH TO DATE    0.02                      0.29  -0.27     0.00
  SINCE SEP 1      0.02                      0.29  -0.27     0.00
  SINCE JAN 1     27.47                     21.39   6.08    25.52

SNOWFALL (IN)
  TODAY            0.0           0.0    MM   0.0    0.0      0.0
  MONTH TO DATE    0.0                       0.0    0.0      0.0
  SINCE JAN 1      2.1                      13.7  -11.6     12.3
  SINCE JUL 1      0.0                       0.0    0.0      0.0
  SNOW DEPTH       0

DEGREE DAYS
 HEATING
  TODAY            0                         1     -1        0
  MONTH TO DATE    0                         1     -1        0
  SINCE SEP 1      0                         1     -1        0
  SINCE JUL 1      0                         4     -4        1

 COOLING
  TODAY           11                         9      2        7
  MONTH TO DATE   24                        27     -3       12
  SINCE SEP 1     24                        27     -3       12
  SINCE JAN 1   1162                      1193    -31     1294
..................................................................


WIND (MPH)
  HIGHEST WIND SPEED    14   HIGHEST WIND DIRECTION     S (200)
  HIGHEST GUST SPEED    20   HIGHEST GUST DIRECTION     S (180)
  AVERAGE WIND SPEED     6.5



WEATHER CONDITIONS
 THE FOLLOWING WEATHER WAS RECORDED TODAY.
  FOG
  FOG W/VISIBILITY <= 1/4 MILE


RELATIVE HUMIDITY (PERCENT)
 HIGHEST   100           500 AM
 LOWEST     36           300 PM
 AVERAGE    68

..........................................................


THE CONCORDIA KS CLIMATE NORMALS FOR TOMORROW
                         NORMAL    RECORD    YEAR
 MAXIMUM TEMPERATURE (F)   85       102      1945
                                             1914
 MINIMUM TEMPERATURE (F)   61        44      1902


SUNRISE AND SUNSET
SEPTEMBER  3 2017.....SUNRISE   701 AM CDT   SUNSET   758 PM CDT
SEPTEMBER  4 2017.....SUNRISE   702 AM CDT   SUNSET   756 PM CDT


-  INDICATES NEGATIVE NUMBERS.
R  INDICATES RECORD WAS SET OR TIED.
MM INDICATES DATA IS MISSING.
T  INDICATES TRACE AMOUNT.




$$
