000
CDUS43 KTOP 090632
CLICNK


CLIMATE REPORT
NATIONAL WEATHER SERVICE TOPEKA KS
131 AM CDT SAT AUG 9 2014


...................................

...THE CONCORDIA KS CLIMATE SUMMARY FOR AUGUST 8 2014...

CLIMATE NORMAL PERIOD 1981 TO 2010
CLIMATE RECORD PERIOD 1885 TO 2014


WEATHER ITEM   OBSERVED TIME   RECORD YEAR NORMAL DEPARTURE LAST
                VALUE   (LST)  VALUE       VALUE  FROM      YEAR
                                                  NORMAL
..................................................................
TEMPERATURE (F)
 YESTERDAY
  MAXIMUM         89    507 PM 109    1934  90     -1       76
  MINIMUM         66    204 AM  55    1989  67     -1       65
  AVERAGE         78                        78      0       71

PRECIPITATION (IN)
  YESTERDAY        0.00          3.52 1910   0.11  -0.11      T
  MONTH TO DATE    0.00                      0.86  -0.86     5.37
  SINCE JUN 1      7.84                      8.83  -0.99    10.97
  SINCE JAN 1     13.67                     18.82  -5.15    22.36

SNOWFALL (IN)
  YESTERDAY        0.0           T    1910   0.0    0.0      0.0
  MONTH TO DATE    0.0                       0.0    0.0      0.0
  SINCE JAN 1     16.9                      13.7    3.2     20.3
  SINCE JUL 1      0.0                       0.0    0.0      0.0
  SNOW DEPTH       0

DEGREE DAYS
 HEATING
  YESTERDAY        0                         0      0        0
  MONTH TO DATE    0                         0      0        0
  SINCE JUN 1      3                        13    -10       22
  SINCE JUL 1      2                         0      2        7

 COOLING
  YESTERDAY       13                        13      0        6
  MONTH TO DATE  115                       109      6       78
  SINCE JUN 1    764                       810    -46      727
  SINCE JAN 1    939                       899     40      830
..................................................................


WIND (MPH)
  HIGHEST WIND SPEED    16   HIGHEST WIND DIRECTION     E (100)
  HIGHEST GUST SPEED    22   HIGHEST GUST DIRECTION     E (100)
  AVERAGE WIND SPEED     7.7


SKY COVER
  AVERAGE SKY COVER 0.4


WEATHER CONDITIONS
 THE FOLLOWING WEATHER WAS RECORDED YESTERDAY.
  FOG


RELATIVE HUMIDITY (PERCENT)
 HIGHEST   100           500 AM
 LOWEST     47           400 PM
 AVERAGE    74

..........................................................


THE CONCORDIA KS CLIMATE NORMALS FOR TODAY
                         NORMAL    RECORD    YEAR
 MAXIMUM TEMPERATURE (F)   90       108      1934
 MINIMUM TEMPERATURE (F)   67        55      1927
                                             1888


SUNRISE AND SUNSET
AUGUST  9 2014........SUNRISE   637 AM CDT   SUNSET   834 PM CDT
AUGUST 10 2014........SUNRISE   638 AM CDT   SUNSET   833 PM CDT


-  INDICATES NEGATIVE NUMBERS.
R  INDICATES RECORD WAS SET OR TIED.
MM INDICATES DATA IS MISSING.
T  INDICATES TRACE AMOUNT.




$$
