000
CDUS43 KTOP 260637
CLICNK


CLIMATE REPORT
NATIONAL WEATHER SERVICE TOPEKA KS
1234 AM CST MON DEC 26 2016


...................................

...THE CONCORDIA KS CLIMATE SUMMARY FOR DECEMBER 25 2016...

CLIMATE NORMAL PERIOD 1981 TO 2010
CLIMATE RECORD PERIOD 1885 TO 2016


WEATHER ITEM   OBSERVED TIME   RECORD YEAR NORMAL DEPARTURE LAST
                VALUE   (LST)  VALUE       VALUE  FROM      YEAR
                                                  NORMAL
..................................................................
TEMPERATURE (F)
 YESTERDAY
  MAXIMUM         64R   135 PM  64    1950  38     26       37
  MINIMUM         36   1159 PM  -8    1983  19     17       20
  AVERAGE         50                        28     22       29

PRECIPITATION (IN)
  YESTERDAY        0.33          0.47 1941   0.02   0.31     0.01
  MONTH TO DATE    0.93                      0.73   0.20     2.64
  SINCE DEC 1      0.93                      0.73   0.20     2.64
  SINCE JAN 1     30.02                     27.77   2.25    29.35

SNOWFALL (IN)
  YESTERDAY        0.0           2.5  2009   0.1   -0.1      0.0
  MONTH TO DATE    2.2                       2.9   -0.7      T
  SINCE JAN 1     14.5                      19.3   -4.8      6.9
  SINCE JUL 1      2.2                       5.6   -3.4      1.3
  SNOW DEPTH       0

DEGREE DAYS
 HEATING
  YESTERDAY       15                        36    -21       36
  MONTH TO DATE  932                       863     69      640
  SINCE DEC 1    932                       863     69      640
  SINCE JUL 1   1629                      1955   -326     1408

 COOLING
  YESTERDAY        0                         0      0        0
  MONTH TO DATE    0                         0      0        0
  SINCE DEC 1      0                         0      0        0
  SINCE JAN 1   1540                      1349    191     1375
..................................................................


WIND (MPH)
  HIGHEST WIND SPEED    36   HIGHEST WIND DIRECTION     S (160)
  HIGHEST GUST SPEED    45   HIGHEST GUST DIRECTION    SE (150)
  AVERAGE WIND SPEED    18.4


SKY COVER
  AVERAGE SKY COVER 0.8


WEATHER CONDITIONS
 THE FOLLOWING WEATHER WAS RECORDED YESTERDAY.
  THUNDERSTORM
  HEAVY RAIN
  RAIN
  LIGHT RAIN
  FOG
  FOG W/VISIBILITY <= 1/4 MILE


RELATIVE HUMIDITY (PERCENT)
 HIGHEST   100          1200 AM
 LOWEST     50           800 PM
 AVERAGE    75

..........................................................


THE CONCORDIA KS CLIMATE NORMALS FOR TODAY
                         NORMAL    RECORD    YEAR
 MAXIMUM TEMPERATURE (F)   38        64      2008
                                             1959
 MINIMUM TEMPERATURE (F)   19        -8      1892


SUNRISE AND SUNSET
DECEMBER 26 2016......SUNRISE   750 AM CST   SUNSET   513 PM CST
DECEMBER 27 2016......SUNRISE   750 AM CST   SUNSET   514 PM CST


-  INDICATES NEGATIVE NUMBERS.
R  INDICATES RECORD WAS SET OR TIED.
MM INDICATES DATA IS MISSING.
T  INDICATES TRACE AMOUNT.




$$
