000
CDUS43 KTOP 140652
CLICNK


CLIMATE REPORT
NATIONAL WEATHER SERVICE TOPEKA KS
1250 AM CST MON NOV 14 2016


...................................

...THE CONCORDIA KS CLIMATE SUMMARY FOR NOVEMBER 13 2016...

CLIMATE NORMAL PERIOD 1981 TO 2010
CLIMATE RECORD PERIOD 1885 TO 2016


WEATHER ITEM   OBSERVED TIME   RECORD YEAR NORMAL DEPARTURE LAST
                VALUE   (LST)  VALUE       VALUE  FROM      YEAR
                                                  NORMAL
..................................................................
TEMPERATURE (F)
 YESTERDAY
  MAXIMUM         65    327 PM  83    1999  54     11       65
  MINIMUM         38    352 AM   2    1986  32      6       29
  AVERAGE         52                        43      9       47

PRECIPITATION (IN)
  YESTERDAY        0.00          1.52 1909   0.04  -0.04     0.00
  MONTH TO DATE    0.35                      0.56  -0.21     0.01
  SINCE SEP 1      3.35                      5.39  -2.04     2.59
  SINCE JAN 1     28.87                     26.49   2.38    24.55

SNOWFALL (IN)
  YESTERDAY        0.0           3.7  1972   0.1   -0.1      0.0
  MONTH TO DATE    0.0                       0.6   -0.6      0.0
  SINCE JAN 1     12.3                      14.5   -2.2      5.6
  SINCE JUL 1      0.0                       0.8   -0.8      0.0
  SNOW DEPTH       0

DEGREE DAYS
 HEATING
  YESTERDAY       13                        22     -9       18
  MONTH TO DATE  138                       244   -106      143
  SINCE SEP 1    350                       632   -282      373
  SINCE JUL 1    351                       635   -284      375

 COOLING
  YESTERDAY        0                         0      0        0
  MONTH TO DATE    0                         0      0        1
  SINCE SEP 1    258                       182     76      336
  SINCE JAN 1   1540                      1348    192     1375
..................................................................


WIND (MPH)
  HIGHEST WIND SPEED    24   HIGHEST WIND DIRECTION     S (200)
  HIGHEST GUST SPEED    30   HIGHEST GUST DIRECTION     S (190)
  AVERAGE WIND SPEED    15.1


SKY COVER
  AVERAGE SKY COVER 0.0


WEATHER CONDITIONS
 THE FOLLOWING WEATHER WAS RECORDED YESTERDAY.
  NO SIGNIFICANT WEATHER WAS OBSERVED.


RELATIVE HUMIDITY (PERCENT)
 HIGHEST    83          1100 PM
 LOWEST     48           100 PM
 AVERAGE    66

..........................................................


THE CONCORDIA KS CLIMATE NORMALS FOR TODAY
                         NORMAL    RECORD    YEAR
 MAXIMUM TEMPERATURE (F)   53        74      1990
 MINIMUM TEMPERATURE (F)   32         0      1940


SUNRISE AND SUNSET
NOVEMBER 14 2016......SUNRISE   714 AM CST   SUNSET   516 PM CST
NOVEMBER 15 2016......SUNRISE   715 AM CST   SUNSET   515 PM CST


-  INDICATES NEGATIVE NUMBERS.
R  INDICATES RECORD WAS SET OR TIED.
MM INDICATES DATA IS MISSING.
T  INDICATES TRACE AMOUNT.




$$
