104
CDUS43 KTOP 232137
CLICNK


CLIMATE REPORT
NATIONAL WEATHER SERVICE TOPEKA KS
436 PM CDT SAT APR 23 2016


...................................

...THE CONCORDIA KS CLIMATE SUMMARY FOR APRIL 23 2016...
VALID TODAY AS OF 430 PM LOCAL TIME.

CLIMATE NORMAL PERIOD 1981 TO 2010
CLIMATE RECORD PERIOD 1885 TO 2016


WEATHER ITEM   OBSERVED TIME   RECORD YEAR NORMAL DEPARTURE LAST
                VALUE   (LST)  VALUE       VALUE  FROM      YEAR
                                                  NORMAL
..................................................................
TEMPERATURE (F)
 TODAY
  MAXIMUM         80    257 PM  95    1989  67     13       65
  MINIMUM         48    536 AM  29    2013  44      4       40
                                      1967
  AVERAGE         64                        56      8       53

PRECIPITATION (IN)
  TODAY            0.00          0.91 2003   0.08  -0.08      T
  MONTH TO DATE    1.18                      1.78  -0.60     1.07
  SINCE MAR 1      1.63                      3.79  -2.16     1.18
  SINCE JAN 1      3.19                      5.16  -1.97     2.70

SNOWFALL (IN)
  TODAY            0.0           2.2  2013   0.0    0.0      0.0
  MONTH TO DATE    0.0                       0.5   -0.5      0.0
  SINCE JAN 1     12.3                      13.7   -1.4      5.6
  SINCE JUL 1     13.6                      20.2   -6.6     11.7
  SNOW DEPTH       0

DEGREE DAYS
 HEATING
  TODAY            1                        10     -9       12
  MONTH TO DATE  201                       310   -109      225
  SINCE MAR 1    689                       994   -305      772
  SINCE JUL 1   4160                      5201  -1041     4979

 COOLING
  TODAY            0                         1     -1        0
  MONTH TO DATE    1                         8     -7        4
  SINCE MAR 1      4                         9     -5        8
  SINCE JAN 1      4                         9     -5        8
..................................................................


WIND (MPH)
  HIGHEST WIND SPEED    31   HIGHEST WIND DIRECTION     S (170)
  HIGHEST GUST SPEED    41   HIGHEST GUST DIRECTION     S (160)
  AVERAGE WIND SPEED    17.3



WEATHER CONDITIONS
 THE FOLLOWING WEATHER WAS RECORDED TODAY.
  FOG
  HAZE


RELATIVE HUMIDITY (PERCENT)
 HIGHEST    83           100 AM
 LOWEST     33           300 PM
 AVERAGE    58

..........................................................


THE CONCORDIA KS CLIMATE NORMALS FOR TOMORROW
                         NORMAL    RECORD    YEAR
 MAXIMUM TEMPERATURE (F)   68        98      1989
 MINIMUM TEMPERATURE (F)   44        25      2013
                                             1967


SUNRISE AND SUNSET
APRIL 23 2016.........SUNRISE   641 AM CDT   SUNSET   817 PM CDT
APRIL 24 2016.........SUNRISE   640 AM CDT   SUNSET   818 PM CDT


-  INDICATES NEGATIVE NUMBERS.
R  INDICATES RECORD WAS SET OR TIED.
MM INDICATES DATA IS MISSING.
T  INDICATES TRACE AMOUNT.




$$
