000
CDUS43 KTOP 062132
CLICNK


CLIMATE REPORT
NATIONAL WEATHER SERVICE TOPEKA KS
431 PM CDT SAT MAY 6 2017


...................................

...THE CONCORDIA KS CLIMATE SUMMARY FOR MAY 6 2017...
VALID TODAY AS OF 0400 PM LOCAL TIME.

CLIMATE NORMAL PERIOD 1981 TO 2010
CLIMATE RECORD PERIOD 1885 TO 2017


WEATHER ITEM   OBSERVED TIME   RECORD YEAR NORMAL DEPARTURE LAST
                VALUE   (LST)  VALUE       VALUE  FROM      YEAR
                                                  NORMAL
..................................................................
TEMPERATURE (F)
 TODAY
  MAXIMUM         84    218 PM  94    1955  71     13       83
                                      1916
  MINIMUM         55    631 AM  29    1944  49      6       53
  AVERAGE         70                        60     10       68

PRECIPITATION (IN)
  TODAY            0.00          2.25 1978   0.13  -0.13     0.00
  MONTH TO DATE    0.12                      0.69  -0.57     0.01
  SINCE MAR 1      8.65                      5.15   3.50     2.36
  SINCE JAN 1     10.50                      6.52   3.98     3.92

SNOWFALL (IN)
  TODAY            0.0           T    1978   0.0    0.0      0.0
  MONTH TO DATE    T                         0.0    0.0      0.0
  SINCE JAN 1      2.1                      13.7  -11.6     12.3
  SINCE JUL 1      4.3                      20.2  -15.9     13.6
  SNOW DEPTH       0

DEGREE DAYS
 HEATING
  TODAY            0                         6     -6        0
  MONTH TO DATE   55                        42     13       46
  SINCE MAR 1    972                      1099   -127      800
  SINCE JUL 1   4473                      5306   -833     4271

 COOLING
  TODAY            5                         1      4        3
  MONTH TO DATE    5                         6     -1        3
  SINCE MAR 1     24                        23      1       14
  SINCE JAN 1     24                        23      1       14
..................................................................


WIND (MPH)
  HIGHEST WIND SPEED    13   HIGHEST WIND DIRECTION     W (260)
  HIGHEST GUST SPEED    17   HIGHEST GUST DIRECTION    SW (240)
  AVERAGE WIND SPEED     8.6



WEATHER CONDITIONS
 THE FOLLOWING WEATHER WAS RECORDED TODAY.
  NO SIGNIFICANT WEATHER WAS OBSERVED.


RELATIVE HUMIDITY (PERCENT)
 HIGHEST    72           600 AM
 LOWEST     28           200 PM
 AVERAGE    50

..........................................................


THE CONCORDIA KS CLIMATE NORMALS FOR TOMORROW
                         NORMAL    RECORD    YEAR
 MAXIMUM TEMPERATURE (F)   71        99      2014
 MINIMUM TEMPERATURE (F)   49        31      1890


SUNRISE AND SUNSET
MAY  6 2017...........SUNRISE   625 AM CDT   SUNSET   830 PM CDT
MAY  7 2017...........SUNRISE   624 AM CDT   SUNSET   831 PM CDT


-  INDICATES NEGATIVE NUMBERS.
R  INDICATES RECORD WAS SET OR TIED.
MM INDICATES DATA IS MISSING.
T  INDICATES TRACE AMOUNT.




$$
