000
CDUS43 KTOP 010634
CLICNK


CLIMATE REPORT
NATIONAL WEATHER SERVICE TOPEKA KS
132 AM CDT THU SEP 1 2016


...................................

...THE CONCORDIA KS CLIMATE SUMMARY FOR AUGUST 31 2016...

CLIMATE NORMAL PERIOD 1981 TO 2010
CLIMATE RECORD PERIOD 1885 TO 2016


WEATHER ITEM   OBSERVED TIME   RECORD YEAR NORMAL DEPARTURE LAST
                VALUE   (LST)  VALUE       VALUE  FROM      YEAR
                                                  NORMAL
..................................................................
TEMPERATURE (F)
 YESTERDAY
  MAXIMUM         79    517 PM 105    1990  86     -7       91
  MINIMUM         61   1159 PM  44    2009  62     -1       61
                                      1893
  AVERAGE         70                        74     -4       76

PRECIPITATION (IN)
  YESTERDAY        0.06          2.75 1932   0.10  -0.04     0.00
  MONTH TO DATE    6.01                      3.14   2.87     4.20
  SINCE JUN 1     13.35                     11.11   2.24    13.88
  SINCE JAN 1     25.52                     21.10   4.42    21.96

SNOWFALL (IN)
  YESTERDAY        0.0           T    1931   0.0    0.0      0.0
  MONTH TO DATE    0.0                       0.0    0.0      0.0
  SINCE JAN 1     12.3                      13.7   -1.4      5.6
  SINCE JUL 1      0.0                       0.0    0.0      0.0
  SNOW DEPTH       0

DEGREE DAYS
 HEATING
  YESTERDAY        0                         0      0        0
  MONTH TO DATE    0                         0      0        2
  SINCE JUN 1      1                        16    -15        4
  SINCE JUL 1      1                         3     -2        2

 COOLING
  YESTERDAY        5                        10     -5       11
  MONTH TO DATE  355                       376    -21      279
  SINCE JUN 1   1222                      1077    145      984
  SINCE JAN 1   1282                      1166    116     1039
..................................................................


WIND (MPH)
  HIGHEST WIND SPEED    13   HIGHEST WIND DIRECTION    NE (50)
  HIGHEST GUST SPEED    17   HIGHEST GUST DIRECTION    NW (330)
  AVERAGE WIND SPEED     4.8


SKY COVER
  AVERAGE SKY COVER 0.5


WEATHER CONDITIONS
 THE FOLLOWING WEATHER WAS RECORDED YESTERDAY.
  LIGHT RAIN
  FOG


RELATIVE HUMIDITY (PERCENT)
 HIGHEST   100          1200 AM
 LOWEST     64           600 PM
 AVERAGE    82

..........................................................


THE CONCORDIA KS CLIMATE NORMALS FOR TODAY
                         NORMAL    RECORD    YEAR
 MAXIMUM TEMPERATURE (F)   86       106      1990
                                             1922
 MINIMUM TEMPERATURE (F)   62        48      1956


SUNRISE AND SUNSET
SEPTEMBER  1 2016.....SUNRISE   659 AM CDT   SUNSET   801 PM CDT
SEPTEMBER  2 2016.....SUNRISE   700 AM CDT   SUNSET   759 PM CDT


-  INDICATES NEGATIVE NUMBERS.
R  INDICATES RECORD WAS SET OR TIED.
MM INDICATES DATA IS MISSING.
T  INDICATES TRACE AMOUNT.




$$
