000
CDUS43 KTOP 180633
CLICNK


CLIMATE REPORT
NATIONAL WEATHER SERVICE TOPEKA KS
1233 AM CST SAT NOV 18 2017


...................................

...THE CONCORDIA KS CLIMATE SUMMARY FOR NOVEMBER 17 2017...

CLIMATE NORMAL PERIOD 1981 TO 2010
CLIMATE RECORD PERIOD 1885 TO 2017


WEATHER ITEM   OBSERVED TIME   RECORD YEAR NORMAL DEPARTURE LAST
                VALUE   (LST)  VALUE       VALUE  FROM      YEAR
                                                  NORMAL
..................................................................
TEMPERATURE (F)
 YESTERDAY
  MAXIMUM         71    315 PM  76    1943  51     20       68
  MINIMUM         47   1159 PM   2    1886  30     17       45
  AVERAGE         59                        41     18       57

PRECIPITATION (IN)
  YESTERDAY        0.00          1.41 1971   0.04  -0.04     0.00
  MONTH TO DATE    0.07                      0.70  -0.63     0.35
  SINCE SEP 1      8.82                      5.53   3.29     3.35
  SINCE JAN 1     36.27                     26.63   9.64    28.87

SNOWFALL (IN)
  YESTERDAY        0.0           8.2  1957   0.1   -0.1      0.0
  MONTH TO DATE    0.0                       1.0   -1.0      0.0
  SINCE JAN 1      2.1                      14.9  -12.8     12.3
  SINCE JUL 1      T                         1.2   -1.2      0.0
  SNOW DEPTH       0

DEGREE DAYS
 HEATING
  YESTERDAY        6                        24    -18        8
  MONTH TO DATE  379                       338     41      172
  SINCE SEP 1    705                       726    -21      384
  SINCE JUL 1    705                       729    -24      385

 COOLING
  YESTERDAY        0                         0      0        0
  MONTH TO DATE    0                         0      0        0
  SINCE SEP 1    232                       182     50      258
  SINCE JAN 1   1370                      1348     22     1540
..................................................................


WIND (MPH)
  HIGHEST WIND SPEED    22   HIGHEST WIND DIRECTION     N (350)
  HIGHEST GUST SPEED    31   HIGHEST GUST DIRECTION     N (350)
  AVERAGE WIND SPEED    12.4


SKY COVER
  AVERAGE SKY COVER 0.1


WEATHER CONDITIONS
 THE FOLLOWING WEATHER WAS RECORDED YESTERDAY.
  NO SIGNIFICANT WEATHER WAS OBSERVED.


RELATIVE HUMIDITY (PERCENT)
 HIGHEST   100           800 AM
 LOWEST     44           400 PM
 AVERAGE    72

..........................................................


THE CONCORDIA KS CLIMATE NORMALS FOR TODAY
                         NORMAL    RECORD    YEAR
 MAXIMUM TEMPERATURE (F)   51        77      1908
 MINIMUM TEMPERATURE (F)   30         5      1886


SUNRISE AND SUNSET
NOVEMBER 18 2017......SUNRISE   718 AM CST   SUNSET   513 PM CST
NOVEMBER 19 2017......SUNRISE   720 AM CST   SUNSET   512 PM CST


-  INDICATES NEGATIVE NUMBERS.
R  INDICATES RECORD WAS SET OR TIED.
MM INDICATES DATA IS MISSING.
T  INDICATES TRACE AMOUNT.




$$
