196
CDUS43 KTOP 260640
CLICNK


CLIMATE REPORT
NATIONAL WEATHER SERVICE TOPEKA KS
1239 AM CST TUE JAN 26 2016


...................................

...THE CONCORDIA KS CLIMATE SUMMARY FOR JANUARY 25 2016...

CLIMATE NORMAL PERIOD 1981 TO 2010
CLIMATE RECORD PERIOD 1885 TO 2016


WEATHER ITEM   OBSERVED TIME   RECORD YEAR NORMAL DEPARTURE LAST
                VALUE   (LST)  VALUE       VALUE  FROM      YEAR
                                                  NORMAL
..................................................................
TEMPERATURE (F)
 YESTERDAY
  MAXIMUM         34    228 PM  67    1944  39     -5       47
                                      1935
  MINIMUM         22    224 AM -16    1905  19      3       28
  AVERAGE         28                        29     -1       38

PRECIPITATION (IN)
  YESTERDAY        T             0.61 2004   0.02  -0.02      T
  MONTH TO DATE    1.05                      0.43   0.62     0.11
  SINCE DEC 1      3.69                      1.28   2.41     0.85
  SINCE JAN 1      1.05                      0.43   0.62     0.11

SNOWFALL (IN)
  YESTERDAY        T             2.5  1979   0.2   -0.2      0.0
  MONTH TO DATE    7.6                       4.5    3.1      1.3
  SINCE JAN 1      7.6                       4.5    3.1      1.3
  SINCE JUL 1      8.9                      11.0   -2.1      7.4
  SNOW DEPTH       5

DEGREE DAYS
 HEATING
  YESTERDAY       37                        36      1       27
  MONTH TO DATE  935                       914     21      891
  SINCE DEC 1   1810                      1999   -189     1866
  SINCE JUL 1   2578                      3091   -513     3029

 COOLING
  YESTERDAY        0                         0      0        0
  MONTH TO DATE    0                         0      0        0
  SINCE DEC 1      0                         0      0        0
  SINCE JAN 1      0                         0      0        0
..................................................................


WIND (MPH)
  HIGHEST WIND SPEED    26   HIGHEST WIND DIRECTION    NW (320)
  HIGHEST GUST SPEED    33   HIGHEST GUST DIRECTION    NW (330)
  AVERAGE WIND SPEED    14.1


SKY COVER
  AVERAGE SKY COVER 0.9


WEATHER CONDITIONS
 THE FOLLOWING WEATHER WAS RECORDED YESTERDAY.
  LIGHT SNOW
  FOG
  FOG W/VISIBILITY <= 1/4 MILE


RELATIVE HUMIDITY (PERCENT)
 HIGHEST   100          1200 AM
 LOWEST     69           700 PM
 AVERAGE    85

..........................................................


THE CONCORDIA KS CLIMATE NORMALS FOR TODAY
                         NORMAL    RECORD    YEAR
 MAXIMUM TEMPERATURE (F)   39        73      1914
 MINIMUM TEMPERATURE (F)   19       -10      1904
                                             1902


SUNRISE AND SUNSET
JANUARY 26 2016.......SUNRISE   743 AM CST   SUNSET   543 PM CST
JANUARY 27 2016.......SUNRISE   743 AM CST   SUNSET   544 PM CST


-  INDICATES NEGATIVE NUMBERS.
R  INDICATES RECORD WAS SET OR TIED.
MM INDICATES DATA IS MISSING.
T  INDICATES TRACE AMOUNT.




$$
