000
CDUS43 KTOP 200632
CLICNK


CLIMATE REPORT
NATIONAL WEATHER SERVICE TOPEKA KS
131 AM CDT FRI OCT 20 2017


...................................

...THE CONCORDIA KS CLIMATE SUMMARY FOR OCTOBER 19 2017...

CLIMATE NORMAL PERIOD 1981 TO 2010
CLIMATE RECORD PERIOD 1885 TO 2017


WEATHER ITEM   OBSERVED TIME   RECORD YEAR NORMAL DEPARTURE LAST
                VALUE   (LST)  VALUE       VALUE  FROM      YEAR
                                                  NORMAL
..................................................................
TEMPERATURE (F)
 YESTERDAY
  MAXIMUM         81    315 PM  87    1903  66     15       73
  MINIMUM         41    606 AM  17    1972  43     -2       46
  AVERAGE         61                        54      7       60

PRECIPITATION (IN)
  YESTERDAY        0.00          1.25 1929   0.07  -0.07     0.02
  MONTH TO DATE    3.45                      1.27   2.18     0.96
  SINCE SEP 1      8.70                      4.18   4.52     2.96
  SINCE JAN 1     36.15                     25.28  10.87    28.48

SNOWFALL (IN)
  YESTERDAY        0.0           T    1976   0.0    0.0      0.0
  MONTH TO DATE    0.0                       0.0    0.0      0.0
  SINCE JAN 1      2.1                      13.7  -11.6     12.3
  SINCE JUL 1      0.0                       0.0    0.0      0.0
  SNOW DEPTH       0

DEGREE DAYS
 HEATING
  YESTERDAY        4                        11     -7        5
  MONTH TO DATE  107                       158    -51      101
  SINCE SEP 1    134                       228    -94      142
  SINCE JUL 1    134                       231    -97      143

 COOLING
  YESTERDAY        0                         0      0        0
  MONTH TO DATE   22                        20      2       26
  SINCE SEP 1    230                       180     50      246
  SINCE JAN 1   1368                      1346     22     1528
..................................................................


WIND (MPH)
  HIGHEST WIND SPEED    22   HIGHEST WIND DIRECTION     S (180)
  HIGHEST GUST SPEED    28   HIGHEST GUST DIRECTION     S (180)
  AVERAGE WIND SPEED     9.2


SKY COVER
  AVERAGE SKY COVER 0.0


WEATHER CONDITIONS
 THE FOLLOWING WEATHER WAS RECORDED YESTERDAY.
  FOG


RELATIVE HUMIDITY (PERCENT)
 HIGHEST   100           400 AM
 LOWEST     33           300 PM
 AVERAGE    67

..........................................................


THE CONCORDIA KS CLIMATE NORMALS FOR TODAY
                         NORMAL    RECORD    YEAR
 MAXIMUM TEMPERATURE (F)   66        93      1947
 MINIMUM TEMPERATURE (F)   42        21      1916


SUNRISE AND SUNSET
OCTOBER 20 2017.......SUNRISE   746 AM CDT   SUNSET   644 PM CDT
OCTOBER 21 2017.......SUNRISE   747 AM CDT   SUNSET   643 PM CDT


-  INDICATES NEGATIVE NUMBERS.
R  INDICATES RECORD WAS SET OR TIED.
MM INDICATES DATA IS MISSING.
T  INDICATES TRACE AMOUNT.




$$
