000
CDUS43 KTOP 030634
CLICNK


CLIMATE REPORT
NATIONAL WEATHER SERVICE TOPEKA KS
133 AM CDT MON APR 3 2017


...................................

...THE CONCORDIA KS CLIMATE SUMMARY FOR APRIL 2 2017...

CLIMATE NORMAL PERIOD 1981 TO 2010
CLIMATE RECORD PERIOD 1885 TO 2017


WEATHER ITEM   OBSERVED TIME   RECORD YEAR NORMAL DEPARTURE LAST
                VALUE   (LST)  VALUE       VALUE  FROM      YEAR
                                                  NORMAL
..................................................................
TEMPERATURE (F)
 YESTERDAY
  MAXIMUM         53    242 PM  87    2003  61     -8       68
                                      1981
                                      1928
  MINIMUM         42    641 AM  15    1975  37      5       30
                                      1936
  AVERAGE         48                        49     -1       49

PRECIPITATION (IN)
  YESTERDAY        0.01          1.78 1957   0.07  -0.06     0.00
  MONTH TO DATE    0.68                      0.15   0.53     0.00
  SINCE MAR 1      3.87                      2.16   1.71     0.45
  SINCE JAN 1      5.72                      3.53   2.19     2.01

SNOWFALL (IN)
  YESTERDAY        0.0           3.0  2009   0.1   -0.1      0.0
  MONTH TO DATE    0.0                       0.1   -0.1      0.0
  SINCE JAN 1      2.1                      13.3  -11.2     12.3
  SINCE JUL 1      4.3                      19.8  -15.5     13.6
  SNOW DEPTH       0

DEGREE DAYS
 HEATING
  YESTERDAY       17                        16      1       16
  MONTH TO DATE   38                        33      5       41
  SINCE MAR 1    607                       717   -110      529
  SINCE JUL 1   4108                      4924   -816     4000

 COOLING
  YESTERDAY        0                         0      0        0
  MONTH TO DATE    0                         0      0        0
  SINCE MAR 1      4                         1      3        3
  SINCE JAN 1      4                         1      3        3
..................................................................


WIND (MPH)
  HIGHEST WIND SPEED    10   HIGHEST WIND DIRECTION     N (360)
  HIGHEST GUST SPEED    12   HIGHEST GUST DIRECTION    NW (320)
  AVERAGE WIND SPEED     4.3


SKY COVER
  AVERAGE SKY COVER 1.0


WEATHER CONDITIONS
 THE FOLLOWING WEATHER WAS RECORDED YESTERDAY.
  LIGHT RAIN
  FOG


RELATIVE HUMIDITY (PERCENT)
 HIGHEST   100          1200 AM
 LOWEST     83           200 PM
 AVERAGE    92

..........................................................


THE CONCORDIA KS CLIMATE NORMALS FOR TODAY
                         NORMAL    RECORD    YEAR
 MAXIMUM TEMPERATURE (F)   61        89      1929
                                             1928
 MINIMUM TEMPERATURE (F)   37        14      1975
                                             1936


SUNRISE AND SUNSET
APRIL  3 2017.........SUNRISE   711 AM CDT   SUNSET   757 PM CDT
APRIL  4 2017.........SUNRISE   710 AM CDT   SUNSET   758 PM CDT


-  INDICATES NEGATIVE NUMBERS.
R  INDICATES RECORD WAS SET OR TIED.
MM INDICATES DATA IS MISSING.
T  INDICATES TRACE AMOUNT.




$$
