000
CDUS43 KTOP 270634
CLICNK


CLIMATE REPORT
NATIONAL WEATHER SERVICE TOPEKA KS
1234 AM CST SAT JAN 27 2018


...................................

...THE CONCORDIA KS CLIMATE SUMMARY FOR JANUARY 26 2018...

CLIMATE NORMAL PERIOD 1981 TO 2010
CLIMATE RECORD PERIOD 1885 TO 2018


WEATHER ITEM   OBSERVED TIME   RECORD YEAR NORMAL DEPARTURE LAST
                VALUE   (LST)  VALUE       VALUE  FROM      YEAR
                                                  NORMAL
..................................................................
TEMPERATURE (F)
 YESTERDAY
  MAXIMUM         58    313 PM  73    1914  39     19       38
  MINIMUM         32   1109 PM -10    1904  19     13       20
                                      1902
  AVERAGE         45                        29     16       29

PRECIPITATION (IN)
  YESTERDAY        0.00          1.43 1944   0.02  -0.02     0.00
  MONTH TO DATE    0.42                      0.45  -0.03     1.75
  SINCE DEC 1      0.55                      1.30  -0.75     2.68
  SINCE JAN 1      0.42                      0.45  -0.03     1.75

SNOWFALL (IN)
  YESTERDAY        0.0           5.6  1996   0.2   -0.2      0.0
  MONTH TO DATE    3.6                       4.7   -1.1      1.0
  SINCE JAN 1      3.6                       4.7   -1.1      1.0
  SINCE JUL 1      5.4                      11.2   -5.8      3.2
  SNOW DEPTH       0

DEGREE DAYS
 HEATING
  YESTERDAY       20                        36    -16       36
  MONTH TO DATE  962                       950     12      921
  SINCE DEC 1   1998                      2035    -37     2025
  SINCE JUL 1   2935                      3127   -192     2722

 COOLING
  YESTERDAY        0                         0      0        0
  MONTH TO DATE    0                         0      0        0
  SINCE DEC 1      0                         0      0        0
  SINCE JAN 1      0                         0      0        0
..................................................................


WIND (MPH)
  HIGHEST WIND SPEED    33   HIGHEST WIND DIRECTION     S (190)
  HIGHEST GUST SPEED    42   HIGHEST GUST DIRECTION     S (190)
  AVERAGE WIND SPEED    17.2


SKY COVER
  AVERAGE SKY COVER 0.0


WEATHER CONDITIONS
 THE FOLLOWING WEATHER WAS RECORDED YESTERDAY.
  NO SIGNIFICANT WEATHER WAS OBSERVED.


RELATIVE HUMIDITY (PERCENT)
 HIGHEST    71           900 AM
 LOWEST     24          1200 AM
 AVERAGE    48

..........................................................


THE CONCORDIA KS CLIMATE NORMALS FOR TODAY
                         NORMAL    RECORD    YEAR
 MAXIMUM TEMPERATURE (F)   39        69      2015
 MINIMUM TEMPERATURE (F)   19       -14      1902


SUNRISE AND SUNSET
JANUARY 27 2018.......SUNRISE   742 AM CST   SUNSET   545 PM CST
JANUARY 28 2018.......SUNRISE   742 AM CST   SUNSET   546 PM CST


-  INDICATES NEGATIVE NUMBERS.
R  INDICATES RECORD WAS SET OR TIED.
MM INDICATES DATA IS MISSING.
T  INDICATES TRACE AMOUNT.




$$
