000
CDUS43 KTOP 132140
CLICNK


CLIMATE REPORT
NATIONAL WEATHER SERVICE TOPEKA KS
439 PM CDT WED MAY 13 2015


...................................

...THE CONCORDIA KS CLIMATE SUMMARY FOR MAY 13 2015...
VALID TODAY AS OF 430 PM LOCAL TIME.

CLIMATE NORMAL PERIOD 1981 TO 2010
CLIMATE RECORD PERIOD 1885 TO 2015


WEATHER ITEM   OBSERVED TIME   RECORD YEAR NORMAL DEPARTURE LAST
                VALUE   (LST)  VALUE       VALUE  FROM      YEAR
                                                  NORMAL
..................................................................
TEMPERATURE (F)
 TODAY
  MAXIMUM         69   1101 AM  93    1940  73     -4       65
                                      1915
  MINIMUM         45    453 AM  33    1966  51     -6       42
  AVERAGE         57                        62     -5       54

PRECIPITATION (IN)
  TODAY            T             1.68 1957   0.13  -0.13     0.00
  MONTH TO DATE    1.04                      1.60  -0.56     0.07
  SINCE MAR 1      3.38                      6.06  -2.68     1.59
  SINCE JAN 1      4.90                      7.43  -2.53     2.78

SNOWFALL (IN)
  TODAY           MM             T    1995   0.0   MM        0.0
  MONTH TO DATE    0.0                       0.0    0.0      0.0
  SINCE JAN 1      5.6                      13.7   -8.1     16.9
  SINCE JUL 1     11.7                      20.2   -8.5     23.2
  SNOW DEPTH      MM

DEGREE DAYS
 HEATING
  TODAY            8                         5      3       11
  MONTH TO DATE   53                        79    -26       65
  SINCE MAR 1    889                      1136   -247     1210
  SINCE JUL 1   5096                      5343   -247     5692

 COOLING
  TODAY            0                         2     -2        0
  MONTH TO DATE   29                        16     13       39
  SINCE MAR 1     37                        33      4       64
  SINCE JAN 1     37                        33      4       64
..................................................................


WIND (MPH)
  HIGHEST WIND SPEED    24   HIGHEST WIND DIRECTION    SE (150)
  HIGHEST GUST SPEED    30   HIGHEST GUST DIRECTION     S (160)
  AVERAGE WIND SPEED    14.3



WEATHER CONDITIONS
 THE FOLLOWING WEATHER WAS RECORDED TODAY.
  NO SIGNIFICANT WEATHER WAS OBSERVED.


RELATIVE HUMIDITY (PERCENT)
 HIGHEST    86           600 AM
 LOWEST     52          1000 AM
 AVERAGE    69

..........................................................


THE CONCORDIA KS CLIMATE NORMALS FOR TOMORROW
                         NORMAL    RECORD    YEAR
 MAXIMUM TEMPERATURE (F)   74        95      1899
 MINIMUM TEMPERATURE (F)   51        31      1953


SUNRISE AND SUNSET
MAY 13 2015...........SUNRISE   619 AM CDT   SUNSET   836 PM CDT
MAY 14 2015...........SUNRISE   618 AM CDT   SUNSET   837 PM CDT


-  INDICATES NEGATIVE NUMBERS.
R  INDICATES RECORD WAS SET OR TIED.
MM INDICATES DATA IS MISSING.
T  INDICATES TRACE AMOUNT.




$$
