694
CDUS43 KTOP 260634
CLICNK


CLIMATE REPORT
NATIONAL WEATHER SERVICE TOPEKA KS
1233 AM CST SAT NOV 26 2016


...................................

...THE CONCORDIA KS CLIMATE SUMMARY FOR NOVEMBER 25 2016...

CLIMATE NORMAL PERIOD 1981 TO 2010
CLIMATE RECORD PERIOD 1885 TO 2016


WEATHER ITEM   OBSERVED TIME   RECORD YEAR NORMAL DEPARTURE LAST
                VALUE   (LST)  VALUE       VALUE  FROM      YEAR
                                                  NORMAL
..................................................................
TEMPERATURE (F)
 YESTERDAY
  MAXIMUM         54    312 PM  71    1960  47      7       64
                                      1894
  MINIMUM         27    454 AM   6    1993  27      0       40
  AVERAGE         41                        36      5       52

PRECIPITATION (IN)
  YESTERDAY        0.00          0.94 1944   0.03  -0.03     0.00
  MONTH TO DATE    0.47                      0.94  -0.47     1.40
  SINCE SEP 1      3.47                      5.77  -2.30     3.98
  SINCE JAN 1     28.99                     26.87   2.12    25.94

SNOWFALL (IN)
  YESTERDAY        0.0           5.9  1975   0.1   -0.1      0.0
  MONTH TO DATE    0.0                       1.9   -1.9       T
  SINCE JAN 1     12.3                      15.8   -3.5      5.6
  SINCE JUL 1      0.0                       2.1   -2.1       T
  SNOW DEPTH       0

DEGREE DAYS
 HEATING
  YESTERDAY       24                        28     -4       13
  MONTH TO DATE  378                       550   -172      357
  SINCE SEP 1    590                       938   -348      587
  SINCE JUL 1    591                       941   -350      589

 COOLING
  YESTERDAY        0                         0      0        0
  MONTH TO DATE    0                         0      0        1
  SINCE SEP 1    258                       182     76      336
  SINCE JAN 1   1540                      1348    192     1375
..................................................................


WIND (MPH)
  HIGHEST WIND SPEED    16   HIGHEST WIND DIRECTION     S (200)
  HIGHEST GUST SPEED    22   HIGHEST GUST DIRECTION     S (200)
  AVERAGE WIND SPEED     9.0


SKY COVER
  AVERAGE SKY COVER 0.0


WEATHER CONDITIONS
 THE FOLLOWING WEATHER WAS RECORDED YESTERDAY.
  NO SIGNIFICANT WEATHER WAS OBSERVED.


RELATIVE HUMIDITY (PERCENT)
 HIGHEST   100           200 AM
 LOWEST     45           300 PM
 AVERAGE    73

..........................................................


THE CONCORDIA KS CLIMATE NORMALS FOR TODAY
                         NORMAL    RECORD    YEAR
 MAXIMUM TEMPERATURE (F)   46        71      1909
 MINIMUM TEMPERATURE (F)   26         0      1975


SUNRISE AND SUNSET
NOVEMBER 26 2016......SUNRISE   727 AM CST   SUNSET   509 PM CST
NOVEMBER 27 2016......SUNRISE   728 AM CST   SUNSET   508 PM CST


-  INDICATES NEGATIVE NUMBERS.
R  INDICATES RECORD WAS SET OR TIED.
MM INDICATES DATA IS MISSING.
T  INDICATES TRACE AMOUNT.




$$
