361
CDUS43 KTOP 120635
CLICNK


CLIMATE REPORT
NATIONAL WEATHER SERVICE TOPEKA KS
134 AM CDT THU MAY 12 2016


...................................

...THE CONCORDIA KS CLIMATE SUMMARY FOR MAY 11 2016...

CLIMATE NORMAL PERIOD 1981 TO 2010
CLIMATE RECORD PERIOD 1885 TO 2016


WEATHER ITEM   OBSERVED TIME   RECORD YEAR NORMAL DEPARTURE LAST
                VALUE   (LST)  VALUE       VALUE  FROM      YEAR
                                                  NORMAL
..................................................................
TEMPERATURE (F)
 YESTERDAY
  MAXIMUM         72    432 PM  93    2000  73     -1       62
                                      1898
  MINIMUM         52    340 AM  31    1979  50      2       38
  AVERAGE         62                        62      0       50

PRECIPITATION (IN)
  YESTERDAY        0.57          1.46 1982   0.13   0.44     0.00
  MONTH TO DATE    2.51                      1.33   1.18     1.04
  SINCE MAR 1      4.86                      5.79  -0.93     3.38
  SINCE JAN 1      6.42                      7.16  -0.74     4.90

SNOWFALL (IN)
  YESTERDAY        0.0           T    1988   0.0    0.0      0.0
  MONTH TO DATE    0.0                       0.0    0.0      0.0
  SINCE JAN 1     12.3                      13.7   -1.4      5.6
  SINCE JUL 1     13.6                      20.2   -6.6     11.7
  SNOW DEPTH       0

DEGREE DAYS
 HEATING
  YESTERDAY        3                         5     -2       15
  MONTH TO DATE   50                        69    -19       35
  SINCE MAR 1    804                      1126   -322      871
  SINCE JUL 1   4275                      5333  -1058     5078

 COOLING
  YESTERDAY        0                         2     -2        0
  MONTH TO DATE    8                        12     -4       29
  SINCE MAR 1     19                        29    -10       37
  SINCE JAN 1     19                        29    -10       37
..................................................................


WIND (MPH)
  HIGHEST WIND SPEED    31   HIGHEST WIND DIRECTION    NW (330)
  HIGHEST GUST SPEED    45   HIGHEST GUST DIRECTION     N (340)
  AVERAGE WIND SPEED    14.6


SKY COVER
  AVERAGE SKY COVER 0.4


WEATHER CONDITIONS
 THE FOLLOWING WEATHER WAS RECORDED YESTERDAY.
  THUNDERSTORM
  HEAVY RAIN
  RAIN
  LIGHT RAIN
  FOG


RELATIVE HUMIDITY (PERCENT)
 HIGHEST    90          1200 AM
 LOWEST     40           600 PM
 AVERAGE    65

..........................................................


THE CONCORDIA KS CLIMATE NORMALS FOR TODAY
                         NORMAL    RECORD    YEAR
 MAXIMUM TEMPERATURE (F)   73        99      1956
 MINIMUM TEMPERATURE (F)   51        36      1971
                                             1943


SUNRISE AND SUNSET
MAY 12 2016...........SUNRISE   619 AM CDT   SUNSET   836 PM CDT
MAY 13 2016...........SUNRISE   618 AM CDT   SUNSET   837 PM CDT


-  INDICATES NEGATIVE NUMBERS.
R  INDICATES RECORD WAS SET OR TIED.
MM INDICATES DATA IS MISSING.
T  INDICATES TRACE AMOUNT.




$$
