000
CDUS43 KTOP 220631
CLICNK


CLIMATE REPORT
NATIONAL WEATHER SERVICE TOPEKA KS
131 AM CDT WED OCT 22 2014


...................................

...THE CONCORDIA KS CLIMATE SUMMARY FOR OCTOBER 21 2014...

CLIMATE NORMAL PERIOD 1981 TO 2010
CLIMATE RECORD PERIOD 1885 TO 2014


WEATHER ITEM   OBSERVED TIME   RECORD YEAR NORMAL DEPARTURE LAST
                VALUE   (LST)  VALUE       VALUE  FROM      YEAR
                                                  NORMAL
..................................................................
TEMPERATURE (F)
 YESTERDAY
  MAXIMUM         77    313 PM  89    1899  65     12       61
  MINIMUM         41    610 AM  23    1987  42     -1       31
  AVERAGE         59                        54      5       46

PRECIPITATION (IN)
  YESTERDAY        0.00          1.53 1900   0.07  -0.07     0.00
  MONTH TO DATE    2.25                      1.40   0.85     0.75
  SINCE SEP 1      5.50                      4.31   1.19     1.88
  SINCE JAN 1     26.16                     25.41   0.75    25.45

SNOWFALL (IN)
  YESTERDAY        0.0           0.0  1994   0.0    0.0      0.0
  MONTH TO DATE    0.0                       0.0    0.0      0.0
  SINCE JAN 1     16.9                      13.7    3.2     20.3
  SINCE JUL 1      0.0                       0.0    0.0      0.0
  SNOW DEPTH       0

DEGREE DAYS
 HEATING
  YESTERDAY        6                        12     -6       19
  MONTH TO DATE  176                       181     -5      166
  SINCE SEP 1    258                       251      7      180
  SINCE JUL 1    260                       254      6      187

 COOLING
  YESTERDAY        0                         0      0        0
  MONTH TO DATE    8                        20    -12       32
  SINCE SEP 1    143                       180    -37      274
  SINCE JAN 1   1352                      1346      6     1359
..................................................................


WIND (MPH)
  HIGHEST WIND SPEED    17   HIGHEST WIND DIRECTION     S (160)
  HIGHEST GUST SPEED    24   HIGHEST GUST DIRECTION    SE (150)
  AVERAGE WIND SPEED     7.1


SKY COVER
  AVERAGE SKY COVER 0.0


WEATHER CONDITIONS
 THE FOLLOWING WEATHER WAS RECORDED YESTERDAY.
  NO SIGNIFICANT WEATHER WAS OBSERVED.


RELATIVE HUMIDITY (PERCENT)
 HIGHEST    96           500 AM
 LOWEST     43           100 PM
 AVERAGE    70

..........................................................


THE CONCORDIA KS CLIMATE NORMALS FOR TODAY
                         NORMAL    RECORD    YEAR
 MAXIMUM TEMPERATURE (F)   65        89      1899
 MINIMUM TEMPERATURE (F)   42        24      1898


SUNRISE AND SUNSET
OCTOBER 22 2014.......SUNRISE   748 AM CDT   SUNSET   642 PM CDT
OCTOBER 23 2014.......SUNRISE   749 AM CDT   SUNSET   640 PM CDT


-  INDICATES NEGATIVE NUMBERS.
R  INDICATES RECORD WAS SET OR TIED.
MM INDICATES DATA IS MISSING.
T  INDICATES TRACE AMOUNT.




$$
