000
CDUS43 KTOP 250634
CLICNK


CLIMATE REPORT
NATIONAL WEATHER SERVICE TOPEKA KS
132 AM CDT SAT MAR 25 2017


...................................

...THE CONCORDIA KS CLIMATE SUMMARY FOR MARCH 24 2017...

CLIMATE NORMAL PERIOD 1981 TO 2010
CLIMATE RECORD PERIOD 1885 TO 2017


WEATHER ITEM   OBSERVED TIME   RECORD YEAR NORMAL DEPARTURE LAST
                VALUE   (LST)  VALUE       VALUE  FROM      YEAR
                                                  NORMAL
..................................................................
TEMPERATURE (F)
 YESTERDAY
  MAXIMUM         72   1204 AM  83    1907  58     14       50
  MINIMUM         42   1159 PM   8    1965  34      8       29
  AVERAGE         57                        46     11       40

PRECIPITATION (IN)
  YESTERDAY        T             1.03 1962   0.07  -0.07     0.03
  MONTH TO DATE    0.07                      1.44  -1.37     0.20
  SINCE MAR 1      0.07                      1.44  -1.37     0.20
  SINCE JAN 1      1.92                      2.81  -0.89     1.76

SNOWFALL (IN)
  YESTERDAY        0.0           4.5  1971   0.2   -0.2       T
  MONTH TO DATE    0.8                       2.1   -1.3       T
  SINCE JAN 1      2.1                      12.5  -10.4     12.3
  SINCE JUL 1      4.3                      19.0  -14.7     13.6
  SNOW DEPTH       0

DEGREE DAYS
 HEATING
  YESTERDAY        8                        19    -11       25
  MONTH TO DATE  431                       558   -127      374
  SINCE MAR 1    431                       558   -127      374
  SINCE JUL 1   3932                      4765   -833     3845

 COOLING
  YESTERDAY        0                         0      0        0
  MONTH TO DATE    4                         0      4        3
  SINCE MAR 1      4                         0      4        3
  SINCE JAN 1      4                         0      4        3
..................................................................


WIND (MPH)
  HIGHEST WIND SPEED    28   HIGHEST WIND DIRECTION     N (20)
  HIGHEST GUST SPEED    35   HIGHEST GUST DIRECTION     S (170)
  AVERAGE WIND SPEED    15.8


SKY COVER
  AVERAGE SKY COVER 0.7


WEATHER CONDITIONS
 THE FOLLOWING WEATHER WAS RECORDED YESTERDAY.
  NO SIGNIFICANT WEATHER WAS OBSERVED.


RELATIVE HUMIDITY (PERCENT)
 HIGHEST    96           800 PM
 LOWEST     41          1200 AM
 AVERAGE    69

..........................................................


THE CONCORDIA KS CLIMATE NORMALS FOR TODAY
                         NORMAL    RECORD    YEAR
 MAXIMUM TEMPERATURE (F)   58        92      1907
 MINIMUM TEMPERATURE (F)   34         8      1996
                                             1955


SUNRISE AND SUNSET
MARCH 25 2017.........SUNRISE   726 AM CDT   SUNSET   748 PM CDT
MARCH 26 2017.........SUNRISE   724 AM CDT   SUNSET   749 PM CDT


-  INDICATES NEGATIVE NUMBERS.
R  INDICATES RECORD WAS SET OR TIED.
MM INDICATES DATA IS MISSING.
T  INDICATES TRACE AMOUNT.




$$
