000
CDUS43 KTOP 272132
CLICNK


CLIMATE REPORT
NATIONAL WEATHER SERVICE TOPEKA KS
431 PM CDT MON OCT 27 2014


...................................

...THE CONCORDIA KS CLIMATE SUMMARY FOR OCTOBER 27 2014...
VALID TODAY AS OF 0400 PM LOCAL TIME.

CLIMATE NORMAL PERIOD 1981 TO 2010
CLIMATE RECORD PERIOD 1885 TO 2014


WEATHER ITEM   OBSERVED TIME   RECORD YEAR NORMAL DEPARTURE LAST
                VALUE   (LST)  VALUE       VALUE  FROM      YEAR
                                                  NORMAL
..................................................................
TEMPERATURE (F)
 TODAY
  MAXIMUM         73    247 PM  89    1922  63     10       73
  MINIMUM         52    545 AM  20    1913  40     12       35
  AVERAGE         63                        51     12       54

PRECIPITATION (IN)
  TODAY            0.00          1.26 1980   0.05  -0.05     0.00
  MONTH TO DATE    2.44                      1.73   0.71     0.75
  SINCE SEP 1      5.69                      4.64   1.05     1.88
  SINCE JAN 1     26.35                     25.74   0.61    25.45

SNOWFALL (IN)
  TODAY            0.0           0.4  1976   0.0    0.0      0.0
  MONTH TO DATE    0.0                       0.1   -0.1      0.0
  SINCE JAN 1     16.9                      13.8    3.1     20.3
  SINCE JUL 1      0.0                       0.1   -0.1      0.0
  SNOW DEPTH       0

DEGREE DAYS
 HEATING
  TODAY            2                        14    -12       11
  MONTH TO DATE  178                       259    -81      264
  SINCE SEP 1    260                       329    -69      278
  SINCE JUL 1    262                       332    -70      285

 COOLING
  TODAY            0                         0      0        0
  MONTH TO DATE   24                        20      4       32
  SINCE SEP 1    159                       180    -21      274
  SINCE JAN 1   1368                      1346     22     1359
..................................................................


WIND (MPH)
  HIGHEST WIND SPEED    26   HIGHEST WIND DIRECTION     N (350)
  HIGHEST GUST SPEED    35   HIGHEST GUST DIRECTION     N (350)
  AVERAGE WIND SPEED    10.3



WEATHER CONDITIONS
 THE FOLLOWING WEATHER WAS RECORDED TODAY.
  NO SIGNIFICANT WEATHER WAS OBSERVED.


RELATIVE HUMIDITY (PERCENT)
 HIGHEST    93           300 AM
 LOWEST     35           300 PM
 AVERAGE    64

..........................................................


THE CONCORDIA KS CLIMATE NORMALS FOR TOMORROW
                         NORMAL    RECORD    YEAR
 MAXIMUM TEMPERATURE (F)   62        85      1922
 MINIMUM TEMPERATURE (F)   40        15      1925


SUNRISE AND SUNSET
OCTOBER 27 2014.......SUNRISE   753 AM CDT   SUNSET   635 PM CDT
OCTOBER 28 2014.......SUNRISE   754 AM CDT   SUNSET   634 PM CDT


-  INDICATES NEGATIVE NUMBERS.
R  INDICATES RECORD WAS SET OR TIED.
MM INDICATES DATA IS MISSING.
T  INDICATES TRACE AMOUNT.




$$
