000
CDUS43 KTOP 190636
CLICNK


CLIMATE REPORT
NATIONAL WEATHER SERVICE TOPEKA KS
1234 AM CST WED NOV 19 2014


...................................

...THE CONCORDIA KS CLIMATE SUMMARY FOR NOVEMBER 18 2014...

CLIMATE NORMAL PERIOD 1981 TO 2010
CLIMATE RECORD PERIOD 1885 TO 2014


WEATHER ITEM   OBSERVED TIME   RECORD YEAR NORMAL DEPARTURE LAST
                VALUE   (LST)  VALUE       VALUE  FROM      YEAR
                                                  NORMAL
..................................................................
TEMPERATURE (F)
 YESTERDAY
  MAXIMUM         48    411 PM  77    1908  51     -3       58
  MINIMUM          8    603 AM   5    1886  30    -22       29
  AVERAGE         28                        40    -12       44

PRECIPITATION (IN)
  YESTERDAY        0.00          0.25 2004   0.03  -0.03     0.00
  MONTH TO DATE    0.08                      0.73  -0.65     1.09
  SINCE SEP 1      5.77                      5.56   0.21     3.02
  SINCE JAN 1     26.43                     26.66  -0.23    26.59

SNOWFALL (IN)
  YESTERDAY        0.0           2.2  1961   0.1   -0.1      0.0
  MONTH TO DATE    1.1                       1.1    0.0      0.0
  SINCE JAN 1     18.0                      15.0    3.0     20.3
  SINCE JUL 1      1.1                       1.3   -0.2      0.0
  SNOW DEPTH       T

DEGREE DAYS
 HEATING
  YESTERDAY       37                        25     12       21
  MONTH TO DATE  499                       363    136      333
  SINCE SEP 1    828                       751     77      670
  SINCE JUL 1    830                       754     76      677

 COOLING
  YESTERDAY        0                         0      0        0
  MONTH TO DATE    0                         0      0        0
  SINCE SEP 1    159                       182    -23      274
  SINCE JAN 1   1368                      1348     20     1359
..................................................................


WIND (MPH)
  HIGHEST WIND SPEED    17   HIGHEST WIND DIRECTION    SW (210)
  HIGHEST GUST SPEED    22   HIGHEST GUST DIRECTION     S (190)
  AVERAGE WIND SPEED    10.5


SKY COVER
  AVERAGE SKY COVER 0.0


WEATHER CONDITIONS
 THE FOLLOWING WEATHER WAS RECORDED YESTERDAY.
  NO SIGNIFICANT WEATHER WAS OBSERVED.


RELATIVE HUMIDITY (PERCENT)
 HIGHEST    80           500 AM
 LOWEST     21           300 PM
 AVERAGE    51

..........................................................


THE CONCORDIA KS CLIMATE NORMALS FOR TODAY
                         NORMAL    RECORD    YEAR
 MAXIMUM TEMPERATURE (F)   50        78      1942
 MINIMUM TEMPERATURE (F)   29         7      1914


SUNRISE AND SUNSET
NOVEMBER 19 2014......SUNRISE   719 AM CST   SUNSET   512 PM CST
NOVEMBER 20 2014......SUNRISE   720 AM CST   SUNSET   512 PM CST


-  INDICATES NEGATIVE NUMBERS.
R  INDICATES RECORD WAS SET OR TIED.
MM INDICATES DATA IS MISSING.
T  INDICATES TRACE AMOUNT.




$$
