000
CDUS43 KTOP 260631
CLICNK


CLIMATE REPORT
NATIONAL WEATHER SERVICE TOPEKA KS
131 AM CDT THU MAR 26 2015


...................................

...THE CONCORDIA KS CLIMATE SUMMARY FOR MARCH 25 2015...

CLIMATE NORMAL PERIOD 1981 TO 2010
CLIMATE RECORD PERIOD 1885 TO 2015


WEATHER ITEM   OBSERVED TIME   RECORD YEAR NORMAL DEPARTURE LAST
                VALUE   (LST)  VALUE       VALUE  FROM      YEAR
                                                  NORMAL
..................................................................
TEMPERATURE (F)
 YESTERDAY
  MAXIMUM         51    105 PM  92    1907  58     -7       44
  MINIMUM         34    318 AM   8    1996  34      0       25
                                      1955
  AVERAGE         43                        46     -3       35

PRECIPITATION (IN)
  YESTERDAY        0.02          1.42 1891   0.08  -0.06     0.00
  MONTH TO DATE    0.10                      1.52  -1.42     0.22
  SINCE MAR 1      0.10                      1.52  -1.42     0.22
  SINCE JAN 1      1.62                      2.89  -1.27     1.41

SNOWFALL (IN)
  YESTERDAY        0.0           2.2  1971   0.1   -0.1      0.0
  MONTH TO DATE    0.0                       2.2   -2.2      2.2
  SINCE JAN 1      5.6                      12.6   -7.0     16.9
  SINCE JUL 1     11.7                      19.1   -7.4     23.2
  SNOW DEPTH       0

DEGREE DAYS
 HEATING
  YESTERDAY       22                        19      3       30
  MONTH TO DATE  462                       577   -115      693
  SINCE MAR 1    462                       577   -115      693
  SINCE JUL 1   4669                      4784   -115     5175

 COOLING
  YESTERDAY        0                         0      0        0
  MONTH TO DATE    4                         0      4        0
  SINCE MAR 1      4                         0      4        0
  SINCE JAN 1      4                         0      4        0
..................................................................


WIND (MPH)
  HIGHEST WIND SPEED    28   HIGHEST WIND DIRECTION     N (20)
  HIGHEST GUST SPEED    35   HIGHEST GUST DIRECTION    NE (30)
  AVERAGE WIND SPEED    10.3


SKY COVER
  AVERAGE SKY COVER 0.7


WEATHER CONDITIONS
 THE FOLLOWING WEATHER WAS RECORDED YESTERDAY.
  LIGHT RAIN
  FOG
  FOG W/VISIBILITY <= 1/4 MILE


RELATIVE HUMIDITY (PERCENT)
 HIGHEST   100          1200 AM
 LOWEST     61           100 PM
 AVERAGE    81

..........................................................


THE CONCORDIA KS CLIMATE NORMALS FOR TODAY
                         NORMAL    RECORD    YEAR
 MAXIMUM TEMPERATURE (F)   59        86      1907
 MINIMUM TEMPERATURE (F)   35         6      1955


SUNRISE AND SUNSET
MARCH 26 2015.........SUNRISE   725 AM CDT   SUNSET   748 PM CDT
MARCH 27 2015.........SUNRISE   723 AM CDT   SUNSET   749 PM CDT


-  INDICATES NEGATIVE NUMBERS.
R  INDICATES RECORD WAS SET OR TIED.
MM INDICATES DATA IS MISSING.
T  INDICATES TRACE AMOUNT.




$$
