243
CDUS43 KTOP 100643
CLICNK


CLIMATE REPORT
NATIONAL WEATHER SERVICE TOPEKA KS
1241 AM CST WED FEB 10 2016


...................................

...THE CONCORDIA KS CLIMATE SUMMARY FOR FEBRUARY 9 2016...

CLIMATE NORMAL PERIOD 1981 TO 2010
CLIMATE RECORD PERIOD 1885 TO 2016


WEATHER ITEM   OBSERVED TIME   RECORD YEAR NORMAL DEPARTURE LAST
                VALUE   (LST)  VALUE       VALUE  FROM      YEAR
                                                  NORMAL
..................................................................
TEMPERATURE (F)
 YESTERDAY
  MAXIMUM         31    313 PM  70    1996  41    -10       39
                                      1976
  MINIMUM         21   1116 PM -15    1899  21      0       31
  AVERAGE         26                        31     -5       35

PRECIPITATION (IN)
  YESTERDAY        0.00          0.46 1965   0.03  -0.03     0.00
  MONTH TO DATE    0.49                      0.23   0.26     0.17
  SINCE DEC 1      4.18                      1.66   2.52     2.08
  SINCE JAN 1      1.54                      0.81   0.73     1.34

SNOWFALL (IN)
  YESTERDAY        0.0           8.0  2001   0.2   -0.2      0.0
  MONTH TO DATE    4.7                       1.9    2.8      0.9
  SINCE JAN 1     12.3                       7.6    4.7      3.2
  SINCE JUL 1     13.6                      14.1   -0.5      9.3
  SNOW DEPTH       0

DEGREE DAYS
 HEATING
  YESTERDAY       39                        34      5       30
  MONTH TO DATE  300                       312    -12      282
  SINCE DEC 1   2264                      2524   -260     2284
  SINCE JUL 1   3032                      3616   -584     3447

 COOLING
  YESTERDAY        0                         0      0        0
  MONTH TO DATE    0                         0      0        0
  SINCE DEC 1      0                         0      0        0
  SINCE JAN 1      0                         0      0        0
..................................................................


WIND (MPH)
  HIGHEST WIND SPEED    28   HIGHEST WIND DIRECTION     N (340)
  HIGHEST GUST SPEED    35   HIGHEST GUST DIRECTION    NW (330)
  AVERAGE WIND SPEED    12.7


SKY COVER
  AVERAGE SKY COVER 0.2


WEATHER CONDITIONS
 THE FOLLOWING WEATHER WAS RECORDED YESTERDAY.
  NO SIGNIFICANT WEATHER WAS OBSERVED.


RELATIVE HUMIDITY (PERCENT)
 HIGHEST    74           600 AM
 LOWEST     39           100 PM
 AVERAGE    57

..........................................................


THE CONCORDIA KS CLIMATE NORMALS FOR TODAY
                         NORMAL    RECORD    YEAR
 MAXIMUM TEMPERATURE (F)   42        77      1999
 MINIMUM TEMPERATURE (F)   21       -13      1899


SUNRISE AND SUNSET
FEBRUARY 10 2016......SUNRISE   729 AM CST   SUNSET   601 PM CST
FEBRUARY 11 2016......SUNRISE   728 AM CST   SUNSET   602 PM CST


-  INDICATES NEGATIVE NUMBERS.
R  INDICATES RECORD WAS SET OR TIED.
MM INDICATES DATA IS MISSING.
T  INDICATES TRACE AMOUNT.




$$
