000
CDUS43 KTOP 062234
CLICNK


CLIMATE REPORT
NATIONAL WEATHER SERVICE TOPEKA KS
434 PM CST TUE DEC 6 2016


...................................

...THE CONCORDIA KS CLIMATE SUMMARY FOR DECEMBER 6 2016...
VALID TODAY AS OF 0400 PM LOCAL TIME.

CLIMATE NORMAL PERIOD 1981 TO 2010
CLIMATE RECORD PERIOD 1885 TO 2016


WEATHER ITEM   OBSERVED TIME   RECORD YEAR NORMAL DEPARTURE LAST
                VALUE   (LST)  VALUE       VALUE  FROM      YEAR
                                                  NORMAL
..................................................................
TEMPERATURE (F)
 TODAY
  MAXIMUM         38    332 PM  76    1939  42     -4       56
  MINIMUM         23    817 AM  -4    1950  22      1       34
  AVERAGE         31                        32     -1       45

PRECIPITATION (IN)
  TODAY            0.00          0.98 1994   0.03  -0.03     0.00
  MONTH TO DATE    0.45                      0.20   0.25      T
  SINCE DEC 1      0.45                      0.20   0.25      T
  SINCE JAN 1     29.54                     27.24   2.30    26.71

SNOWFALL (IN)
  TODAY            0.0           2.0  2009   0.1   -0.1      0.0
                                      1969
  MONTH TO DATE    T                         0.7   -0.7       T
  SINCE JAN 1     12.3                      17.1   -4.8      6.9
  SINCE JUL 1      T                         3.4   -3.4      1.3
  SNOW DEPTH       0

DEGREE DAYS
 HEATING
  TODAY           34                        33      1       20
  MONTH TO DATE  179                       193    -14      149
  SINCE DEC 1    179                       193    -14      149
  SINCE JUL 1    876                      1285   -409      917

 COOLING
  TODAY            0                         0      0        0
  MONTH TO DATE    0                         0      0        0
  SINCE DEC 1      0                         0      0        0
  SINCE JAN 1   1540                      1349    191     1375
..................................................................


WIND (MPH)
  HIGHEST WIND SPEED    24   HIGHEST WIND DIRECTION     N (350)
  HIGHEST GUST SPEED    30   HIGHEST GUST DIRECTION     N (340)
  AVERAGE WIND SPEED    10.9



WEATHER CONDITIONS
 THE FOLLOWING WEATHER WAS RECORDED TODAY.
  NO SIGNIFICANT WEATHER WAS OBSERVED.


RELATIVE HUMIDITY (PERCENT)
 HIGHEST    75           500 AM
 LOWEST     29           400 PM
 AVERAGE    52

..........................................................


THE CONCORDIA KS CLIMATE NORMALS FOR TOMORROW
                         NORMAL    RECORD    YEAR
 MAXIMUM TEMPERATURE (F)   41        69      1894
 MINIMUM TEMPERATURE (F)   22        -5      1909


SUNRISE AND SUNSET
DECEMBER  6 2016......SUNRISE   737 AM CST   SUNSET   506 PM CST
DECEMBER  7 2016......SUNRISE   738 AM CST   SUNSET   506 PM CST


-  INDICATES NEGATIVE NUMBERS.
R  INDICATES RECORD WAS SET OR TIED.
MM INDICATES DATA IS MISSING.
T  INDICATES TRACE AMOUNT.




$$
