000
CDUS43 KTOP 210632
CLICNK


CLIMATE REPORT
NATIONAL WEATHER SERVICE TOPEKA KS
131 AM CDT MON JUL 21 2014


...................................

...THE CONCORDIA KS CLIMATE SUMMARY FOR JULY 20 2014...

CLIMATE NORMAL PERIOD 1981 TO 2010
CLIMATE RECORD PERIOD 1885 TO 2014


WEATHER ITEM   OBSERVED TIME   RECORD YEAR NORMAL DEPARTURE LAST
                VALUE   (LST)  VALUE       VALUE  FROM      YEAR
                                                  NORMAL
..................................................................
TEMPERATURE (F)
 YESTERDAY
  MAXIMUM         94    425 PM 108    1934  91      3       84
  MINIMUM         66    551 AM  55    1971  68     -2       66
                                      1903
  AVERAGE         80                        79      1       75

PRECIPITATION (IN)
  YESTERDAY        0.00          2.39 1927   0.11  -0.11     0.29
  MONTH TO DATE    0.91                      2.71  -1.80     1.12
  SINCE JUN 1      7.61                      6.76   0.85     2.40
  SINCE JAN 1     13.44                     16.75  -3.31    13.79

SNOWFALL (IN)
  YESTERDAY        0.0           0.0    MM   0.0    0.0      0.0
  MONTH TO DATE    0.0                       0.0    0.0      0.0
  SINCE JAN 1     16.9                      13.7    3.2     20.3
  SINCE JUL 1      0.0                       0.0    0.0      0.0
  SNOW DEPTH       0

DEGREE DAYS
 HEATING
  YESTERDAY        0                         0      0        0
  MONTH TO DATE    2                         0      2        0
  SINCE JUN 1      3                        13    -10       15
  SINCE JUL 1      2                         0      2        0

 COOLING
  YESTERDAY       15                        14      1       10
  MONTH TO DATE  204                       276    -72      283
  SINCE JUN 1    491                       541    -50      579
  SINCE JAN 1    666                       630     36      682
..................................................................


WIND (MPH)
  HIGHEST WIND SPEED    24   HIGHEST WIND DIRECTION     S (180)
  HIGHEST GUST SPEED    32   HIGHEST GUST DIRECTION     S (180)
  AVERAGE WIND SPEED    15.7


SKY COVER
  AVERAGE SKY COVER 0.0


WEATHER CONDITIONS
 THE FOLLOWING WEATHER WAS RECORDED YESTERDAY.
  NO SIGNIFICANT WEATHER WAS OBSERVED.


RELATIVE HUMIDITY (PERCENT)
 HIGHEST    87           100 AM
 LOWEST     49           300 PM
 AVERAGE    68

..........................................................


THE CONCORDIA KS CLIMATE NORMALS FOR TODAY
                         NORMAL    RECORD    YEAR
 MAXIMUM TEMPERATURE (F)   91       107      1974
 MINIMUM TEMPERATURE (F)   68        50      1970


SUNRISE AND SUNSET
JULY 21 2014..........SUNRISE   620 AM CDT   SUNSET   853 PM CDT
JULY 22 2014..........SUNRISE   621 AM CDT   SUNSET   852 PM CDT


-  INDICATES NEGATIVE NUMBERS.
R  INDICATES RECORD WAS SET OR TIED.
MM INDICATES DATA IS MISSING.
T  INDICATES TRACE AMOUNT.




$$
