000
CDUS43 KTOP 230637
CLICNK


CLIMATE REPORT
NATIONAL WEATHER SERVICE TOPEKA KS
1235 AM CST TUE DEC 23 2014


...................................

...THE CONCORDIA KS CLIMATE SUMMARY FOR DECEMBER 22 2014...

CLIMATE NORMAL PERIOD 1981 TO 2010
CLIMATE RECORD PERIOD 1885 TO 2014


WEATHER ITEM   OBSERVED TIME   RECORD YEAR NORMAL DEPARTURE LAST
                VALUE   (LST)  VALUE       VALUE  FROM      YEAR
                                                  NORMAL
..................................................................
TEMPERATURE (F)
 YESTERDAY
  MAXIMUM         51    317 PM  69    1933  38     13       27
  MINIMUM         38    752 PM -26    1989  19     19       10
  AVERAGE         45                        29     16       19

PRECIPITATION (IN)
  YESTERDAY        0.03          0.77 1941   0.02   0.01     0.01
  MONTH TO DATE    0.63                      0.66  -0.03     0.51
  SINCE DEC 1      0.63                      0.66  -0.03     0.51
  SINCE JAN 1     27.09                     27.70  -0.61    27.16

SNOWFALL (IN)
  YESTERDAY        0.0           2.6  1966   0.1   -0.1      0.2
  MONTH TO DATE    5.0                       2.6    2.4      5.8
  SINCE JAN 1     23.0                      19.0    4.0     26.1
  SINCE JUL 1      6.1                       5.3    0.8      5.8
  SNOW DEPTH       0

DEGREE DAYS
 HEATING
  YESTERDAY       20                        36    -16       46
  MONTH TO DATE  629                       755   -126      848
  SINCE DEC 1    629                       755   -126      848
  SINCE JUL 1   1792                      1847    -55     1904

 COOLING
  YESTERDAY        0                         0      0        0
  MONTH TO DATE    0                         0      0        0
  SINCE DEC 1      0                         0      0        0
  SINCE JAN 1   1368                      1349     19     1359
..................................................................


WIND (MPH)
  HIGHEST WIND SPEED    24   HIGHEST WIND DIRECTION    NW (320)
  HIGHEST GUST SPEED    36   HIGHEST GUST DIRECTION    NW (310)
  AVERAGE WIND SPEED    12.0


SKY COVER
  AVERAGE SKY COVER 0.8


WEATHER CONDITIONS
 THE FOLLOWING WEATHER WAS RECORDED YESTERDAY.
  LIGHT RAIN
  FOG


RELATIVE HUMIDITY (PERCENT)
 HIGHEST   100           200 AM
 LOWEST     56           300 PM
 AVERAGE    78

..........................................................


THE CONCORDIA KS CLIMATE NORMALS FOR TODAY
                         NORMAL    RECORD    YEAR
 MAXIMUM TEMPERATURE (F)   38        82      1964
 MINIMUM TEMPERATURE (F)   19       -17      1989


SUNRISE AND SUNSET
DECEMBER 23 2014......SUNRISE   748 AM CST   SUNSET   511 PM CST
DECEMBER 24 2014......SUNRISE   749 AM CST   SUNSET   512 PM CST


-  INDICATES NEGATIVE NUMBERS.
R  INDICATES RECORD WAS SET OR TIED.
MM INDICATES DATA IS MISSING.
T  INDICATES TRACE AMOUNT.




$$
