998
CDUS43 KTOP 230652
CLICNK


CLIMATE REPORT
NATIONAL WEATHER SERVICE TOPEKA KS
152 AM CDT SUN APR 23 2017


...................................

...THE CONCORDIA KS CLIMATE SUMMARY FOR APRIL 22 2017...

CLIMATE NORMAL PERIOD 1981 TO 2010
CLIMATE RECORD PERIOD 1885 TO 2017


WEATHER ITEM   OBSERVED TIME   RECORD YEAR NORMAL DEPARTURE LAST
                VALUE   (LST)  VALUE       VALUE  FROM      YEAR
                                                  NORMAL
..................................................................
TEMPERATURE (F)
 YESTERDAY
  MAXIMUM         64    426 PM  97    1989  67     -3       72
  MINIMUM         44    608 AM  30    1992  44      0       44
  AVERAGE         54                        55     -1       58

PRECIPITATION (IN)
  YESTERDAY        T             1.33 2010   0.09  -0.09     0.00
  MONTH TO DATE    2.95                      1.70   1.25     1.18
  SINCE MAR 1      6.14                      3.71   2.43     1.63
  SINCE JAN 1      7.99                      5.08   2.91     3.19

SNOWFALL (IN)
  YESTERDAY        0.0           T    1968   0.0    0.0      0.0
  MONTH TO DATE    0.0                       0.5   -0.5      0.0
  SINCE JAN 1      2.1                      13.7  -11.6     12.3
  SINCE JUL 1      4.3                      20.2  -15.9     13.6
  SNOW DEPTH       0

DEGREE DAYS
 HEATING
  YESTERDAY       11                        11      0        7
  MONTH TO DATE  208                       300    -92      200
  SINCE MAR 1    777                       984   -207      688
  SINCE JUL 1   4278                      5191   -913     4159

 COOLING
  YESTERDAY        0                         1     -1        0
  MONTH TO DATE   15                         7      8        1
  SINCE MAR 1     19                         8     11        4
  SINCE JAN 1     19                         8     11        4
..................................................................


WIND (MPH)
  HIGHEST WIND SPEED    17   HIGHEST WIND DIRECTION     N (20)
  HIGHEST GUST SPEED    23   HIGHEST GUST DIRECTION    NE (30)
  AVERAGE WIND SPEED     7.7


SKY COVER
  AVERAGE SKY COVER 0.2


WEATHER CONDITIONS
 THE FOLLOWING WEATHER WAS RECORDED YESTERDAY.
  LIGHT RAIN


RELATIVE HUMIDITY (PERCENT)
 HIGHEST    86          1200 AM
 LOWEST     34           400 PM
 AVERAGE    60

..........................................................


THE CONCORDIA KS CLIMATE NORMALS FOR TODAY
                         NORMAL    RECORD    YEAR
 MAXIMUM TEMPERATURE (F)   67        95      1989
 MINIMUM TEMPERATURE (F)   44        29      2013
                                             1967


SUNRISE AND SUNSET
APRIL 23 2017.........SUNRISE   642 AM CDT   SUNSET   817 PM CDT
APRIL 24 2017.........SUNRISE   640 AM CDT   SUNSET   818 PM CDT


-  INDICATES NEGATIVE NUMBERS.
R  INDICATES RECORD WAS SET OR TIED.
MM INDICATES DATA IS MISSING.
T  INDICATES TRACE AMOUNT.




$$
