000
CDUS43 KTOP 250632
CLICNK


CLIMATE REPORT
NATIONAL WEATHER SERVICE TOPEKA KS
131 AM CDT SUN SEP 25 2016


...................................

...THE CONCORDIA KS CLIMATE SUMMARY FOR SEPTEMBER 24 2016...

CLIMATE NORMAL PERIOD 1981 TO 2010
CLIMATE RECORD PERIOD 1885 TO 2016


WEATHER ITEM   OBSERVED TIME   RECORD YEAR NORMAL DEPARTURE LAST
                VALUE   (LST)  VALUE       VALUE  FROM      YEAR
                                                  NORMAL
..................................................................
TEMPERATURE (F)
 YESTERDAY
  MAXIMUM         78    937 AM  95    1920  76      2       85
  MINIMUM         68   1159 PM  34    1965  52     16       66
  AVERAGE         73                        64      9       76

PRECIPITATION (IN)
  YESTERDAY        0.27          1.47 1931   0.09   0.18     0.04
  MONTH TO DATE    2.00                      2.36  -0.36     1.02
  SINCE SEP 1      2.00                      2.36  -0.36     1.02
  SINCE JAN 1     27.52                     23.46   4.06    22.98

SNOWFALL (IN)
  YESTERDAY        0.0           T    1951   0.0    0.0      0.0
  MONTH TO DATE    0.0                       0.0    0.0      0.0
  SINCE JAN 1     12.3                      13.7   -1.4      5.6
  SINCE JUL 1      0.0                       0.0    0.0      0.0
  SNOW DEPTH       0

DEGREE DAYS
 HEATING
  YESTERDAY        0                         4     -4        0
  MONTH TO DATE   13                        42    -29        8
  SINCE SEP 1     13                        42    -29        8
  SINCE JUL 1     14                        45    -31       10

 COOLING
  YESTERDAY        8                         3      5       11
  MONTH TO DATE  216                       144     72      275
  SINCE SEP 1    216                       144     72      275
  SINCE JAN 1   1498                      1310    188     1314
..................................................................


WIND (MPH)
  HIGHEST WIND SPEED    20   HIGHEST WIND DIRECTION     S (190)
  HIGHEST GUST SPEED    26   HIGHEST GUST DIRECTION     S (190)
  AVERAGE WIND SPEED     9.4


SKY COVER
  AVERAGE SKY COVER 0.4


WEATHER CONDITIONS
 THE FOLLOWING WEATHER WAS RECORDED YESTERDAY.
  THUNDERSTORM
  HEAVY RAIN
  RAIN
  LIGHT RAIN
  FOG


RELATIVE HUMIDITY (PERCENT)
 HIGHEST   100           100 PM
 LOWEST     73          1200 AM
 AVERAGE    87

..........................................................


THE CONCORDIA KS CLIMATE NORMALS FOR TODAY
                         NORMAL    RECORD    YEAR
 MAXIMUM TEMPERATURE (F)   76        94      1998
 MINIMUM TEMPERATURE (F)   52        33      1926


SUNRISE AND SUNSET
SEPTEMBER 25 2016.....SUNRISE   722 AM CDT   SUNSET   722 PM CDT
SEPTEMBER 26 2016.....SUNRISE   722 AM CDT   SUNSET   720 PM CDT


-  INDICATES NEGATIVE NUMBERS.
R  INDICATES RECORD WAS SET OR TIED.
MM INDICATES DATA IS MISSING.
T  INDICATES TRACE AMOUNT.




$$
