000
CDUS43 KTOP 280635
CLICNK


CLIMATE REPORT
NATIONAL WEATHER SERVICE TOPEKA KS
1234 AM CST WED JAN 28 2015


...................................

...THE CONCORDIA KS CLIMATE SUMMARY FOR JANUARY 27 2015...

CLIMATE NORMAL PERIOD 1981 TO 2010
CLIMATE RECORD PERIOD 1885 TO 2015


WEATHER ITEM   OBSERVED TIME   RECORD YEAR NORMAL DEPARTURE LAST
                VALUE   (LST)  VALUE       VALUE  FROM      YEAR
                                                  NORMAL
..................................................................
TEMPERATURE (F)
 YESTERDAY
  MAXIMUM         69R   409 PM  68    1934  39     30       16
  MINIMUM         30    759 AM -14    1902  19     11        3
  AVERAGE         50                        29     21       10

PRECIPITATION (IN)
  YESTERDAY        0.00          0.45 1995   0.03  -0.03     0.00
  MONTH TO DATE    0.11                      0.48  -0.37     0.21
  SINCE DEC 1      0.85                      1.33  -0.48     0.75
  SINCE JAN 1      0.11                      0.48  -0.37     0.21

SNOWFALL (IN)
  YESTERDAY        0.0           3.0  1949   0.2   -0.2      0.0
  MONTH TO DATE    1.3                       4.9   -3.6      2.0
  SINCE JAN 1      1.3                       4.9   -3.6      2.0
  SINCE JUL 1      7.4                      11.4   -4.0      8.3
  SNOW DEPTH       0

DEGREE DAYS
 HEATING
  YESTERDAY       15                        36    -21       55
  MONTH TO DATE  922                       986    -64     1016
  SINCE DEC 1   1897                      2071   -174     2187
  SINCE JUL 1   3060                      3163   -103     3243

 COOLING
  YESTERDAY        0                         0      0        0
  MONTH TO DATE    0                         0      0        0
  SINCE DEC 1      0                         0      0        0
  SINCE JAN 1      0                         0      0        0
..................................................................


WIND (MPH)
  HIGHEST WIND SPEED    18   HIGHEST WIND DIRECTION     S (160)
  HIGHEST GUST SPEED    23   HIGHEST GUST DIRECTION    SE (150)
  AVERAGE WIND SPEED     7.6


SKY COVER
  AVERAGE SKY COVER 0.0


WEATHER CONDITIONS
 THE FOLLOWING WEATHER WAS RECORDED YESTERDAY.
  NO SIGNIFICANT WEATHER WAS OBSERVED.


RELATIVE HUMIDITY (PERCENT)
 HIGHEST    89           500 AM
 LOWEST     28           400 PM
 AVERAGE    59

..........................................................


THE CONCORDIA KS CLIMATE NORMALS FOR TODAY
                         NORMAL    RECORD    YEAR
 MAXIMUM TEMPERATURE (F)   39        71      2008
 MINIMUM TEMPERATURE (F)   19        -9      1915


SUNRISE AND SUNSET
JANUARY 28 2015.......SUNRISE   742 AM CST   SUNSET   546 PM CST
JANUARY 29 2015.......SUNRISE   741 AM CST   SUNSET   547 PM CST


-  INDICATES NEGATIVE NUMBERS.
R  INDICATES RECORD WAS SET OR TIED.
MM INDICATES DATA IS MISSING.
T  INDICATES TRACE AMOUNT.




$$
