000
CDUS43 KTOP 232140
CLICNK


CLIMATE REPORT
NATIONAL WEATHER SERVICE TOPEKA KS
439 PM CDT TUE AUG 23 2016


...................................

...THE CONCORDIA KS CLIMATE SUMMARY FOR AUGUST 23 2016...
VALID TODAY AS OF 0400 PM LOCAL TIME.

CLIMATE NORMAL PERIOD 1981 TO 2010
CLIMATE RECORD PERIOD 1885 TO 2016


WEATHER ITEM   OBSERVED TIME   RECORD YEAR NORMAL DEPARTURE LAST
                VALUE   (LST)  VALUE       VALUE  FROM      YEAR
                                                  NORMAL
..................................................................
TEMPERATURE (F)
 TODAY
  MAXIMUM         93    243 PM 105    1936  88      5       74
  MINIMUM         69    517 AM  41    1891  65      4       54
  AVERAGE         81                        76      5       64

PRECIPITATION (IN)
  TODAY            0.00          2.46 1941   0.10  -0.10     0.00
  MONTH TO DATE    2.45                      2.38   0.07     3.76
  SINCE JUN 1      9.79                     10.35  -0.56    13.44
  SINCE JAN 1     21.96                     20.34   1.62    21.52

SNOWFALL (IN)
  TODAY            0.0           T    1941   0.0    0.0      0.0
  MONTH TO DATE    0.0                       0.0    0.0      0.0
  SINCE JAN 1     12.3                      13.7   -1.4      5.6
  SINCE JUL 1      0.0                       0.0    0.0      0.0
  SNOW DEPTH       0

DEGREE DAYS
 HEATING
  TODAY            0                         0      0        1
  MONTH TO DATE    0                         0      0        2
  SINCE JUN 1      1                        13    -12        4
  SINCE JUL 1      1                         0      1        2

 COOLING
  TODAY           16                        11      5        0
  MONTH TO DATE  291                       294     -3      233
  SINCE JUN 1   1158                       995    163      938
  SINCE JAN 1   1218                      1084    134      993
..................................................................


WIND (MPH)
  HIGHEST WIND SPEED    28   HIGHEST WIND DIRECTION     S (190)
  HIGHEST GUST SPEED    37   HIGHEST GUST DIRECTION     S (180)
  AVERAGE WIND SPEED    18.7



WEATHER CONDITIONS
 THE FOLLOWING WEATHER WAS RECORDED TODAY.
  NO SIGNIFICANT WEATHER WAS OBSERVED.


RELATIVE HUMIDITY (PERCENT)
 HIGHEST    97           600 AM
 LOWEST     49           300 PM
 AVERAGE    73

..........................................................


THE CONCORDIA KS CLIMATE NORMALS FOR TOMORROW
                         NORMAL    RECORD    YEAR
 MAXIMUM TEMPERATURE (F)   88       107      1936
                                             1922
 MINIMUM TEMPERATURE (F)   64        46      1891


SUNRISE AND SUNSET
AUGUST 23 2016........SUNRISE   651 AM CDT   SUNSET   814 PM CDT
AUGUST 24 2016........SUNRISE   652 AM CDT   SUNSET   813 PM CDT


-  INDICATES NEGATIVE NUMBERS.
R  INDICATES RECORD WAS SET OR TIED.
MM INDICATES DATA IS MISSING.
T  INDICATES TRACE AMOUNT.




$$
