000
CDUS43 KTOP 020633
CLICNK


CLIMATE REPORT
NATIONAL WEATHER SERVICE TOPEKA KS
1232 AM CST MON MAR 2 2015


...................................

...THE CONCORDIA KS CLIMATE SUMMARY FOR MARCH 1 2015...

CLIMATE NORMAL PERIOD 1981 TO 2010
CLIMATE RECORD PERIOD 1885 TO 2015


WEATHER ITEM   OBSERVED TIME   RECORD YEAR NORMAL DEPARTURE LAST
                VALUE   (LST)  VALUE       VALUE  FROM      YEAR
                                                  NORMAL
..................................................................
TEMPERATURE (F)
 YESTERDAY
  MAXIMUM         37    342 PM  82    1967  49    -12       22
  MINIMUM         15    732 AM  -2    1980  27    -12        2
  AVERAGE         26                        38    -12       12

PRECIPITATION (IN)
  YESTERDAY        0.00          0.89 1948   0.04  -0.04     0.02
  MONTH TO DATE    0.00                      0.04  -0.04     0.02
  SINCE MAR 1      0.00                      0.04  -0.04     0.02
  SINCE JAN 1      1.52                      1.41   0.11     1.21

SNOWFALL (IN)
  YESTERDAY        0.0           3.9  1953   0.1   -0.1      0.6
  MONTH TO DATE    0.0                       0.1   -0.1      0.6
  SINCE JAN 1      5.6                      10.5   -4.9     15.3
  SINCE JUL 1     11.7                      17.0   -5.3     21.6
  SNOW DEPTH       0

DEGREE DAYS
 HEATING
  YESTERDAY       39                        27     12       53
  MONTH TO DATE   39                        27     12       53
  SINCE MAR 1     39                        27     12       53
  SINCE JUL 1   4246                      4234     12     4535

 COOLING
  YESTERDAY        0                         0      0        0
  MONTH TO DATE    0                         0      0        0
  SINCE MAR 1      0                         0      0        0
  SINCE JAN 1      0                         0      0        0
..................................................................


WIND (MPH)
  HIGHEST WIND SPEED    10   HIGHEST WIND DIRECTION     W (280)
  HIGHEST GUST SPEED    12   HIGHEST GUST DIRECTION    NW (310)
  AVERAGE WIND SPEED     4.1


SKY COVER
  AVERAGE SKY COVER 0.4


WEATHER CONDITIONS
 THE FOLLOWING WEATHER WAS RECORDED YESTERDAY.
  FOG


RELATIVE HUMIDITY (PERCENT)
 HIGHEST    92           600 AM
 LOWEST     52           300 PM
 AVERAGE    72

..........................................................


THE CONCORDIA KS CLIMATE NORMALS FOR TODAY
                         NORMAL    RECORD    YEAR
 MAXIMUM TEMPERATURE (F)   49        81      1904
 MINIMUM TEMPERATURE (F)   27        -4      1913


SUNRISE AND SUNSET
MARCH  2 2015.........SUNRISE   702 AM CST   SUNSET   624 PM CST
MARCH  3 2015.........SUNRISE   701 AM CST   SUNSET   625 PM CST


-  INDICATES NEGATIVE NUMBERS.
R  INDICATES RECORD WAS SET OR TIED.
MM INDICATES DATA IS MISSING.
T  INDICATES TRACE AMOUNT.




$$
