000
CXUS53 KTOP 011416
CLMCNK
CLIMATE REPORT
NATIONAL WEATHER SERVICE TOPEKA KS
916 AM CDT MON APR 01 2024
...................................
...THE CONCORDIA KS CLIMATE SUMMARY FOR THE MONTH OF MARCH 2024...
CLIMATE NORMAL PERIOD 1991 TO 2020
CLIMATE RECORD PERIOD 1885 TO 2024
WEATHER OBSERVED NORMAL DEPART LAST YEAR`S
VALUE DATE(S) VALUE FROM VALUE
NORMAL
..............................................................
TEMPERATURE (F)
RECORD
HIGH 97 03/21/1907
LOW -11 03/11/1948
HIGHEST 77 03/11 59 18 76
03/29
LOWEST 19 03/27 26 -7 14
AVG. MAXIMUM 60.0 55.4 4.6 53.5
AVG. MINIMUM 34.0 31.7 2.3 30.4
MEAN 47.0 43.5 3.5 41.9
DAYS MAX >= 90 0 0.0 0.0 0
DAYS MAX <= 32 0 1.4 -1.4 0
DAYS MIN <= 32 14 17.1 -3.1 15
DAYS MIN <= 0 0 0.4 -0.4 0
PRECIPITATION (INCHES)
RECORD
MAXIMUM 8.32 1987
MINIMUM 0.00 1920
TOTALS 0.77 1.53 -0.76 0.49
DAILY AVG. 0.02 0.05 -0.03 0.02
DAYS >= .01 5 7.2 -2.2 6
DAYS >= .10 3 3.2 -0.2 2
DAYS >= .50 0 0.9 -0.9 0
DAYS >= 1.00 0 0.3 -0.3 0
GREATEST
24 HR. TOTAL 0.56 03/13 TO 03/14 0.24
SNOWFALL (INCHES)
RECORDS
TOTAL 22.7 1960
TOTALS MM 1.6 MM MM
SINCE 7/1 MM 18.9 MM MM
SNOWDEPTH AVG. MM MM
DAYS >= 1.0 MM 0.4 MM MM
GREATEST
SNOW DEPTH MM MM
24 HR TOTAL MM MM
DEGREE DAYS
HEATING TOTAL 551 667 -116 709
SINCE 7/1 3957 4799 -842 MM
COOLING TOTAL 0 2 -2 0
SINCE 1/1 0 2 -2 MM
..............................................................
WIND (MPH)
AVERAGE WIND SPEED 11.7
HIGHEST WIND SPEED/DIRECTION 37/290 DATE 03/13
HIGHEST GUST SPEED/DIRECTION 54/260 DATE 03/13
SKY COVER
POSSIBLE SUNSHINE (PERCENT) MM
AVERAGE SKY COVER 0.26
NUMBER OF DAYS FAIR 21
NUMBER OF DAYS PC 7
NUMBER OF DAYS CLOUDY 3
AVERAGE RH (PERCENT) 58
WEATHER CONDITIONS. NUMBER OF DAYS WITH
THUNDERSTORM 3 MIXED PRECIP 0
HEAVY RAIN 2 RAIN 2
LIGHT RAIN 5 FREEZING RAIN 0
LT FREEZING RAIN 1 HAIL 0
HEAVY SNOW 0 SNOW 0
LIGHT SNOW 4 SLEET 0
FOG 10 FOG W/VIS <= 1/4 MILE 1
HAZE 2
- INDICATES NEGATIVE NUMBERS.
R INDICATES RECORD WAS SET OR TIED.
MM INDICATES DATA IS MISSING.
T INDICATES TRACE AMOUNT.
$$