000
CXUS53 KICT 011847
CLMCNU
CLIMATE REPORT
NATIONAL WEATHER SERVICE WICHITA KANSAS
1247 PM CST FRI MAR 01 2024
...................................
...THE CHANUTE KS CLIMATE SUMMARY FOR THE MONTH OF FEBRUARY 2024...
CLIMATE NORMAL PERIOD 1991 TO 2020
CLIMATE RECORD PERIOD 1894 TO 2024
WEATHER OBSERVED NORMAL DEPART LAST YEAR`S
VALUE DATE(S) VALUE FROM VALUE DATE(S)
NORMAL
................................................................
TEMPERATURE (F)
RECORD
HIGH 84 02/27/2024
LOW -22 02/16/2021
HIGHEST 84R 02/27 75 02/28
LOWEST 14 02/17 14 02/01
AVG. MAXIMUM 62.0 49.7 12.3 54.8
AVG. MINIMUM 34.8 26.9 7.9 29.0
MEAN 48.4 38.3 10.1 41.9
DAYS MAX >= 90 0 0.0 0.0 0
DAYS MAX <= 32 0 4.0 -4.0 0
DAYS MIN <= 32 12 21.0 -9.0 19
DAYS MIN <= 0 0 0.4 -0.4 0
PRECIPITATION (INCHES)
RECORD
MAXIMUM 8.26 1911
MINIMUM 0.00 2006
TOTALS 1.48 1.56 -0.08 1.33
DAILY AVG. 0.05 NAN NAN 0.05
DAYS >= .01 2 6.0 -4.0 7
DAYS >= .10 2 3.5 -1.5 3
DAYS >= .50 2 0.8 1.2 1
DAYS >= 1.00 0 0.4 -0.4 0
GREATEST
24 HR. TOTAL 1.27 02/03 TO 02/04
DEGREE DAYS
HEATING TOTAL 473 748 -275 638
SINCE 7/1 2888 3423 -535 MM
COOLING TOTAL 0 0 0 0
................................................................
WIND (MPH)
AVERAGE WIND SPEED 10.1
HIGHEST WIND SPEED/DIRECTION 33/270 DATE 02/27
HIGHEST GUST SPEED/DIRECTION 47/270 DATE 02/27
SKY COVER
POSSIBLE SUNSHINE (PERCENT) MM
AVERAGE SKY COVER 0.19
NUMBER OF DAYS FAIR 24
NUMBER OF DAYS PC 2
NUMBER OF DAYS CLOUDY 3
AVERAGE RH (PERCENT) 56
WEATHER CONDITIONS. NUMBER OF DAYS WITH
THUNDERSTORM 1 MIXED PRECIP 0
HEAVY RAIN 1 RAIN 2
LIGHT RAIN 5 FREEZING RAIN 0
LT FREEZING RAIN 0 HAIL 0
HEAVY SNOW 0 SNOW 0
LIGHT SNOW 1 SLEET 0
FOG 5 FOG W/VIS <= 1/4 MILE 1
HAZE 3
- INDICATES NEGATIVE NUMBERS.
R INDICATES RECORD WAS SET OR TIED.
MM INDICATES DATA IS MISSING.
T INDICATES TRACE AMOUNT.
$$