272
CXUS54 KCRP 011300
CF6COT
PRELIMINARY LOCAL CLIMATOLOGICAL DATA (WS FORM: F-6)
STATION: COTULLA
MONTH: JUNE
YEAR: 2020
LATITUDE: 28 27 N
LONGITUDE: 99 13 W
TEMPERATURE IN F: :PCPN: SNOW: WIND :SUNSHINE: SKY :PK WND
================================================================================
1 2 3 4 5 6A 6B 7 8 9 10 11 12 13 14 15 16 17 18
12Z AVG MX 2MIN
DY MAX MIN AVG DEP HDD CDD WTR SNW DPTH SPD SPD DIR MIN PSBL S-S WX SPD DR
================================================================================
1 83 72 78 -6 0 13 0.46 0.0 0 7.6 18 130 M M 5 1 23 130
2 91 71 81 -3 0 16 0.16 0.0 0 7.1 20 140 M M 5 1 26 130
3 93 74 84 0 0 19 0.06 0.0 0 7.3 17 130 M M 6 1 22 130
4 95 73 84 0 0 19 0.00 0.0 0 7.5 16 140 M M 2 1 20 130
5 95 74 85 1 0 20 0.00 0.0 0 8.0 17 130 M M 2 1 21 130
6 97 72 85 1 0 20 0.00 0.0 0 5.4 15 80 M M 1 19 80
7 100 74 87 2 0 22 0.00 0.0 0 4.2 10 130 M M 0 14 90
8 105 76 91 6 0 26 0.00 0.0 0 6.0 18 140 M M 0 23 130
9 102 71 87 2 0 22 0.97 0.0 0 7.5 46 50 M M 2 13 58 50
10 94 73 84 -1 0 19 T 0.0 0 9.6 24 60 M M 1 138 30 50
11 98 67 83 -2 0 18 0.00 0.0 0 7.2 15 90 M M 0 19 100
12 96 66 81 -4 0 16 0.00 0.0 0 5.8 15 90 M M 0 20 70
13 95 66 81 -4 0 16 0.00 0.0 0 7.3 16 110 M M 0 23 70
14 94 64 79 -6 0 14 0.00 0.0 0 6.5 17 110 M M 1 20 110
15 93 72 83 -3 0 18 0.07 0.0 0 7.5 23 130 M M 6 30 110
16 94 74 84 -2 0 19 T 0.0 0 10.5 25 130 M M 3 1 33 130
17 98 74 86 0 0 21 0.00 0.0 0 12.7 23 150 M M 6 29 140
18 98 77 88 2 0 23 0.00 0.0 0 12.2 25 140 M M 4 33 130
19 98 78 88 2 0 23 0.00 0.0 0 13.2 24 130 M M 5 30 130
20 100 76 88 2 0 23 0.00 0.0 0 11.4 22 140 M M 5 27 150
21 101 78 90 4 0 25 0.00 0.0 0 12.3 23 140 M M 2 29 130
22 104 76 90 4 0 25 0.00 0.0 0 11.7 28 140 M M 2 36 140
23 91 71 81 -5 0 16 0.03 0.0 0 8.3 29 40 M M 3 13 38 50
24 99 76 88 2 0 23 0.00 0.0 0 7.3 16 20 M M 2 20 20
25 98 73 86 0 0 21 T 0.0 0 7.0 24 140 M M 2 31 140
26 93 75 84 -2 0 19 0.02 0.0 0 12.0 26 130 M M 6 18 32 110
27 93 77 85 -1 0 20 T 0.0 0 12.5 23 130 M M 7 18 32 140
28 100 80 90 4 0 25 T 0.0 0 11.9 23 140 M M 3 29 130
29 101 79 90 4 0 25 0.00 0.0 0 13.5 22 130 M M 1 27 130
30 102 80 91 5 0 26 0.00 0.0 0 13.6 22 130 M M 2 29 130
================================================================================
SM 2901 2209 0 612 1.77 0.0 274.6 M 84
================================================================================
AV 96.7 73.6 9.2 FASTST M M 3 MAX(MPH)
MISC ----> # 46 50 # 58 50
================================================================================
NOTES:
# LAST OF SEVERAL OCCURRENCES
COLUMN 17 PEAK WIND IN M.P.H.
PRELIMINARY LOCAL CLIMATOLOGICAL DATA (WS FORM: F-6) , PAGE 2
STATION: COTULLA
MONTH: JUNE
YEAR: 2020
LATITUDE: 28 27 N
LONGITUDE: 99 13 W
[TEMPERATURE DATA] [PRECIPITATION DATA] SYMBOLS USED IN COLUMN 16
AVERAGE MONTHLY: 85.2 TOTAL FOR MONTH: 1.77 1 = FOG OR MIST
DPTR FM NORMAL: -0.0 DPTR FM NORMAL: -1.09 2 = FOG REDUCING VISIBILITY
HIGHEST: 105 ON 8 GRTST 24HR 0.97 ON 9- 9 TO 1/4 MILE OR LESS
LOWEST: 64 ON 14 3 = THUNDER
SNOW, ICE PELLETS, HAIL 4 = ICE PELLETS
TOTAL MONTH: 0.0 INCH 5 = HAIL
GRTST 24HR 0.0 6 = FREEZING RAIN OR DRIZZLE
GRTST DEPTH: 0 7 = DUSTSTORM OR SANDSTORM:
VSBY 1/2 MILE OR LESS
8 = SMOKE OR HAZE
[NO. OF DAYS WITH] [WEATHER - DAYS WITH] 9 = BLOWING SNOW
X = TORNADO
MAX 32 OR BELOW: 0 0.01 INCH OR MORE: 7
MAX 90 OR ABOVE: 29 0.10 INCH OR MORE: 3
MIN 32 OR BELOW: 0 0.50 INCH OR MORE: 1
MIN 0 OR BELOW: 0 1.00 INCH OR MORE: 0
[HDD (BASE 65) ]
TOTAL THIS MO. 0 CLEAR (SCALE 0-3) 19
DPTR FM NORMAL 0 PTCLDY (SCALE 4-7) 11
TOTAL FM JUL 1 793 CLOUDY (SCALE 8-10) 0
DPTR FM NORMAL -301
[CDD (BASE 65) ]
TOTAL THIS MO. 612
DPTR FM NORMAL 6 [PRESSURE DATA]
TOTAL FM JAN 1 1822 HIGHEST SLP 30.23 ON 12
DPTR FM NORMAL 322 LOWEST SLP 29.54 ON 8
[REMARKS]
#FINAL-06-20#