000
CXUS53 KLSX 011500
CF6CPS
PRELIMINARY LOCAL CLIMATOLOGICAL DATA (WS FORM: F-6)
STATION: CAHOKIA/ST. LOUIS
MONTH: FEBRUARY
YEAR: 2024
LATITUDE: 38 34 N
LONGITUDE: 90 9 W
TEMPERATURE IN F: :PCPN: SNOW: WIND :SUNSHINE: SKY :PK WND
================================================================================
1 2 3 4 5 6A 6B 7 8 9 10 11 12 13 14 15 16 17 18
12Z AVG MX 2MIN
DY MAX MIN AVG DEP HDD CDD WTR SNW DPTH SPD SPD DIR MIN PSBL S-S WX SPD DR
================================================================================
1 70 33 52 19 13 0 0.00 0.0 0 3.4 8 190 M M 1 15 250
2 51 35 43 10 22 0 M M M 5.4 10 80 M M 6 1 M M
3 58 33 46 12 19 0 0.00 0.0 0 7.9 15 80 M M 0 1 20 90
4 56 38 47 13 18 0 0.00 0.0 0 8.9 16 10 M M 1 21 20
5 57 30 44 10 21 0 0.00 0.0 0 7.1 15 10 M M 0 20 10
6 59 26 43 9 22 0 0.00 0.0 0 1.8 9 100 M M 0 18 14 10
7 60 31 46 12 19 0 0.00 0.0 0 6.6 16 160 M M 0 18 22 170
8 66 43 55 20 10 0 0.00 0.0 0 10.7 22 170 M M 2 35 170
9 67 47 57 22 8 0 T 0.0 0 6.1 15 200 M M 1 23 200
10 58 32 45 10 20 0 0.00 0.0 0 9.0 22 350 M M 1 27 340
11 51 29 40 5 25 0 0.00 0.0 0 6.5 14 360 M M 1 21 10
12 49 27 38 2 27 0 0.00 0.0 0 7.5 22 350 M M 3 18 26 360
13 59 27 43 7 22 0 0.00 0.0 0 4.9 13 160 M M 0 20 200
14 62 30 46 10 19 0 0.00 0.0 0 4.1 13 150 M M 0 18 150
15 54 36 45 8 20 0 0.02 M M 9.7 24 340 M M 1 32 320
16 41 25 33 -4 32 0 0.15 M M 14.3 24 340 M M 8 12 32 340
17 26 15 21 -16 44 0 0.00 M M 8.9 20 340 M M 0 30 350
18 49 21 35 -3 30 0 0.00 0.0 M 6.1 14 280 M M 0 20 290
19 58 21 40 2 25 0 0.00 0.0 M 3.1 10 130 M M 0 14 120
20 66 27 47 9 18 0 0.00 0.0 0 4.6 14 160 M M 0 19 150
21 73 34 54 16 11 0 0.00 0.0 0 6.9 15 160 M M 1 8 23 190
22 66 38 52 13 13 0 0.00 0.0 0 5.0 17 10 M M 5 18 22 350
23 64 36 50 11 15 0 M M M 11.4 24 300 M M 1 1 36 290
24 49 34 42 3 23 0 0.00 0.0 0 9.3 23 350 M M 3 30 360
25 74 33 54 14 11 0 0.00 M M 5.1 16 210 M M 0 23 210
26 80 33 57 17 8 0 M M M 7.1 23 170 M M 0 34 190
27 86 47 67 27 0 2 0.00 M M 10.1 28 300 M M 1 39 240
28 46 24 35 -6 30 0 M M M 15.1 33 310 M M 2 47 330
29 52 20 36 -5 29 0 0.00 M M 5.6 16 140 M M 0 21 150
================================================================================
SM 1707 905 574 2 0.17 0.0 212.2 M 38
================================================================================
AV 58.9 31.2 7.3 FASTST M M 1 MAX(MPH)
MISC ----> 33 310 47 330
================================================================================
NOTES:
# LAST OF SEVERAL OCCURRENCES
COLUMN 17 PEAK WIND IN M.P.H.
PRELIMINARY LOCAL CLIMATOLOGICAL DATA (WS FORM: F-6) , PAGE 2
STATION: CAHOKIA/ST. LOUIS
MONTH: FEBRUARY
YEAR: 2024
LATITUDE: 38 34 N
LONGITUDE: 90 9 W
[TEMPERATURE DATA] [PRECIPITATION DATA] SYMBOLS USED IN COLUMN 16
AVERAGE MONTHLY: 45.0 TOTAL FOR MONTH: 0.17 1 = FOG OR MIST
DPTR FM NORMAL: 8.4 DPTR FM NORMAL: -1.79 2 = FOG REDUCING VISIBILITY
HIGHEST: 86 ON 27 GRTST 24HR 0.15 ON 16-16 TO 1/4 MILE OR LESS
LOWEST: 15 ON 17 3 = THUNDER
SNOW, ICE PELLETS, HAIL 4 = ICE PELLETS
TOTAL MONTH: 0.0 INCH 5 = HAIL
GRTST 24HR 0.0 6 = FREEZING RAIN OR DRIZZLE
GRTST DEPTH: 0 7 = DUSTSTORM OR SANDSTORM:
VSBY 1/2 MILE OR LESS
8 = SMOKE OR HAZE
[NO. OF DAYS WITH] [WEATHER - DAYS WITH] 9 = BLOWING SNOW
X = TORNADO
MAX 32 OR BELOW: 1 0.01 INCH OR MORE: 2
MAX 90 OR ABOVE: 0 0.10 INCH OR MORE: 1
MIN 32 OR BELOW: 15 0.50 INCH OR MORE: 0
MIN 0 OR BELOW: 0 1.00 INCH OR MORE: 0
[HDD (BASE 65) ]
TOTAL THIS MO. 574 CLEAR (SCALE 0-3) 26
DPTR FM NORMAL -221 PTCLDY (SCALE 4-7) 2
TOTAL FM JUL 1 3071 CLOUDY (SCALE 8-10) 1
DPTR FM NORMAL -568
[CDD (BASE 65) ]
TOTAL THIS MO. 2
DPTR FM NORMAL 2 [PRESSURE DATA]
TOTAL FM JAN 1 2 HIGHEST SLP 30.54 ON 29
DPTR FM NORMAL 2 LOWEST SLP 29.28 ON 27
[REMARKS]
#FINAL-02-24#