912
CXUS54 KFWD 110128
CF6CPT
PRELIMINARY LOCAL CLIMATOLOGICAL DATA (WS FORM: F-6)
STATION: CLEBURNE
MONTH: JUNE
YEAR: 2020
LATITUDE: 32 20 N
LONGITUDE: 97 24 W
TEMPERATURE IN F: :PCPN: SNOW: WIND :SUNSHINE: SKY :PK WND
================================================================================
1 2 3 4 5 6A 6B 7 8 9 10 11 12 13 14 15 16 17 18
12Z AVG MX 2MIN
DY MAX MIN AVG DEP HDD CDD WTR SNW DPTH SPD SPD DIR MIN PSBL S-S WX SPD DR
================================================================================
1 84 70 77 0 0 12 0.00 0.0 0 7.7 12 110 M M 1 14 110
2 88 68 78 1 0 13 0.00 0.0 0 7.6 12 160 M M 2 8 20 170
3 91 72 82 5 0 17 0.00 0.0 0 8.0 10 170 M M 0 18 14 99
4 95 73 84 6 0 19 0.00 0.0 0 9.4 16 160 M M 0 20 150
5 93 75 84 6 0 19 0.00 0.0 0 7.8 12 140 M M 1 20 160
6 95 70 83 5 0 18 0.00 0.0 0 4.4 12 120 M M 1 14 99
7 91 73 82 4 0 17 0.00 0.0 0 7.6 13 60 M M 1 17 90
8 95 72 84 5 0 19 0.00 0.0 0 4.3 8 140 M M 1 14 0
9 97 70 84 5 0 19 0.00 0.0 0 12.5 22 340 M M 0 33 340
10 88 57 73 -6 0 8 0.00 0.0 0 10.2 20 340 M M 0 27 340
11 91 63 77 -2 0 12 0.00 0.0 0 5.2 14 70 M M 0 14 90
12 91 61 76 -4 0 11 0.00 0.0 0 6.9 13 100 M M 0 15 100
13 93 64 79 -1 0 14 0.00 0.0 0 6.0 13 130 M M 0 15 99
14 91 70 81 1 0 16 0.00 0.0 0 7.1 16 130 M M 0 21 90
15 95 72 84 4 0 19 0.00 0.0 0 7.0 14 120 M M 2 21 100
16 93 72 83 3 0 18 0.00 0.0 0 8.8 15 170 M M 0 23 170
17 95 70 83 3 0 18 0.00 0.0 0 11.2 18 170 M M 0 24 170
18 95 72 84 3 0 19 0.00 0.0 0 13.5 18 140 M M 1 27 140
19 95 66 81 0 0 16 0.12 0.0 0 14.3 27 30 M M 4 13 37 30
20 90 64 77 -4 0 12 0.27 0.0 0 7.1 10 140 M M 5 13 17 160
21 86 68 77 -4 0 12 M 0.0 0 10.8 22 10 M M 1 33 10
22 90 68 79 -2 0 14 0.01 0.0 0 12.7 25 40 M M 2 3 35 40
23 79 68 74 -8 0 9 0.47 0.0 0 10.5 21 180 M M 6 3 37 180
24 90 70 80 -2 0 15 0.00 0.0 0 8.5 13 50 M M 3 15 20
25 90 72 81 -1 0 16 0.00 0.0 0 5.9 12 120 M M 3 15 70
26 90 72 81 -1 0 16 0.00 0.0 0 12.6 22 190 M M 4 8 33 190
27 93 72 83 1 0 18 0.00 0.0 0 13.7 21 170 M M 3 8 30 190
28 90 77 84 2 0 19 0.00 0.0 0 15.3 22 180 M M 5 31 180
29 93 79 86 4 0 21 0.00 0.0 0 17.7 21 170 M M 5 33 170
30 91 79 85 3 0 20 0.00 0.0 0 15.1 21 170 M M 4 27 160
================================================================================
SM 2738 2099 0 476 0.87 0.0 289.4 M 55
================================================================================
AV 91.3 70.0 9.6 FASTST M M 2 MAX(MPH)
MISC ----> # 27 30 # 37 30
================================================================================
NOTES:
# LAST OF SEVERAL OCCURRENCES
COLUMN 17 PEAK WIND IN M.P.H.
PRELIMINARY LOCAL CLIMATOLOGICAL DATA (WS FORM: F-6) , PAGE 2
STATION: CLEBURNE
MONTH: JUNE
YEAR: 2020
LATITUDE: 32 20 N
LONGITUDE: 97 24 W
[TEMPERATURE DATA] [PRECIPITATION DATA] SYMBOLS USED IN COLUMN 16
AVERAGE MONTHLY: 80.6 TOTAL FOR MONTH: 0.87 1 = FOG OR MIST
DPTR FM NORMAL: 0.6 DPTR FM NORMAL: -3.40 2 = FOG REDUCING VISIBILITY
HIGHEST: 97 ON 9 GRTST 24HR 0.47 ON 23-23 TO 1/4 MILE OR LESS
LOWEST: 57 ON 10 3 = THUNDER
SNOW, ICE PELLETS, HAIL 4 = ICE PELLETS
TOTAL MONTH: 0.0 INCH 5 = HAIL
GRTST 24HR 0.0 6 = FREEZING RAIN OR DRIZZLE
GRTST DEPTH: 0 7 = DUSTSTORM OR SANDSTORM:
VSBY 1/2 MILE OR LESS
8 = SMOKE OR HAZE
[NO. OF DAYS WITH] [WEATHER - DAYS WITH] 9 = BLOWING SNOW
X = TORNADO
MAX 32 OR BELOW: 0 0.01 INCH OR MORE: 4
MAX 90 OR ABOVE: 25 0.10 INCH OR MORE: 3
MIN 32 OR BELOW: 0 0.50 INCH OR MORE: 0
MIN 0 OR BELOW: 0 1.00 INCH OR MORE: 0
[HDD (BASE 65) ]
TOTAL THIS MO. 0 CLEAR (SCALE 0-3) 22
DPTR FM NORMAL 0 PTCLDY (SCALE 4-7) 8
TOTAL FM JUL 1 2118 CLOUDY (SCALE 8-10) 0
DPTR FM NORMAL -332
[CDD (BASE 65) ]
TOTAL THIS MO. 476
DPTR FM NORMAL 26 [PRESSURE DATA]
TOTAL FM JAN 1 912 HIGHEST SLP M ON M
DPTR FM NORMAL 100 LOWEST SLP M ON M
[REMARKS]
#FINAL-06-20#