000
CXUS54 KFWD 010730
CF6CPT
PRELIMINARY LOCAL CLIMATOLOGICAL DATA (WS FORM: F-6)
STATION: CLEBURNE
MONTH: MARCH
YEAR: 2020
LATITUDE: 32 20 N
LONGITUDE: 97 24 W
TEMPERATURE IN F: :PCPN: SNOW: WIND :SUNSHINE: SKY :PK WND
================================================================================
1 2 3 4 5 6A 6B 7 8 9 10 11 12 13 14 15 16 17 18
12Z AVG MX 2MIN
DY MAX MIN AVG DEP HDD CDD WTR SNW DPTH SPD SPD DIR MIN PSBL S-S WX SPD DR
================================================================================
1 72 55 64 12 1 0 0.00 0.0 0 15.5 24 200 M M 2 33 200
2 70 57 64 12 1 0 0.00 0.0 0 5.1 10 170 M M 4 18 M M
3 72 55 64 12 1 0 0.00 0.0 0 6.5 15 30 M M 3 1 14 270
4 59 48 54 2 11 0 1.05 0.0 0 16.6 27 70 M M 8 13 37 70
5 72 43 58 5 7 0 0.00 0.0 0 9.3 14 320 M M 1 14 340
6 66 41 54 1 11 0 0.00 0.0 0 7.6 14 50 M M 0 20 60
7 63 45 54 1 11 0 0.00 0.0 0 10.9 20 140 M M 1 27 140
8 70 45 58 4 7 0 0.00 0.0 0 14.6 21 160 M M 7 1 30 170
9 73 61 67 13 0 2 0.00 0.0 0 13.3 21 160 M M 7 1 29 160
10 77 52 65 11 0 0 0.00 0.0 0 7.9 16 170 M M 3 18 22 170
11 84 63 74 20 0 9 0.00 0.0 0 10.0 13 160 M M 0 18 20 230
12 84 64 74 19 0 9 0.00 0.0 0 11.5 17 200 M M 2 18 23 200
13 72 59 66 11 0 1 0.17 0.0 0 8.9 14 120 M M 8 1 21 10
14 73 55 64 9 1 0 0.00 0.0 0 12.0 18 150 M M 9 18 27 150
15 59 50 55 -1 10 0 0.20 0.0 0 11.0 15 30 M M 9 13 21 20
16 70 54 62 6 3 0 0.21 0.0 0 7.0 16 110 M M 8 138 24 110
17 75 61 68 12 0 3 0.10 0.0 0 8.6 14 150 M M 9 128 21 150
18 77 64 71 15 0 6 0.31 0.0 0 13.2 18 150 M M 7 138 24 150
19 81 64 73 16 0 8 0.06 0.0 0 12.5 22 150 M M 6 138 31 150
20 64 45 55 -2 10 0 0.06 0.0 0 12.9 22 340 M M 7 18 29 340
21 59 39 49 -8 16 0 0.01 0.0 0 9.8 17 130 M M 6 13 20 120
22 59 52 56 -2 9 0 0.04 0.0 0 4.0 9 160 M M 10 12 M M
23 70 59 65 7 0 0 0.00 0.0 0 6.7 13 140 M M 10 12 M M
24 82 63 73 15 0 8 0.00 0.0 0 9.7 15 310 M M 3 1 21 180
25 90 52 71 13 0 6 0.00 0.0 0 7.0 17 170 M M 0 8 23 170
26 79 63 71 12 0 6 0.00 0.0 0 11.5 17 170 M M 0 18 29 230
27 82 66 74 15 0 9 0.00 0.0 0 12.9 27 180 M M 3 18 35 180
28 73 55 64 4 1 0 0.11 0.0 0 9.9 17 290 M M 1 138 29 290
29 68 48 58 -2 7 0 0.00 0.0 0 5.8 12 10 M M 3 M M
30 63 55 59 -1 6 0 0.05 0.0 0 11.2 24 110 M M 9 1 30 110
31 66 52 59 -1 6 0 0.00 0.0 0 9.6 18 350 M M 6 18 27 340
================================================================================
SM 2224 1685 119 67 2.37 0.0 313.0 M 152
================================================================================
AV 71.7 54.4 10.1 FASTST M M 5 MAX(MPH)
MISC ----> # 27 70 # 37 70
================================================================================
NOTES:
# LAST OF SEVERAL OCCURRENCES
COLUMN 17 PEAK WIND IN M.P.H.
PRELIMINARY LOCAL CLIMATOLOGICAL DATA (WS FORM: F-6) , PAGE 2
STATION: CLEBURNE
MONTH: MARCH
YEAR: 2020
LATITUDE: 32 20 N
LONGITUDE: 97 24 W
[TEMPERATURE DATA] [PRECIPITATION DATA] SYMBOLS USED IN COLUMN 16
AVERAGE MONTHLY: 63.1 TOTAL FOR MONTH: 2.37 1 = FOG OR MIST
DPTR FM NORMAL: 7.1 DPTR FM NORMAL: -1.27 2 = FOG REDUCING VISIBILITY
HIGHEST: 90 ON 25 GRTST 24HR 1.05 ON 4- 4 TO 1/4 MILE OR LESS
LOWEST: 39 ON 21 3 = THUNDER
SNOW, ICE PELLETS, HAIL 4 = ICE PELLETS
TOTAL MONTH: 0.0 INCH 5 = HAIL
GRTST 24HR 0.0 6 = FREEZING RAIN OR DRIZZLE
GRTST DEPTH: 0 7 = DUSTSTORM OR SANDSTORM:
VSBY 1/2 MILE OR LESS
8 = SMOKE OR HAZE
[NO. OF DAYS WITH] [WEATHER - DAYS WITH] 9 = BLOWING SNOW
X = TORNADO
MAX 32 OR BELOW: 0 0.01 INCH OR MORE: 12
MAX 90 OR ABOVE: 1 0.10 INCH OR MORE: 7
MIN 32 OR BELOW: 0 0.50 INCH OR MORE: 1
MIN 0 OR BELOW: 0 1.00 INCH OR MORE: 1
[HDD (BASE 65) ]
TOTAL THIS MO. 119 CLEAR (SCALE 0-3) 12
DPTR FM NORMAL -183 PTCLDY (SCALE 4-7) 13
TOTAL FM JUL 1 1981 CLOUDY (SCALE 8-10) 6
DPTR FM NORMAL -363
[CDD (BASE 65) ]
TOTAL THIS MO. 67
DPTR FM NORMAL 48 [PRESSURE DATA]
TOTAL FM JAN 1 75 HIGHEST SLP M ON M
DPTR FM NORMAL 52 LOWEST SLP M ON M
[REMARKS]
#FINAL-03-20#