000
CXUS56 KLOX 011155
CF6CQT
PRELIMINARY LOCAL CLIMATOLOGICAL DATA (WS FORM: F-6)
STATION: DOWNTOWN LOS ANGELES (USC) CA
MONTH: MARCH
YEAR: 2023
LATITUDE: 34 1 N
LONGITUDE: 118 17 W
TEMPERATURE IN F: :PCPN: SNOW: WIND :SUNSHINE: SKY :PK WND
================================================================================
1 2 3 4 5 6A 6B 7 8 9 10 11 12 13 14 15 16 17 18
12Z AVG MX 2MIN
DY MAX MIN AVG DEP HDD CDD WTR SNW DPTH SPD SPD DIR MIN PSBL S-S WX SPD DR
================================================================================
1 57 49 53 -7 12 0 0.27 M M 5.9 15 340 M M 5 1 31 330
2 63 44 54 -6 11 0 0.00 M M 1.7 9 340 M M 0 17 330
3 63 44 54 -6 11 0 0.00 M M 0.9 8 270 M M 0 1 16 270
4 61 46 54 -6 11 0 0.00 M M 1.2 9 90 M M 5 1 16 260
5 60 49 55 -5 10 0 0.05 M M 1.4 9 270 M M 8 18 16 270
6 62 48 55 -5 10 0 0.01 M M 1.3 10 260 M M 3 1 18 280
7 63 46 55 -5 10 0 0.00 M M 2.0 12 260 M M 0 17 260
8 62 49 56 -4 9 0 0.00 M M 1.8 9 260 M M 2 8 15 270
9 68 47 58 -3 7 0 0.00 M M 1.2 10 260 M M 2 17 270
10 57 52 55 -6 10 0 0.81 M M 5.5 10 100 M M 10 1 15 110
11 64 57 61 0 4 0 0.12 M M 1.8 7 100 M M 10 1 12 90
12 64 55 60 -1 5 0 0.00 M M 0.5 8 270 M M 10 1 13 260
13 67 55 61 0 4 0 0.00 M M 1.5 9 260 M M 8 1 16 260
14 60 56 58 -3 7 0 1.89 M M 3.9 10 90 M M 9 1 16 100
15 62 55 59 -2 6 0 1.22 M M 3.6 10 100 M M 10 1 15 90
16 62 52 57 -4 8 0 0.00 M M 1.2 7 260 M M 7 13 260
17 67 48 58 -3 7 0 0.00 M M 1.1 8 260 M M 1 1 13 270
18 77 51 64 3 1 0 0.00 M M 2.0 9 270 M M 0 1 14 270
19 64 54 59 -2 6 0 0.10 M M 3.2 12 100 M M 9 18 19 140
20 64 54 59 -3 6 0 0.13 M M 1.3 8 250 M M 9 1 14 260
21 62 48 55 -7 10 0 1.43 M M 5.1 17 90 M M 10 18 26 120
22 60 47 54 -8 11 0 0.33 M M 2.6 8 100 M M 8 1 14 110
23 62 51 57 -5 8 0 0.02 M M 1.4 10 260 M M 8 1 17 270
24 67 54 61 -1 4 0 0.00 M M 5.4 14 260 M M 0 22 300
25 65 49 57 -5 8 0 0.00 M M 2.1 10 340 M M 1 19 270
26 68 51 60 -2 5 0 0.00 M M 4.6 13 280 M M 0 24 280
27 73 48 61 -1 4 0 0.00 M M 2.2 9 260 M M 0 16 260
28 72 52 62 0 3 0 T M M 2.0 10 270 M M 1 17 260
29 61 48 55 -7 10 0 0.92 M M 4.1 13 100 M M 7 1 22 260
30 60 47 54 -8 11 0 0.41 M M 2.4 10 270 M M 6 1 17 270
31 65 46 56 -6 9 0 0.00 M M 1.9 9 260 M M 0 17 270
================================================================================
SM 1982 1552 238 0 7.71 M 76.8 M 149
================================================================================
AV 63.9 50.1 2.5 FASTST M M 5 MAX(MPH)
MISC ----> 17 90 31 330
================================================================================
NOTES:
# LAST OF SEVERAL OCCURRENCES
COLUMN 17 PEAK WIND IN M.P.H.
PRELIMINARY LOCAL CLIMATOLOGICAL DATA (WS FORM: F-6) , PAGE 2
STATION: DOWNTOWN LOS ANGELES (USC) CA
MONTH: MARCH
YEAR: 2023
LATITUDE: 34 1 N
LONGITUDE: 118 17 W
[TEMPERATURE DATA] [PRECIPITATION DATA] SYMBOLS USED IN COLUMN 16
AVERAGE MONTHLY: 57.0 TOTAL FOR MONTH: 7.71 1 = FOG OR MIST
DPTR FM NORMAL: -4.1 DPTR FM NORMAL: 5.48 2 = FOG REDUCING VISIBILITY
HIGHEST: 77 ON 18 GRTST 24HR 3.08 ON 14-15 TO 1/4 MILE OR LESS
LOWEST: 44 ON 3, 2 3 = THUNDER
SNOW, ICE PELLETS, HAIL 4 = ICE PELLETS
TOTAL MONTH: M 5 = HAIL
GRTST 24HR M ON M 6 = FREEZING RAIN OR DRIZZLE
GRTST DEPTH: M ON M 7 = DUSTSTORM OR SANDSTORM:
VSBY 1/2 MILE OR LESS
8 = SMOKE OR HAZE
[NO. OF DAYS WITH] [WEATHER - DAYS WITH] 9 = BLOWING SNOW
X = TORNADO
MAX 32 OR BELOW: 0 0.01 INCH OR MORE: 14
MAX 90 OR ABOVE: 0 0.10 INCH OR MORE: 11
MIN 32 OR BELOW: 0 0.50 INCH OR MORE: 5
MIN 0 OR BELOW: 0 1.00 INCH OR MORE: 3
[HDD (BASE 65) ]
TOTAL THIS MO. 238 CLEAR (SCALE 0-3) 14
DPTR FM NORMAL 97 PTCLDY (SCALE 4-7) 9
TOTAL FM JUL 1 1140 CLOUDY (SCALE 8-10) 8
DPTR FM NORMAL 263
[CDD (BASE 65) ]
TOTAL THIS MO. 0
DPTR FM NORMAL -22 [PRESSURE DATA]
TOTAL FM JAN 1 0 HIGHEST SLP M ON M
DPTR FM NORMAL -42 LOWEST SLP 29.68 ON 21
[REMARKS]
#FINAL-03-23#