000
CXUS56 KLOX 011655
CF6CQT
PRELIMINARY LOCAL CLIMATOLOGICAL DATA (WS FORM: F-6)
STATION: DOWNTOWN LOS ANGELES (USC) CA
MONTH: JUNE
YEAR: 2020
LATITUDE: 34 1 N
LONGITUDE: 118 17 W
TEMPERATURE IN F: :PCPN: SNOW: WIND :SUNSHINE: SKY :PK WND
================================================================================
1 2 3 4 5 6A 6B 7 8 9 10 11 12 13 14 15 16 17 18
12Z AVG MX 2MIN
DY MAX MIN AVG DEP HDD CDD WTR SNW DPTH SPD SPD DIR MIN PSBL S-S WX SPD DR
================================================================================
1 81 61 71 4 0 6 0.00 0.0 0 1.5 9 260 M M 0 16 260
2 83 62 73 6 0 8 0.00 0.0 0 1.0 8 260 M M 0 11 260
3 91 64 78 11 0 13 0.00 0.0 0 1.6 9 270 M M 0 16 270
4 79 64 72 5 0 7 0.00 0.0 0 1.4 7 150 M M 5 8 11 170
5 73 64 69 2 0 4 0.00 0.0 0 1.7 10 260 M M 10 17 270
6 74 62 68 0 0 3 0.00 0.0 0 2.5 9 260 M M 6 14 270
7 77 62 70 2 0 5 0.00 0.0 0 3.8 13 350 M M 1 22 360
8 88 65 77 9 0 12 0.00 0.0 0 2.5 14 360 M M 0 26 360
9 98 66 82 14 0 17 0.00 0.0 0 1.7 14 260 M M 0 22 270
10 98 67 83 15 0 18 0.00 0.0 0 2.5 12 260 M M 0 19 260
11 91 63 77 9 0 12 0.00 0.0 0 2.0 10 270 M M 0 8 15 270
12 79 62 71 3 0 6 0.00 0.0 0 1.7 10 270 M M 3 20 270
13 77 62 70 1 0 5 0.00 0.0 0 3.0 13 260 M M 0 23 260
14 80 61 71 2 0 6 0.00 0.0 0 3.3 10 260 M M 0 16 260
15 80 62 71 2 0 6 0.00 0.0 0 1.6 10 260 M M 1 17 270
16 76 64 70 1 0 5 0.00 0.0 0 2.4 9 260 M M 6 15 270
17 75 64 70 1 0 5 0.00 0.0 0 2.0 9 270 M M 7 14 260
18 73 63 68 -2 0 3 0.00 0.0 0 2.0 10 270 M M 6 8 15 270
19 76 63 70 0 0 5 0.00 0.0 0 1.9 9 270 M M 6 8 14 260
20 72 64 68 -2 0 3 0.00 0.0 0 2.3 10 270 M M 8 16 260
21 76 64 70 0 0 5 0.00 0.0 0 2.2 9 260 M M 6 8 17 280
22 80 64 72 2 0 7 0.00 0.0 0 2.3 10 270 M M 5 8 15 280
23 78 63 71 0 0 6 0.00 0.0 0 1.4 9 260 M M 6 8 15 270
24 79 62 71 0 0 6 0.00 0.0 0 2.2 9 260 M M 6 8 14 260
25 78 64 71 0 0 6 0.00 0.0 0 1.8 9 270 M M 5 17 270
26 76 62 69 -2 0 4 0.00 0.0 0 2.2 9 270 M M 5 18 15 260
27 77 62 70 -1 0 5 0.00 0.0 0 2.2 9 260 M M 5 8 16 260
28 72 64 68 -4 0 3 0.00 0.0 0 2.4 7 260 M M 10 12 270
29 74 63 69 -3 0 4 0.00 0.0 0 2.4 9 270 M M 6 17 280
30 75 61 68 -4 0 3 0.00 0.0 0 1.6 9 260 M M 3 16 270
================================================================================
SM 2386 1894 0 198 0.00 0.0 63.1 M 116
================================================================================
AV 79.5 63.1 2.1 FASTST M M 4 MAX(MPH)
MISC ----> # 14 360 # 26 360
================================================================================
NOTES:
# LAST OF SEVERAL OCCURRENCES
COLUMN 17 PEAK WIND IN M.P.H.
PRELIMINARY LOCAL CLIMATOLOGICAL DATA (WS FORM: F-6) , PAGE 2
STATION: DOWNTOWN LOS ANGELES (USC) CA
MONTH: JUNE
YEAR: 2020
LATITUDE: 34 1 N
LONGITUDE: 118 17 W
[TEMPERATURE DATA] [PRECIPITATION DATA] SYMBOLS USED IN COLUMN 16
AVERAGE MONTHLY: 71.3 TOTAL FOR MONTH: 0.00 1 = FOG OR MIST
DPTR FM NORMAL: 2.1 DPTR FM NORMAL: -0.09 2 = FOG REDUCING VISIBILITY
HIGHEST: 98 ON 10, 9 GRTST 24HR 0.00 ON 30-30 TO 1/4 MILE OR LESS
LOWEST: 61 ON 30,14 3 = THUNDER
SNOW, ICE PELLETS, HAIL 4 = ICE PELLETS
TOTAL MONTH: 0.0 INCH 5 = HAIL
GRTST 24HR 0.0 6 = FREEZING RAIN OR DRIZZLE
GRTST DEPTH: 0 7 = DUSTSTORM OR SANDSTORM:
VSBY 1/2 MILE OR LESS
8 = SMOKE OR HAZE
[NO. OF DAYS WITH] [WEATHER - DAYS WITH] 9 = BLOWING SNOW
X = TORNADO
MAX 32 OR BELOW: 0 0.01 INCH OR MORE: 0
MAX 90 OR ABOVE: 4 0.10 INCH OR MORE: 0
MIN 32 OR BELOW: 0 0.50 INCH OR MORE: 0
MIN 0 OR BELOW: 0 1.00 INCH OR MORE: 0
[HDD (BASE 65) ]
TOTAL THIS MO. 0 CLEAR (SCALE 0-3) 13
DPTR FM NORMAL -8 PTCLDY (SCALE 4-7) 14
TOTAL FM JUL 1 634 CLOUDY (SCALE 8-10) 3
DPTR FM NORMAL -450
[CDD (BASE 65) ]
TOTAL THIS MO. 198
DPTR FM NORMAL 64 [PRESSURE DATA]
TOTAL FM JAN 1 538 HIGHEST SLP M ON M
DPTR FM NORMAL 250 LOWEST SLP 29.72 ON 28
[REMARKS]
#FINAL-06-20#